57.129.16.41 - - [03/Jul/2025:01:26:43 +0300] "HEAD /_db_server-3-realbeto/realbet_blog/wp_term_taxonomy.sql HTTP/1.1" 200 -
57.129.16.41 - - [03/Jul/2025:01:26:43 +0300] "GET /_db_server-3-realbeto/realbet_blog/wp_term_taxonomy.sql HTTP/1.1" 200 2354
51.89.167.1 - - [03/Jul/2025:01:26:43 +0300] "HEAD /_db_server-3-realbeto/performance_schema/file_instances.sql HTTP/1.1" 200 -
51.89.167.1 - - [03/Jul/2025:01:26:43 +0300] "GET /_db_server-3-realbeto/performance_schema/file_instances.sql HTTP/1.1" 200 1782
57.129.16.41 - - [03/Jul/2025:01:26:43 +0300] "HEAD /_db_server-3-realbeto/realbet_blog/wp_termmeta.sql HTTP/1.1" 200 -
57.129.16.41 - - [03/Jul/2025:01:26:43 +0300] "GET /_db_server-3-realbeto/realbet_blog/wp_termmeta.sql HTTP/1.1" 200 1645
51.89.167.1 - - [03/Jul/2025:01:26:43 +0300] "HEAD /_db_server-3-realbeto/performance_schema/file_summary_by_event_name.sql HTTP/1.1" 200 -
57.129.16.41 - - [03/Jul/2025:01:26:43 +0300] "HEAD /_db_server-3-realbeto/realbet_blog/wp_terms.sql HTTP/1.1" 200 -
51.89.167.1 - - [03/Jul/2025:01:26:43 +0300] "GET /_db_server-3-realbeto/performance_schema/file_summary_by_event_name.sql HTTP/1.1" 200 4325
57.129.16.41 - - [03/Jul/2025:01:26:43 +0300] "GET /_db_server-3-realbeto/realbet_blog/wp_terms.sql HTTP/1.1" 200 2128
51.89.167.1 - - [03/Jul/2025:01:26:43 +0300] "HEAD /_db_server-3-realbeto/performance_schema/file_summary_by_instance.sql HTTP/1.1" 200 -
57.129.16.41 - - [03/Jul/2025:01:26:43 +0300] "HEAD /_db_server-3-realbeto/realbet_blog/wp_userfeedback_survey_responses.sql HTTP/1.1" 200 -
51.89.167.1 - - [03/Jul/2025:01:26:43 +0300] "GET /_db_server-3-realbeto/performance_schema/file_summary_by_instance.sql HTTP/1.1" 200 4524
57.129.16.41 - - [03/Jul/2025:01:26:43 +0300] "GET /_db_server-3-realbeto/realbet_blog/wp_userfeedback_survey_responses.sql HTTP/1.1" 200 2127
57.129.16.41 - - [03/Jul/2025:01:26:44 +0300] "HEAD /_db_server-3-realbeto/realbet_blog/wp_userfeedback_surveys.sql HTTP/1.1" 200 -
57.129.16.41 - - [03/Jul/2025:01:26:44 +0300] "GET /_db_server-3-realbeto/realbet_blog/wp_userfeedback_surveys.sql HTTP/1.1" 200 1878
51.89.167.1 - - [03/Jul/2025:01:26:44 +0300] "HEAD /_db_server-3-realbeto/performance_schema/global_status.sql HTTP/1.1" 200 -
51.89.167.1 - - [03/Jul/2025:01:26:44 +0300] "GET /_db_server-3-realbeto/performance_schema/global_status.sql HTTP/1.1" 200 1655
57.129.16.41 - - [03/Jul/2025:01:26:44 +0300] "HEAD /_db_server-3-realbeto/realbet_blog/wp_usermeta.sql HTTP/1.1" 200 -
57.129.16.41 - - [03/Jul/2025:01:26:44 +0300] "GET /_db_server-3-realbeto/realbet_blog/wp_usermeta.sql HTTP/1.1" 200 7738
51.89.167.1 - - [03/Jul/2025:01:26:44 +0300] "HEAD /_db_server-3-realbeto/performance_schema/host_cache.sql HTTP/1.1" 200 -
57.129.16.41 - - [03/Jul/2025:01:26:44 +0300] "HEAD /_db_server-3-realbeto/realbet_blog/wp_users.sql HTTP/1.1" 200 -
51.89.167.1 - - [03/Jul/2025:01:26:44 +0300] "GET /_db_server-3-realbeto/performance_schema/host_cache.sql HTTP/1.1" 200 5965
57.129.16.41 - - [03/Jul/2025:01:26:44 +0300] "GET /_db_server-3-realbeto/realbet_blog/wp_users.sql HTTP/1.1" 200 2434
57.129.16.41 - - [03/Jul/2025:01:26:44 +0300] "HEAD /_db_server-3-realbeto/realbet_blog/wp_wpforms_logs.sql HTTP/1.1" 200 -
51.89.167.1 - - [03/Jul/2025:01:26:44 +0300] "HEAD /_db_server-3-realbeto/performance_schema/hosts.sql HTTP/1.1" 200 -
57.129.16.41 - - [03/Jul/2025:01:26:44 +0300] "GET /_db_server-3-realbeto/realbet_blog/wp_wpforms_logs.sql HTTP/1.1" 200 1691
51.89.167.1 - - [03/Jul/2025:01:26:44 +0300] "GET /_db_server-3-realbeto/performance_schema/hosts.sql HTTP/1.1" 200 1823
57.129.16.41 - - [03/Jul/2025:01:26:44 +0300] "HEAD /_db_server-3-realbeto/realbet_blog/wp_wpforms_payment_meta.sql HTTP/1.1" 200 -
57.129.16.41 - - [03/Jul/2025:01:26:44 +0300] "GET /_db_server-3-realbeto/realbet_blog/wp_wpforms_payment_meta.sql HTTP/1.1" 200 1705
51.89.167.1 - - [03/Jul/2025:01:26:45 +0300] "HEAD /_db_server-3-realbeto/performance_schema/memory_summary_by_account_by_event_name.sql HTTP/1.1" 200 -
51.89.167.1 - - [03/Jul/2025:01:26:45 +0300] "GET /_db_server-3-realbeto/performance_schema/memory_summary_by_account_by_event_name.sql HTTP/1.1" 200 3034
57.129.16.41 - - [03/Jul/2025:01:26:45 +0300] "HEAD /_db_server-3-realbeto/realbet_blog/wp_wpforms_payments.sql HTTP/1.1" 200 -
57.129.16.41 - - [03/Jul/2025:01:26:45 +0300] "GET /_db_server-3-realbeto/realbet_blog/wp_wpforms_payments.sql HTTP/1.1" 200 2694
51.89.167.1 - - [03/Jul/2025:01:26:45 +0300] "HEAD /_db_server-3-realbeto/performance_schema/memory_summary_by_host_by_event_name.sql HTTP/1.1" 200 -
57.129.16.41 - - [03/Jul/2025:01:26:45 +0300] "HEAD /_db_server-3-realbeto/realbet_blog/wp_wpforms_tasks_meta.sql HTTP/1.1" 200 -
51.89.167.1 - - [03/Jul/2025:01:26:45 +0300] "GET /_db_server-3-realbeto/performance_schema/memory_summary_by_host_by_event_name.sql HTTP/1.1" 200 2902
57.129.16.41 - - [03/Jul/2025:01:26:45 +0300] "GET /_db_server-3-realbeto/realbet_blog/wp_wpforms_tasks_meta.sql HTTP/1.1" 200 1798
51.89.167.1 - - [03/Jul/2025:01:26:45 +0300] "HEAD /_db_server-3-realbeto/performance_schema/memory_summary_by_thread_by_event_name.sql HTTP/1.1" 200 -
57.129.16.41 - - [03/Jul/2025:01:26:45 +0300] "HEAD /_db_server-3-realbeto/realbet_blog/wp_wprss_logs.sql HTTP/1.1" 200 -
51.89.167.1 - - [03/Jul/2025:01:26:45 +0300] "GET /_db_server-3-realbeto/performance_schema/memory_summary_by_thread_by_event_name.sql HTTP/1.1" 200 2866
57.129.16.41 - - [03/Jul/2025:01:26:45 +0300] "GET /_db_server-3-realbeto/realbet_blog/wp_wprss_logs.sql HTTP/1.1" 200 15214
57.129.16.41 - - [03/Jul/2025:01:26:45 +0300] "GET /_db_server-3-realbeto/realbetradar/ HTTP/1.1" 200 4512
51.89.167.1 - - [03/Jul/2025:01:26:45 +0300] "HEAD /_db_server-3-realbeto/performance_schema/memory_summary_by_user_by_event_name.sql HTTP/1.1" 200 -
57.129.16.41 - - [03/Jul/2025:01:26:45 +0300] "HEAD /_db_server-3-realbeto/realbetradar/cron_pariuri.sql HTTP/1.1" 200 -
51.89.167.1 - - [03/Jul/2025:01:26:45 +0300] "GET /_db_server-3-realbeto/performance_schema/memory_summary_by_user_by_event_name.sql HTTP/1.1" 200 2902
57.129.16.41 - - [03/Jul/2025:01:26:45 +0300] "GET /_db_server-3-realbeto/realbetradar/cron_pariuri.sql HTTP/1.1" 200 1776
57.129.16.41 - - [03/Jul/2025:01:26:46 +0300] "HEAD /_db_server-3-realbeto/realbetradar/online_websites_login.sql HTTP/1.1" 200 -
57.129.16.41 - - [03/Jul/2025:01:26:46 +0300] "GET /_db_server-3-realbeto/realbetradar/online_websites_login.sql HTTP/1.1" 200 1988
51.89.167.1 - - [03/Jul/2025:01:26:46 +0300] "HEAD /_db_server-3-realbeto/performance_schema/memory_summary_global_by_event_name.sql HTTP/1.1" 200 -
51.89.167.1 - - [03/Jul/2025:01:26:46 +0300] "GET /_db_server-3-realbeto/performance_schema/memory_summary_global_by_event_name.sql HTTP/1.1" 200 2782
57.129.16.41 - - [03/Jul/2025:01:26:46 +0300] "HEAD /_db_server-3-realbeto/realbetradar/online_websites_meniu.sql HTTP/1.1" 200 -
51.89.167.1 - - [03/Jul/2025:01:26:46 +0300] "HEAD /_db_server-3-realbeto/performance_schema/metadata_locks.sql HTTP/1.1" 200 -
57.129.16.41 - - [03/Jul/2025:01:26:46 +0300] "GET /_db_server-3-realbeto/realbetradar/online_websites_meniu.sql HTTP/1.1" 200 3639
51.89.167.1 - - [03/Jul/2025:01:26:46 +0300] "GET /_db_server-3-realbeto/performance_schema/metadata_locks.sql HTTP/1.1" 200 3081
57.129.16.41 - - [03/Jul/2025:01:26:46 +0300] "HEAD /_db_server-3-realbeto/realbetradar/online_websites_posts.sql HTTP/1.1" 200 -
57.129.16.41 - - [03/Jul/2025:01:26:46 +0300] "GET /_db_server-3-realbeto/realbetradar/online_websites_posts.sql HTTP/1.1" 200 2939
51.89.167.1 - - [03/Jul/2025:01:26:46 +0300] "HEAD /_db_server-3-realbeto/performance_schema/mutex_instances.sql HTTP/1.1" 200 -
57.129.16.41 - - [03/Jul/2025:01:26:46 +0300] "HEAD /_db_server-3-realbeto/realbetradar/online_websites_posts_tip.sql HTTP/1.1" 200 -
51.89.167.1 - - [03/Jul/2025:01:26:46 +0300] "GET /_db_server-3-realbeto/performance_schema/mutex_instances.sql HTTP/1.1" 200 1839
57.129.16.41 - - [03/Jul/2025:01:26:46 +0300] "GET /_db_server-3-realbeto/realbetradar/online_websites_posts_tip.sql HTTP/1.1" 200 1672
57.129.16.41 - - [03/Jul/2025:01:26:46 +0300] "HEAD /_db_server-3-realbeto/realbetradar/online_websites_poze.sql HTTP/1.1" 200 -
57.129.16.41 - - [03/Jul/2025:01:26:47 +0300] "GET /_db_server-3-realbeto/realbetradar/online_websites_poze.sql HTTP/1.1" 200 3715
57.129.16.41 - - [03/Jul/2025:01:26:47 +0300] "HEAD /_db_server-3-realbeto/realbetradar/online_websites_setari.sql HTTP/1.1" 200 -
51.89.167.1 - - [03/Jul/2025:01:26:47 +0300] "HEAD /_db_server-3-realbeto/performance_schema/objects_summary_global_by_type.sql HTTP/1.1" 200 -
57.129.16.41 - - [03/Jul/2025:01:26:47 +0300] "GET /_db_server-3-realbeto/realbetradar/online_websites_setari.sql HTTP/1.1" 200 2857
51.89.167.1 - - [03/Jul/2025:01:26:47 +0300] "GET /_db_server-3-realbeto/performance_schema/objects_summary_global_by_type.sql HTTP/1.1" 200 2478
57.129.16.41 - - [03/Jul/2025:01:26:47 +0300] "HEAD /_db_server-3-realbeto/realbetradar/online_websites_setofvalues.sql HTTP/1.1" 200 -
51.89.167.1 - - [03/Jul/2025:01:26:47 +0300] "HEAD /_db_server-3-realbeto/performance_schema/performance_timers.sql HTTP/1.1" 200 -
57.129.16.41 - - [03/Jul/2025:01:26:47 +0300] "GET /_db_server-3-realbeto/realbetradar/online_websites_setofvalues.sql HTTP/1.1" 200 2356
51.89.167.1 - - [03/Jul/2025:01:26:47 +0300] "GET /_db_server-3-realbeto/performance_schema/performance_timers.sql HTTP/1.1" 200 2185
57.129.16.41 - - [03/Jul/2025:01:26:47 +0300] "HEAD /_db_server-3-realbeto/realbetradar/online_websites_setofvaluesdef.sql HTTP/1.1" 200 -
57.129.16.41 - - [03/Jul/2025:01:26:47 +0300] "GET /_db_server-3-realbeto/realbetradar/online_websites_setofvaluesdef.sql HTTP/1.1" 200 2405
57.129.16.41 - - [03/Jul/2025:01:26:47 +0300] "HEAD /_db_server-3-realbeto/realbetradar/online_websites_setofvaluesdef_relations.sql HTTP/1.1" 200 -
51.89.167.1 - - [03/Jul/2025:01:26:47 +0300] "HEAD /_db_server-3-realbeto/performance_schema/prepared_statements_instances.sql HTTP/1.1" 200 -
57.129.16.41 - - [03/Jul/2025:01:26:47 +0300] "GET /_db_server-3-realbeto/realbetradar/online_websites_setofvaluesdef_relations.sql HTTP/1.1" 200 2238
51.89.167.1 - - [03/Jul/2025:01:26:47 +0300] "GET /_db_server-3-realbeto/performance_schema/prepared_statements_instances.sql HTTP/1.1" 200 6482
51.89.167.1 - - [03/Jul/2025:01:26:48 +0300] "HEAD /_db_server-3-realbeto/performance_schema/replication_applier_configuration.sql HTTP/1.1" 200 -
57.129.16.41 - - [03/Jul/2025:01:26:48 +0300] "HEAD /_db_server-3-realbeto/realbetradar/ping_nodejs_servers.sql HTTP/1.1" 200 -
51.89.167.1 - - [03/Jul/2025:01:26:48 +0300] "GET /_db_server-3-realbeto/performance_schema/replication_applier_configuration.sql HTTP/1.1" 200 1793
57.129.16.41 - - [03/Jul/2025:01:26:48 +0300] "GET /_db_server-3-realbeto/realbetradar/ping_nodejs_servers.sql HTTP/1.1" 200 2145
51.89.167.1 - - [03/Jul/2025:01:26:48 +0300] "HEAD /_db_server-3-realbeto/performance_schema/replication_applier_status.sql HTTP/1.1" 200 -
57.129.16.41 - - [03/Jul/2025:01:26:48 +0300] "HEAD /_db_server-3-realbeto/realbetradar/setari.sql HTTP/1.1" 200 -
51.89.167.1 - - [03/Jul/2025:01:26:48 +0300] "GET /_db_server-3-realbeto/performance_schema/replication_applier_status.sql HTTP/1.1" 200 2133
57.129.16.41 - - [03/Jul/2025:01:26:48 +0300] "GET /_db_server-3-realbeto/realbetradar/setari.sql HTTP/1.1" 200 1525
57.129.16.41 - - [03/Jul/2025:01:26:48 +0300] "HEAD /_db_server-3-realbeto/realbetradar/super_ligi.sql HTTP/1.1" 200 -
57.129.16.41 - - [03/Jul/2025:01:26:48 +0300] "GET /_db_server-3-realbeto/realbetradar/super_ligi.sql HTTP/1.1" 200 1693
51.89.167.1 - - [03/Jul/2025:01:26:48 +0300] "HEAD /_db_server-3-realbeto/performance_schema/replication_applier_status_by_coordinator.sql HTTP/1.1" 200 -
51.89.167.1 - - [03/Jul/2025:01:26:48 +0300] "GET /_db_server-3-realbeto/performance_schema/replication_applier_status_by_coordinator.sql HTTP/1.1" 200 2584
57.129.16.41 - - [03/Jul/2025:01:26:48 +0300] "HEAD /_db_server-3-realbeto/realbetradar/super_meciuri.sql HTTP/1.1" 200 -
57.129.16.41 - - [03/Jul/2025:01:26:48 +0300] "GET /_db_server-3-realbeto/realbetradar/super_meciuri.sql HTTP/1.1" 200 2338
51.89.167.1 - - [03/Jul/2025:01:26:48 +0300] "HEAD /_db_server-3-realbeto/performance_schema/replication_applier_status_by_worker.sql HTTP/1.1" 200 -
51.89.167.1 - - [03/Jul/2025:01:26:49 +0300] "GET /_db_server-3-realbeto/performance_schema/replication_applier_status_by_worker.sql HTTP/1.1" 200 2764
57.129.16.41 - - [03/Jul/2025:01:26:49 +0300] "HEAD /_db_server-3-realbeto/realbetradar/super_sports.sql HTTP/1.1" 200 -
57.129.16.41 - - [03/Jul/2025:01:26:49 +0300] "GET /_db_server-3-realbeto/realbetradar/super_sports.sql HTTP/1.1" 200 7674
51.89.167.1 - - [03/Jul/2025:01:26:49 +0300] "HEAD /_db_server-3-realbeto/performance_schema/replication_connection_configuration.sql HTTP/1.1" 200 -
51.89.167.1 - - [03/Jul/2025:01:26:49 +0300] "GET /_db_server-3-realbeto/performance_schema/replication_connection_configuration.sql HTTP/1.1" 200 4053
57.129.16.41 - - [03/Jul/2025:01:26:49 +0300] "HEAD /_db_server-3-realbeto/realbetradar/websiteuri.sql HTTP/1.1" 200 -
57.129.16.41 - - [03/Jul/2025:01:26:49 +0300] "GET /_db_server-3-realbeto/realbetradar/websiteuri.sql HTTP/1.1" 200 87268
57.129.16.41 - - [03/Jul/2025:01:26:49 +0300] "GET /_db_server-3-realbeto/realbetradar_amperaplay/ HTTP/1.1" 200 4881
51.89.167.1 - - [03/Jul/2025:01:26:49 +0300] "HEAD /_db_server-3-realbeto/performance_schema/rwlock_instances.sql HTTP/1.1" 200 -
51.89.167.1 - - [03/Jul/2025:01:26:49 +0300] "GET /_db_server-3-realbeto/performance_schema/rwlock_instances.sql HTTP/1.1" 200 1958
57.129.16.41 - - [03/Jul/2025:01:26:49 +0300] "HEAD /_db_server-3-realbeto/realbetradar_amperaplay/betika_ligi.sql HTTP/1.1" 200 -
57.129.16.41 - - [03/Jul/2025:01:26:49 +0300] "GET /_db_server-3-realbeto/realbetradar_amperaplay/betika_ligi.sql HTTP/1.1" 200 1722
51.89.167.1 - - [03/Jul/2025:01:26:49 +0300] "HEAD /_db_server-3-realbeto/performance_schema/session_account_connect_attrs.sql HTTP/1.1" 200 -
57.129.16.41 - - [03/Jul/2025:01:26:49 +0300] "HEAD /_db_server-3-realbeto/realbetradar_amperaplay/betika_meciuri.sql HTTP/1.1" 200 -
51.89.167.1 - - [03/Jul/2025:01:26:49 +0300] "GET /_db_server-3-realbeto/performance_schema/session_account_connect_attrs.sql HTTP/1.1" 200 1900
57.129.16.41 - - [03/Jul/2025:01:26:49 +0300] "GET /_db_server-3-realbeto/realbetradar_amperaplay/betika_meciuri.sql HTTP/1.1" 200 2560
51.89.167.1 - - [03/Jul/2025:01:26:50 +0300] "HEAD /_db_server-3-realbeto/performance_schema/session_connect_attrs.sql HTTP/1.1" 200 -
57.129.16.41 - - [03/Jul/2025:01:26:50 +0300] "HEAD /_db_server-3-realbeto/realbetradar_amperaplay/betika_sports.sql HTTP/1.1" 200 -
51.89.167.1 - - [03/Jul/2025:01:26:50 +0300] "GET /_db_server-3-realbeto/performance_schema/session_connect_attrs.sql HTTP/1.1" 200 1852
57.129.16.41 - - [03/Jul/2025:01:26:50 +0300] "GET /_db_server-3-realbeto/realbetradar_amperaplay/betika_sports.sql HTTP/1.1" 200 4613
57.129.16.41 - - [03/Jul/2025:01:26:50 +0300] "HEAD /_db_server-3-realbeto/realbetradar_amperaplay/betika_tip_pariuri.sql HTTP/1.1" 200 -
57.129.16.41 - - [03/Jul/2025:01:26:50 +0300] "GET /_db_server-3-realbeto/realbetradar_amperaplay/betika_tip_pariuri.sql HTTP/1.1" 200 10642
51.89.167.1 - - [03/Jul/2025:01:26:50 +0300] "HEAD /_db_server-3-realbeto/performance_schema/session_status.sql HTTP/1.1" 200 -
51.89.167.1 - - [03/Jul/2025:01:26:50 +0300] "GET /_db_server-3-realbeto/performance_schema/session_status.sql HTTP/1.1" 200 1663
57.129.16.41 - - [03/Jul/2025:01:26:50 +0300] "HEAD /_db_server-3-realbeto/realbetradar_amperaplay/guinee_ligi.sql HTTP/1.1" 200 -
57.129.16.41 - - [03/Jul/2025:01:26:50 +0300] "GET /_db_server-3-realbeto/realbetradar_amperaplay/guinee_ligi.sql HTTP/1.1" 200 1933
51.89.167.1 - - [03/Jul/2025:01:26:50 +0300] "HEAD /_db_server-3-realbeto/performance_schema/setup_actors.sql HTTP/1.1" 200 -
51.89.167.1 - - [03/Jul/2025:01:26:50 +0300] "GET /_db_server-3-realbeto/performance_schema/setup_actors.sql HTTP/1.1" 200 2182
57.129.16.41 - - [03/Jul/2025:01:26:50 +0300] "HEAD /_db_server-3-realbeto/realbetradar_amperaplay/guinee_meciuri.sql HTTP/1.1" 200 -
57.129.16.41 - - [03/Jul/2025:01:26:50 +0300] "GET /_db_server-3-realbeto/realbetradar_amperaplay/guinee_meciuri.sql HTTP/1.1" 200 2647
57.129.16.41 - - [03/Jul/2025:01:26:50 +0300] "HEAD /_db_server-3-realbeto/realbetradar_amperaplay/guinee_sports.sql HTTP/1.1" 200 -
51.89.167.1 - - [03/Jul/2025:01:26:50 +0300] "HEAD /_db_server-3-realbeto/performance_schema/setup_consumers.sql HTTP/1.1" 200 -
57.129.16.41 - - [03/Jul/2025:01:26:50 +0300] "GET /_db_server-3-realbeto/realbetradar_amperaplay/guinee_sports.sql HTTP/1.1" 200 2974
51.89.167.1 - - [03/Jul/2025:01:26:50 +0300] "GET /_db_server-3-realbeto/performance_schema/setup_consumers.sql HTTP/1.1" 200 1738
57.129.16.41 - - [03/Jul/2025:01:26:51 +0300] "HEAD /_db_server-3-realbeto/realbetradar_amperaplay/keno_connections.sql HTTP/1.1" 200 -
57.129.16.41 - - [03/Jul/2025:01:26:51 +0300] "GET /_db_server-3-realbeto/realbetradar_amperaplay/keno_connections.sql HTTP/1.1" 200 1977
51.89.167.1 - - [03/Jul/2025:01:26:51 +0300] "HEAD /_db_server-3-realbeto/performance_schema/setup_instruments.sql HTTP/1.1" 200 -
51.89.167.1 - - [03/Jul/2025:01:26:51 +0300] "GET /_db_server-3-realbeto/performance_schema/setup_instruments.sql HTTP/1.1" 200 1962
57.129.16.41 - - [03/Jul/2025:01:26:51 +0300] "HEAD /_db_server-3-realbeto/realbetradar_amperaplay/keno_rounds.sql HTTP/1.1" 200 -
57.129.16.41 - - [03/Jul/2025:01:26:51 +0300] "GET /_db_server-3-realbeto/realbetradar_amperaplay/keno_rounds.sql HTTP/1.1" 200 715180
51.89.167.1 - - [03/Jul/2025:01:26:51 +0300] "HEAD /_db_server-3-realbeto/performance_schema/setup_objects.sql HTTP/1.1" 200 -
51.89.167.1 - - [03/Jul/2025:01:26:51 +0300] "GET /_db_server-3-realbeto/performance_schema/setup_objects.sql HTTP/1.1" 200 2195
51.89.167.1 - - [03/Jul/2025:01:26:51 +0300] "HEAD /_db_server-3-realbeto/performance_schema/setup_timers.sql HTTP/1.1" 200 -
51.89.167.1 - - [03/Jul/2025:01:26:51 +0300] "GET /_db_server-3-realbeto/performance_schema/setup_timers.sql HTTP/1.1" 200 1711
51.89.167.1 - - [03/Jul/2025:01:26:52 +0300] "HEAD /_db_server-3-realbeto/performance_schema/socket_instances.sql HTTP/1.1" 200 -
51.89.167.1 - - [03/Jul/2025:01:26:52 +0300] "GET /_db_server-3-realbeto/performance_schema/socket_instances.sql HTTP/1.1" 200 2383
57.129.16.41 - - [03/Jul/2025:01:26:52 +0300] "HEAD /_db_server-3-realbeto/realbetradar_amperaplay/setari.sql HTTP/1.1" 200 -
57.129.16.41 - - [03/Jul/2025:01:26:52 +0300] "GET /_db_server-3-realbeto/realbetradar_amperaplay/setari.sql HTTP/1.1" 200 1511
51.89.167.1 - - [03/Jul/2025:01:26:52 +0300] "HEAD /_db_server-3-realbeto/performance_schema/socket_summary_by_event_name.sql HTTP/1.1" 200 -
57.129.16.41 - - [03/Jul/2025:01:26:52 +0300] "HEAD /_db_server-3-realbeto/realbetradar_amperaplay/superbet_meciuri.sql HTTP/1.1" 200 -
51.89.167.1 - - [03/Jul/2025:01:26:52 +0300] "GET /_db_server-3-realbeto/performance_schema/socket_summary_by_event_name.sql HTTP/1.1" 200 4266
57.129.16.41 - - [03/Jul/2025:01:26:52 +0300] "HEAD /_db_server-3-realbeto/realbetradar_amperaplay/superbet_meciuri_back.sql HTTP/1.1" 200 -
51.89.167.1 - - [03/Jul/2025:01:26:52 +0300] "HEAD /_db_server-3-realbeto/performance_schema/socket_summary_by_instance.sql HTTP/1.1" 200 -
51.89.167.1 - - [03/Jul/2025:01:26:52 +0300] "GET /_db_server-3-realbeto/performance_schema/socket_summary_by_instance.sql HTTP/1.1" 200 4340
57.129.16.41 - - [03/Jul/2025:01:26:52 +0300] "HEAD /_db_server-3-realbeto/realbetradar_amperaplay/superbet_meciuri_nou.sql HTTP/1.1" 200 -
57.129.16.41 - - [03/Jul/2025:01:26:52 +0300] "GET /_db_server-3-realbeto/realbetradar_amperaplay/superbet_meciuri_nou.sql HTTP/1.1" 200 1768040
51.89.167.1 - - [03/Jul/2025:01:26:53 +0300] "HEAD /_db_server-3-realbeto/performance_schema/status_by_account.sql HTTP/1.1" 200 -
51.89.167.1 - - [03/Jul/2025:01:26:53 +0300] "GET /_db_server-3-realbeto/performance_schema/status_by_account.sql HTTP/1.1" 200 1934
51.89.167.1 - - [03/Jul/2025:01:26:53 +0300] "HEAD /_db_server-3-realbeto/performance_schema/status_by_host.sql HTTP/1.1" 200 -
51.89.167.1 - - [03/Jul/2025:01:26:53 +0300] "GET /_db_server-3-realbeto/performance_schema/status_by_host.sql HTTP/1.1" 200 1783
51.89.167.1 - - [03/Jul/2025:01:26:53 +0300] "HEAD /_db_server-3-realbeto/performance_schema/status_by_thread.sql HTTP/1.1" 200 -
51.89.167.1 - - [03/Jul/2025:01:26:53 +0300] "GET /_db_server-3-realbeto/performance_schema/status_by_thread.sql HTTP/1.1" 200 1795
47.239.128.230 - - [03/Jul/2025:01:26:54 +0300] "HEAD /robots.txt HTTP/1.1" 404 -
57.129.16.41 - - [03/Jul/2025:01:26:54 +0300] "HEAD /_db_server-3-realbeto/realbetradar_amperaplay/superbet_sports.sql HTTP/1.1" 200 -
57.129.16.41 - - [03/Jul/2025:01:26:54 +0300] "GET /_db_server-3-realbeto/realbetradar_amperaplay/superbet_sports.sql HTTP/1.1" 200 6222
51.89.167.1 - - [03/Jul/2025:01:26:54 +0300] "HEAD /_db_server-3-realbeto/performance_schema/status_by_user.sql HTTP/1.1" 200 -
51.89.167.1 - - [03/Jul/2025:01:26:54 +0300] "GET /_db_server-3-realbeto/performance_schema/status_by_user.sql HTTP/1.1" 200 1783
57.129.16.41 - - [03/Jul/2025:01:26:54 +0300] "HEAD /_db_server-3-realbeto/realbetradar_amperaplay/superbet_struct.sql HTTP/1.1" 200 -
47.239.128.230 - - [03/Jul/2025:01:26:54 +0300] "GET /robots.txt HTTP/1.1" 404 296
57.129.16.41 - - [03/Jul/2025:01:26:54 +0300] "GET /_db_server-3-realbeto/realbetradar_amperaplay/superbet_struct.sql HTTP/1.1" 200 629020
51.89.167.1 - - [03/Jul/2025:01:26:54 +0300] "HEAD /_db_server-3-realbeto/performance_schema/table_handles.sql HTTP/1.1" 200 -
51.89.167.1 - - [03/Jul/2025:01:26:54 +0300] "GET /_db_server-3-realbeto/performance_schema/table_handles.sql HTTP/1.1" 200 2257
51.89.167.1 - - [03/Jul/2025:01:26:54 +0300] "HEAD /_db_server-3-realbeto/performance_schema/table_io_waits_summary_by_index_usage.sql HTTP/1.1" 200 -
57.129.16.41 - - [03/Jul/2025:01:26:54 +0300] "HEAD /_db_server-3-realbeto/realbetradar_amperaplay/winnerbet_ligi.sql HTTP/1.1" 200 -
51.89.167.1 - - [03/Jul/2025:01:26:54 +0300] "GET /_db_server-3-realbeto/performance_schema/table_io_waits_summary_by_index_usage.sql HTTP/1.1" 200 6116
47.239.129.73 - - [03/Jul/2025:01:26:54 +0300] "GET /robots.txt HTTP/1.1" 404 300
57.129.16.41 - - [03/Jul/2025:01:26:54 +0300] "GET /_db_server-3-realbeto/realbetradar_amperaplay/winnerbet_ligi.sql HTTP/1.1" 200 1909
57.129.16.41 - - [03/Jul/2025:01:26:55 +0300] "HEAD /_db_server-3-realbeto/realbetradar_amperaplay/winnerbet_meciuri.sql HTTP/1.1" 200 -
51.89.167.1 - - [03/Jul/2025:01:26:55 +0300] "HEAD /_db_server-3-realbeto/performance_schema/table_io_waits_summary_by_table.sql HTTP/1.1" 200 -
57.129.16.41 - - [03/Jul/2025:01:26:55 +0300] "GET /_db_server-3-realbeto/realbetradar_amperaplay/winnerbet_meciuri.sql HTTP/1.1" 200 2910
51.89.167.1 - - [03/Jul/2025:01:26:55 +0300] "GET /_db_server-3-realbeto/performance_schema/table_io_waits_summary_by_table.sql HTTP/1.1" 200 5956
57.129.16.41 - - [03/Jul/2025:01:26:55 +0300] "HEAD /_db_server-3-realbeto/realbetradar_amperaplay/winnerbet_sports.sql HTTP/1.1" 200 -
57.129.16.41 - - [03/Jul/2025:01:26:55 +0300] "GET /_db_server-3-realbeto/realbetradar_live/ HTTP/1.1" 200 1731
57.129.16.41 - - [03/Jul/2025:01:26:55 +0300] "GET /_db_server-3-realbeto/realbetradar_amperaplay/winnerbet_sports.sql HTTP/1.1" 200 3734
51.89.167.1 - - [03/Jul/2025:01:26:55 +0300] "HEAD /_db_server-3-realbeto/performance_schema/table_lock_waits_summary_by_table.sql HTTP/1.1" 200 -
51.89.167.1 - - [03/Jul/2025:01:26:55 +0300] "GET /_db_server-3-realbeto/performance_schema/table_lock_waits_summary_by_table.sql HTTP/1.1" 200 11321
57.129.16.41 - - [03/Jul/2025:01:26:55 +0300] "HEAD /_db_server-3-realbeto/realbetradar_live/setari.sql HTTP/1.1" 200 -
57.129.16.41 - - [03/Jul/2025:01:26:55 +0300] "GET /_db_server-3-realbeto/realbetradar_live/setari.sql HTTP/1.1" 200 1625223
51.89.167.1 - - [03/Jul/2025:01:26:55 +0300] "HEAD /_db_server-3-realbeto/performance_schema/threads.sql HTTP/1.1" 200 -
51.89.167.1 - - [03/Jul/2025:01:26:55 +0300] "GET /_db_server-3-realbeto/performance_schema/threads.sql HTTP/1.1" 200 4394
51.89.167.1 - - [03/Jul/2025:01:26:55 +0300] "HEAD /_db_server-3-realbeto/performance_schema/user_variables_by_thread.sql HTTP/1.1" 200 -
51.89.167.1 - - [03/Jul/2025:01:26:55 +0300] "GET /_db_server-3-realbeto/performance_schema/user_variables_by_thread.sql HTTP/1.1" 200 1846
51.89.167.1 - - [03/Jul/2025:01:26:56 +0300] "HEAD /_db_server-3-realbeto/performance_schema/users.sql HTTP/1.1" 200 -
51.89.167.1 - - [03/Jul/2025:01:26:56 +0300] "GET /_db_server-3-realbeto/performance_schema/users.sql HTTP/1.1" 200 1779
51.89.167.1 - - [03/Jul/2025:01:26:56 +0300] "GET /_db_server-3-realbeto/prank/ HTTP/1.1" 200 3845
57.129.16.41 - - [03/Jul/2025:01:26:56 +0300] "HEAD /_db_server-3-realbeto/realbetradar_live/super_ligi.sql HTTP/1.1" 200 -
51.89.167.1 - - [03/Jul/2025:01:26:56 +0300] "HEAD /_db_server-3-realbeto/prank/accesari_pagini.sql HTTP/1.1" 200 -
57.129.16.41 - - [03/Jul/2025:01:26:56 +0300] "GET /_db_server-3-realbeto/realbetradar_live/super_ligi.sql HTTP/1.1" 200 1703
51.89.167.1 - - [03/Jul/2025:01:26:56 +0300] "HEAD /_db_server-3-realbeto/prank/contact_form.sql HTTP/1.1" 200 -
57.129.16.41 - - [03/Jul/2025:01:26:56 +0300] "HEAD /_db_server-3-realbeto/realbetradar_live/super_meciuri.sql HTTP/1.1" 200 -
57.129.16.41 - - [03/Jul/2025:01:26:57 +0300] "GET /_db_server-3-realbeto/realbetradar_live/super_meciuri.sql HTTP/1.1" 200 665531
51.89.167.1 - - [03/Jul/2025:01:26:57 +0300] "GET /_db_server-3-realbeto/prank/contact_form.sql HTTP/1.1" 200 4459
51.89.167.1 - - [03/Jul/2025:01:26:57 +0300] "HEAD /_db_server-3-realbeto/prank/login.sql HTTP/1.1" 200 -
51.89.167.1 - - [03/Jul/2025:01:26:57 +0300] "GET /_db_server-3-realbeto/prank/login.sql HTTP/1.1" 200 1647
57.129.16.41 - - [03/Jul/2025:01:26:57 +0300] "HEAD /_db_server-3-realbeto/realbetradar_live/super_sports.sql HTTP/1.1" 200 -
57.129.16.41 - - [03/Jul/2025:01:26:57 +0300] "GET /_db_server-3-realbeto/realbetradar_pariuri/ HTTP/1.1" 200 2176
57.129.16.41 - - [03/Jul/2025:01:26:57 +0300] "GET /_db_server-3-realbeto/realbetradar_live/super_sports.sql HTTP/1.1" 200 7973
51.89.167.1 - - [03/Jul/2025:01:26:57 +0300] "HEAD /_db_server-3-realbeto/prank/meniu.sql HTTP/1.1" 200 -
51.89.167.1 - - [03/Jul/2025:01:26:57 +0300] "GET /_db_server-3-realbeto/prank/meniu.sql HTTP/1.1" 200 44983
57.129.16.41 - - [03/Jul/2025:01:26:57 +0300] "HEAD /_db_server-3-realbeto/realbetradar_pariuri/corespondentaechipe.sql HTTP/1.1" 200 -
57.129.16.41 - - [03/Jul/2025:01:26:57 +0300] "GET /_db_server-3-realbeto/realbetradar_pariuri/corespondentaechipe.sql HTTP/1.1" 200 1646
57.129.16.41 - - [03/Jul/2025:01:26:57 +0300] "HEAD /_db_server-3-realbeto/realbetradar_pariuri/cron_pariuri.sql HTTP/1.1" 200 -
51.89.167.1 - - [03/Jul/2025:01:26:57 +0300] "HEAD /_db_server-3-realbeto/prank/meta.sql HTTP/1.1" 200 -
57.129.16.41 - - [03/Jul/2025:01:26:57 +0300] "GET /_db_server-3-realbeto/realbetradar_pariuri/cron_pariuri.sql HTTP/1.1" 200 1792
51.89.167.1 - - [03/Jul/2025:01:26:57 +0300] "GET /_db_server-3-realbeto/prank/meta.sql HTTP/1.1" 200 3501
57.129.16.41 - - [03/Jul/2025:01:26:58 +0300] "HEAD /_db_server-3-realbeto/realbetradar_pariuri/login.sql HTTP/1.1" 200 -
57.129.16.41 - - [03/Jul/2025:01:26:58 +0300] "GET /_db_server-3-realbeto/realbetradar_pariuri/login.sql HTTP/1.1" 200 1704
57.129.16.41 - - [03/Jul/2025:01:26:58 +0300] "HEAD /_db_server-3-realbeto/realbetradar_pariuri/prematch.sql HTTP/1.1" 200 -
51.89.167.1 - - [03/Jul/2025:01:26:58 +0300] "HEAD /_db_server-3-realbeto/prank/noutati.sql HTTP/1.1" 200 -
57.129.16.41 - - [03/Jul/2025:01:26:58 +0300] "GET /_db_server-3-realbeto/realbetradar_pariuri/prematch.sql HTTP/1.1" 200 1526
51.89.167.1 - - [03/Jul/2025:01:26:58 +0300] "GET /_db_server-3-realbeto/prank/noutati.sql HTTP/1.1" 200 1639
57.129.16.41 - - [03/Jul/2025:01:26:58 +0300] "HEAD /_db_server-3-realbeto/realbetradar_pariuri/realbet_sports.sql HTTP/1.1" 200 -
51.89.167.1 - - [03/Jul/2025:01:26:58 +0300] "HEAD /_db_server-3-realbeto/prank/post_categ.sql HTTP/1.1" 200 -
57.129.16.41 - - [03/Jul/2025:01:26:58 +0300] "GET /_db_server-3-realbeto/realbetradar_pariuri/realbet_sports.sql HTTP/1.1" 200 4456
51.89.167.1 - - [03/Jul/2025:01:26:58 +0300] "GET /_db_server-3-realbeto/prank/post_categ.sql HTTP/1.1" 200 1813
57.129.16.41 - - [03/Jul/2025:01:26:58 +0300] "HEAD /_db_server-3-realbeto/realbetradar_pariuri/setari.sql HTTP/1.1" 200 -
57.129.16.41 - - [03/Jul/2025:01:26:58 +0300] "GET /_db_server-3-realbeto/red7delivery/ HTTP/1.1" 200 2569
57.129.16.41 - - [03/Jul/2025:01:26:58 +0300] "GET /_db_server-3-realbeto/realbetradar_pariuri/setari.sql HTTP/1.1" 200 1951
51.89.167.1 - - [03/Jul/2025:01:26:58 +0300] "HEAD /_db_server-3-realbeto/prank/posts.sql HTTP/1.1" 200 -
57.129.16.41 - - [03/Jul/2025:01:26:58 +0300] "HEAD /_db_server-3-realbeto/red7delivery/account_city.sql HTTP/1.1" 200 -
57.129.16.41 - - [03/Jul/2025:01:26:58 +0300] "GET /_db_server-3-realbeto/red7delivery/account_city.sql HTTP/1.1" 200 1315757
51.89.167.1 - - [03/Jul/2025:01:26:59 +0300] "GET /_db_server-3-realbeto/prank/posts.sql HTTP/1.1" 200 205286
51.89.167.1 - - [03/Jul/2025:01:26:59 +0300] "HEAD /_db_server-3-realbeto/prank/poze.sql HTTP/1.1" 200 -
51.89.167.1 - - [03/Jul/2025:01:26:59 +0300] "GET /_db_server-3-realbeto/prank/poze.sql HTTP/1.1" 200 15607
51.89.167.1 - - [03/Jul/2025:01:26:59 +0300] "HEAD /_db_server-3-realbeto/prank/setari.sql HTTP/1.1" 200 -
57.129.16.41 - - [03/Jul/2025:01:26:59 +0300] "HEAD /_db_server-3-realbeto/red7delivery/account_county.sql HTTP/1.1" 200 -
57.129.16.41 - - [03/Jul/2025:01:26:59 +0300] "GET /_db_server-3-realbeto/red7delivery/account_county.sql HTTP/1.1" 200 2700
51.89.167.1 - - [03/Jul/2025:01:26:59 +0300] "GET /_db_server-3-realbeto/prank/setari.sql HTTP/1.1" 200 1947
57.129.16.41 - - [03/Jul/2025:01:26:59 +0300] "HEAD /_db_server-3-realbeto/red7delivery/emails.sql HTTP/1.1" 200 -
57.129.16.41 - - [03/Jul/2025:01:27:00 +0300] "GET /_db_server-3-realbeto/red7delivery/emails.sql HTTP/1.1" 200 64279
51.89.167.1 - - [03/Jul/2025:01:27:00 +0300] "HEAD /_db_server-3-realbeto/prank/statistici.sql HTTP/1.1" 200 -
57.129.16.41 - - [03/Jul/2025:01:27:00 +0300] "HEAD /_db_server-3-realbeto/red7delivery/login.sql HTTP/1.1" 200 -
51.89.167.1 - - [03/Jul/2025:01:27:00 +0300] "GET /_db_server-3-realbeto/prank/statistici.sql HTTP/1.1" 200 64548
57.129.16.41 - - [03/Jul/2025:01:27:00 +0300] "GET /_db_server-3-realbeto/red7delivery/login.sql HTTP/1.1" 200 1677
57.129.16.41 - - [03/Jul/2025:01:27:00 +0300] "HEAD /_db_server-3-realbeto/red7delivery/meniu.sql HTTP/1.1" 200 -
57.129.16.41 - - [03/Jul/2025:01:27:00 +0300] "GET /_db_server-3-realbeto/red7delivery/meniu.sql HTTP/1.1" 200 1953
51.89.167.1 - - [03/Jul/2025:01:27:00 +0300] "HEAD /_db_server-3-realbeto/prank/tari.sql HTTP/1.1" 200 -
51.89.167.1 - - [03/Jul/2025:01:27:00 +0300] "GET /_db_server-3-realbeto/prank/tari.sql HTTP/1.1" 200 206324
57.129.16.41 - - [03/Jul/2025:01:27:00 +0300] "HEAD /_db_server-3-realbeto/red7delivery/posts.sql HTTP/1.1" 200 -
57.129.16.41 - - [03/Jul/2025:01:27:00 +0300] "GET /_db_server-3-realbeto/red7delivery/posts.sql HTTP/1.1" 200 21711
57.129.16.41 - - [03/Jul/2025:01:27:00 +0300] "HEAD /_db_server-3-realbeto/red7delivery/poze.sql HTTP/1.1" 200 -
57.129.16.41 - - [03/Jul/2025:01:27:00 +0300] "GET /_db_server-3-realbeto/red7delivery/poze.sql HTTP/1.1" 200 20950
57.129.16.41 - - [03/Jul/2025:01:27:01 +0300] "HEAD /_db_server-3-realbeto/red7delivery/setari.sql HTTP/1.1" 200 -
57.129.16.41 - - [03/Jul/2025:01:27:01 +0300] "GET /_db_server-3-realbeto/sportbetcd/ HTTP/1.1" 200 6938
57.129.16.41 - - [03/Jul/2025:01:27:01 +0300] "GET /_db_server-3-realbeto/red7delivery/setari.sql HTTP/1.1" 200 1729
57.129.16.41 - - [03/Jul/2025:01:27:01 +0300] "HEAD /_db_server-3-realbeto/sportbetcd/wpn2_actionscheduler_actions.sql HTTP/1.1" 200 -
57.129.16.41 - - [03/Jul/2025:01:27:01 +0300] "GET /_db_server-3-realbeto/sportbetcd/wpn2_actionscheduler_actions.sql HTTP/1.1" 200 18424
51.89.167.1 - - [03/Jul/2025:01:27:01 +0300] "HEAD /_db_server-3-realbeto/prank/traduceri.sql HTTP/1.1" 200 -
57.129.16.41 - - [03/Jul/2025:01:27:01 +0300] "HEAD /_db_server-3-realbeto/sportbetcd/wpn2_actionscheduler_claims.sql HTTP/1.1" 200 -
57.129.16.41 - - [03/Jul/2025:01:27:01 +0300] "GET /_db_server-3-realbeto/sportbetcd/wpn2_actionscheduler_claims.sql HTTP/1.1" 200 1638
51.89.167.1 - - [03/Jul/2025:01:27:01 +0300] "GET /_db_server-3-realbeto/prank/traduceri.sql HTTP/1.1" 200 1482
57.129.16.41 - - [03/Jul/2025:01:27:01 +0300] "HEAD /_db_server-3-realbeto/sportbetcd/wpn2_actionscheduler_groups.sql HTTP/1.1" 200 -
57.129.16.41 - - [03/Jul/2025:01:27:01 +0300] "GET /_db_server-3-realbeto/sportbetcd/wpn2_actionscheduler_groups.sql HTTP/1.1" 200 1712
51.89.167.1 - - [03/Jul/2025:01:27:01 +0300] "HEAD /_db_server-3-realbeto/prank/useri.sql HTTP/1.1" 200 -
51.89.167.1 - - [03/Jul/2025:01:27:01 +0300] "GET /_db_server-3-realbeto/prank_wp/ HTTP/1.1" 200 7911
57.129.16.41 - - [03/Jul/2025:01:27:01 +0300] "HEAD /_db_server-3-realbeto/sportbetcd/wpn2_actionscheduler_logs.sql HTTP/1.1" 200 -
51.89.167.1 - - [03/Jul/2025:01:27:01 +0300] "GET /_db_server-3-realbeto/prank/useri.sql HTTP/1.1" 200 253017
57.129.16.41 - - [03/Jul/2025:01:27:01 +0300] "GET /_db_server-3-realbeto/sportbetcd/wpn2_actionscheduler_logs.sql HTTP/1.1" 200 9564
57.129.16.41 - - [03/Jul/2025:01:27:02 +0300] "HEAD /_db_server-3-realbeto/sportbetcd/wpn2_blogmeta.sql HTTP/1.1" 200 -
57.129.16.41 - - [03/Jul/2025:01:27:02 +0300] "GET /_db_server-3-realbeto/sportbetcd/wpn2_blogmeta.sql HTTP/1.1" 200 1640
57.129.16.41 - - [03/Jul/2025:01:27:02 +0300] "HEAD /_db_server-3-realbeto/sportbetcd/wpn2_blogs.sql HTTP/1.1" 200 -
57.129.16.41 - - [03/Jul/2025:01:27:02 +0300] "GET /_db_server-3-realbeto/sportbetcd/wpn2_blogs.sql HTTP/1.1" 200 2300
57.129.16.41 - - [03/Jul/2025:01:27:02 +0300] "HEAD /_db_server-3-realbeto/sportbetcd/wpn2_commentmeta.sql HTTP/1.1" 200 -
57.129.16.41 - - [03/Jul/2025:01:27:02 +0300] "GET /_db_server-3-realbeto/sportbetcd/wpn2_commentmeta.sql HTTP/1.1" 200 1670
51.89.167.1 - - [03/Jul/2025:01:27:02 +0300] "HEAD /_db_server-3-realbeto/prank_wp/wp_actionscheduler_actions.sql HTTP/1.1" 200 -
51.89.167.1 - - [03/Jul/2025:01:27:02 +0300] "GET /_db_server-3-realbeto/prank_wp/wp_actionscheduler_actions.sql HTTP/1.1" 200 12971
57.129.16.41 - - [03/Jul/2025:01:27:02 +0300] "HEAD /_db_server-3-realbeto/sportbetcd/wpn2_comments.sql HTTP/1.1" 200 -
57.129.16.41 - - [03/Jul/2025:01:27:02 +0300] "GET /_db_server-3-realbeto/sportbetcd/wpn2_comments.sql HTTP/1.1" 200 3218
51.89.167.1 - - [03/Jul/2025:01:27:02 +0300] "HEAD /_db_server-3-realbeto/prank_wp/wp_actionscheduler_claims.sql HTTP/1.1" 200 -
51.89.167.1 - - [03/Jul/2025:01:27:02 +0300] "GET /_db_server-3-realbeto/prank_wp/wp_actionscheduler_claims.sql HTTP/1.1" 200 1625
57.129.16.41 - - [03/Jul/2025:01:27:02 +0300] "HEAD /_db_server-3-realbeto/sportbetcd/wpn2_links.sql HTTP/1.1" 200 -
57.129.16.41 - - [03/Jul/2025:01:27:03 +0300] "GET /_db_server-3-realbeto/sportbetcd/wpn2_links.sql HTTP/1.1" 200 2083
51.89.167.1 - - [03/Jul/2025:01:27:03 +0300] "HEAD /_db_server-3-realbeto/prank_wp/wp_actionscheduler_groups.sql HTTP/1.1" 200 -
57.129.16.41 - - [03/Jul/2025:01:27:03 +0300] "HEAD /_db_server-3-realbeto/sportbetcd/wpn2_loginizer_logs.sql HTTP/1.1" 200 -
57.129.16.41 - - [03/Jul/2025:01:27:03 +0300] "GET /_db_server-3-realbeto/sportbetcd/wpn2_loginizer_logs.sql HTTP/1.1" 200 1661
51.89.167.1 - - [03/Jul/2025:01:27:03 +0300] "GET /_db_server-3-realbeto/prank_wp/wp_actionscheduler_groups.sql HTTP/1.1" 200 1718
57.129.16.41 - - [03/Jul/2025:01:27:03 +0300] "HEAD /_db_server-3-realbeto/sportbetcd/wpn2_options.sql HTTP/1.1" 200 -
57.129.16.41 - - [03/Jul/2025:01:27:03 +0300] "GET /_db_server-3-realbeto/sportbetcd/wpn2_options.sql HTTP/1.1" 200 170685
51.89.167.1 - - [03/Jul/2025:01:27:03 +0300] "HEAD /_db_server-3-realbeto/prank_wp/wp_actionscheduler_logs.sql HTTP/1.1" 200 -
51.89.167.1 - - [03/Jul/2025:01:27:03 +0300] "GET /_db_server-3-realbeto/prank_wp/wp_actionscheduler_logs.sql HTTP/1.1" 200 8161
57.129.16.41 - - [03/Jul/2025:01:27:03 +0300] "HEAD /_db_server-3-realbeto/sportbetcd/wpn2_postmeta.sql HTTP/1.1" 200 -
51.89.167.1 - - [03/Jul/2025:01:27:03 +0300] "HEAD /_db_server-3-realbeto/prank_wp/wp_aioseo_blc_cache.sql HTTP/1.1" 200 -
57.129.16.41 - - [03/Jul/2025:01:27:03 +0300] "GET /_db_server-3-realbeto/sportbetcd/wpn2_postmeta.sql HTTP/1.1" 200 436655
51.89.167.1 - - [03/Jul/2025:01:27:04 +0300] "GET /_db_server-3-realbeto/prank_wp/wp_aioseo_blc_cache.sql HTTP/1.1" 200 5132
57.129.16.41 - - [03/Jul/2025:01:27:04 +0300] "HEAD /_db_server-3-realbeto/sportbetcd/wpn2_posts.sql HTTP/1.1" 200 -
57.129.16.41 - - [03/Jul/2025:01:27:04 +0300] "GET /_db_server-3-realbeto/sportbetcd/wpn2_posts.sql HTTP/1.1" 200 2894502
51.89.167.1 - - [03/Jul/2025:01:27:04 +0300] "HEAD /_db_server-3-realbeto/prank_wp/wp_aioseo_blc_link_status.sql HTTP/1.1" 200 -
51.89.167.1 - - [03/Jul/2025:01:27:04 +0300] "GET /_db_server-3-realbeto/prank_wp/wp_aioseo_blc_link_status.sql HTTP/1.1" 200 3710
51.89.167.1 - - [03/Jul/2025:01:27:04 +0300] "HEAD /_db_server-3-realbeto/prank_wp/wp_aioseo_blc_links.sql HTTP/1.1" 200 -
51.89.167.1 - - [03/Jul/2025:01:27:04 +0300] "GET /_db_server-3-realbeto/prank_wp/wp_aioseo_blc_links.sql HTTP/1.1" 200 6628
51.89.167.1 - - [03/Jul/2025:01:27:04 +0300] "HEAD /_db_server-3-realbeto/prank_wp/wp_aioseo_blc_notifications.sql HTTP/1.1" 200 -
51.89.167.1 - - [03/Jul/2025:01:27:05 +0300] "GET /_db_server-3-realbeto/prank_wp/wp_aioseo_blc_notifications.sql HTTP/1.1" 200 2387
51.89.167.1 - - [03/Jul/2025:01:27:05 +0300] "HEAD /_db_server-3-realbeto/prank_wp/wp_aioseo_blc_posts.sql HTTP/1.1" 200 -
51.89.167.1 - - [03/Jul/2025:01:27:05 +0300] "GET /_db_server-3-realbeto/prank_wp/wp_aioseo_blc_posts.sql HTTP/1.1" 200 4057
51.89.167.1 - - [03/Jul/2025:01:27:05 +0300] "HEAD /_db_server-3-realbeto/prank_wp/wp_aioseo_cache.sql HTTP/1.1" 200 -
51.89.167.1 - - [03/Jul/2025:01:27:05 +0300] "GET /_db_server-3-realbeto/prank_wp/wp_aioseo_cache.sql HTTP/1.1" 200 15447
51.89.167.1 - - [03/Jul/2025:01:27:06 +0300] "HEAD /_db_server-3-realbeto/prank_wp/wp_aioseo_crawl_cleanup_blocked_args.sql HTTP/1.1" 200 -
51.89.167.1 - - [03/Jul/2025:01:27:06 +0300] "GET /_db_server-3-realbeto/prank_wp/wp_aioseo_crawl_cleanup_blocked_args.sql HTTP/1.1" 200 1931
57.129.16.41 - - [03/Jul/2025:01:27:06 +0300] "HEAD /_db_server-3-realbeto/sportbetcd/wpn2_registration_log.sql HTTP/1.1" 200 -
57.129.16.41 - - [03/Jul/2025:01:27:06 +0300] "GET /_db_server-3-realbeto/sportbetcd/wpn2_registration_log.sql HTTP/1.1" 200 1682
57.129.16.41 - - [03/Jul/2025:01:27:06 +0300] "HEAD /_db_server-3-realbeto/sportbetcd/wpn2_signups.sql HTTP/1.1" 200 -
57.129.16.41 - - [03/Jul/2025:01:27:06 +0300] "GET /_db_server-3-realbeto/sportbetcd/wpn2_signups.sql HTTP/1.1" 200 2466
51.89.167.1 - - [03/Jul/2025:01:27:06 +0300] "HEAD /_db_server-3-realbeto/prank_wp/wp_aioseo_crawl_cleanup_logs.sql HTTP/1.1" 200 -
51.89.167.1 - - [03/Jul/2025:01:27:06 +0300] "GET /_db_server-3-realbeto/prank_wp/wp_aioseo_crawl_cleanup_logs.sql HTTP/1.1" 200 1769
57.129.16.41 - - [03/Jul/2025:01:27:06 +0300] "HEAD /_db_server-3-realbeto/sportbetcd/wpn2_site.sql HTTP/1.1" 200 -
57.129.16.41 - - [03/Jul/2025:01:27:06 +0300] "GET /_db_server-3-realbeto/sportbetcd/wpn2_site.sql HTTP/1.1" 200 1649
51.89.167.1 - - [03/Jul/2025:01:27:06 +0300] "HEAD /_db_server-3-realbeto/prank_wp/wp_aioseo_notifications.sql HTTP/1.1" 200 -
51.89.167.1 - - [03/Jul/2025:01:27:06 +0300] "GET /_db_server-3-realbeto/prank_wp/wp_aioseo_notifications.sql HTTP/1.1" 200 15339
57.129.16.41 - - [03/Jul/2025:01:27:06 +0300] "HEAD /_db_server-3-realbeto/sportbetcd/wpn2_sitemeta.sql HTTP/1.1" 200 -
57.129.16.41 - - [03/Jul/2025:01:27:06 +0300] "GET /_db_server-3-realbeto/sportbetcd/wpn2_sitemeta.sql HTTP/1.1" 200 22719
51.89.167.1 - - [03/Jul/2025:01:27:06 +0300] "HEAD /_db_server-3-realbeto/prank_wp/wp_aioseo_posts.sql HTTP/1.1" 200 -
57.129.16.41 - - [03/Jul/2025:01:27:06 +0300] "HEAD /_db_server-3-realbeto/sportbetcd/wpn2_term_relationships.sql HTTP/1.1" 200 -
51.89.167.1 - - [03/Jul/2025:01:27:06 +0300] "GET /_db_server-3-realbeto/prank_wp/wp_aioseo_posts.sql HTTP/1.1" 200 52148
57.129.16.41 - - [03/Jul/2025:01:27:07 +0300] "GET /_db_server-3-realbeto/sportbetcd/wpn2_term_relationships.sql HTTP/1.1" 200 2674
57.129.16.41 - - [03/Jul/2025:01:27:07 +0300] "HEAD /_db_server-3-realbeto/sportbetcd/wpn2_term_taxonomy.sql HTTP/1.1" 200 -
51.89.167.1 - - [03/Jul/2025:01:27:07 +0300] "HEAD /_db_server-3-realbeto/prank_wp/wp_aioseo_writing_assistant_keywords.sql HTTP/1.1" 200 -
51.89.167.1 - - [03/Jul/2025:01:27:07 +0300] "GET /_db_server-3-realbeto/prank_wp/wp_aioseo_writing_assistant_keywords.sql HTTP/1.1" 200 2068
57.129.16.41 - - [03/Jul/2025:01:27:07 +0300] "GET /_db_server-3-realbeto/sportbetcd/wpn2_term_taxonomy.sql HTTP/1.1" 200 2851
57.129.16.41 - - [03/Jul/2025:01:27:07 +0300] "HEAD /_db_server-3-realbeto/sportbetcd/wpn2_termmeta.sql HTTP/1.1" 200 -
57.129.16.41 - - [03/Jul/2025:01:27:07 +0300] "GET /_db_server-3-realbeto/sportbetcd/wpn2_termmeta.sql HTTP/1.1" 200 1649
51.89.167.1 - - [03/Jul/2025:01:27:07 +0300] "HEAD /_db_server-3-realbeto/prank_wp/wp_aioseo_writing_assistant_posts.sql HTTP/1.1" 200 -
57.129.16.41 - - [03/Jul/2025:01:27:07 +0300] "HEAD /_db_server-3-realbeto/sportbetcd/wpn2_terms.sql HTTP/1.1" 200 -
51.89.167.1 - - [03/Jul/2025:01:27:07 +0300] "GET /_db_server-3-realbeto/prank_wp/wp_aioseo_writing_assistant_posts.sql HTTP/1.1" 200 1971
57.129.16.41 - - [03/Jul/2025:01:27:07 +0300] "GET /_db_server-3-realbeto/sportbetcd/wpn2_terms.sql HTTP/1.1" 200 2593
51.89.167.1 - - [03/Jul/2025:01:27:07 +0300] "HEAD /_db_server-3-realbeto/prank_wp/wp_commentmeta.sql HTTP/1.1" 200 -
57.129.16.41 - - [03/Jul/2025:01:27:07 +0300] "HEAD /_db_server-3-realbeto/sportbetcd/wpn2_usermeta.sql HTTP/1.1" 200 -
57.129.16.41 - - [03/Jul/2025:01:27:07 +0300] "GET /_db_server-3-realbeto/sportbetcd/wpn2_usermeta.sql HTTP/1.1" 200 6735
51.89.167.1 - - [03/Jul/2025:01:27:07 +0300] "GET /_db_server-3-realbeto/prank_wp/wp_commentmeta.sql HTTP/1.1" 200 1658
57.129.16.41 - - [03/Jul/2025:01:27:08 +0300] "HEAD /_db_server-3-realbeto/sportbetcd/wpn2_users.sql HTTP/1.1" 200 -
57.129.16.41 - - [03/Jul/2025:01:27:08 +0300] "GET /_db_server-3-realbeto/sportbetcd/wpn2_users.sql HTTP/1.1" 200 2617
51.89.167.1 - - [03/Jul/2025:01:27:08 +0300] "HEAD /_db_server-3-realbeto/prank_wp/wp_comments.sql HTTP/1.1" 200 -
57.129.16.41 - - [03/Jul/2025:01:27:08 +0300] "HEAD /_db_server-3-realbeto/sportbetcd/wpn2_wpforms_logs.sql HTTP/1.1" 200 -
51.89.167.1 - - [03/Jul/2025:01:27:08 +0300] "GET /_db_server-3-realbeto/prank_wp/wp_comments.sql HTTP/1.1" 200 2510
57.129.16.41 - - [03/Jul/2025:01:27:08 +0300] "GET /_db_server-3-realbeto/sportbetcd/wpn2_wpforms_logs.sql HTTP/1.1" 200 1695
57.129.16.41 - - [03/Jul/2025:01:27:08 +0300] "HEAD /_db_server-3-realbeto/sportbetcd/wpn2_wpforms_payment_meta.sql HTTP/1.1" 200 -
57.129.16.41 - - [03/Jul/2025:01:27:08 +0300] "GET /_db_server-3-realbeto/sportbetcd/wpn2_wpforms_payment_meta.sql HTTP/1.1" 200 1709
51.89.167.1 - - [03/Jul/2025:01:27:08 +0300] "HEAD /_db_server-3-realbeto/prank_wp/wp_links.sql HTTP/1.1" 200 -
51.89.167.1 - - [03/Jul/2025:01:27:08 +0300] "GET /_db_server-3-realbeto/prank_wp/wp_links.sql HTTP/1.1" 200 2071
57.129.16.41 - - [03/Jul/2025:01:27:08 +0300] "HEAD /_db_server-3-realbeto/sportbetcd/wpn2_wpforms_payments.sql HTTP/1.1" 200 -
57.129.16.41 - - [03/Jul/2025:01:27:08 +0300] "GET /_db_server-3-realbeto/sportbetcd/wpn2_wpforms_payments.sql HTTP/1.1" 200 2698
57.129.16.41 - - [03/Jul/2025:01:27:08 +0300] "HEAD /_db_server-3-realbeto/sportbetcd/wpn2_wpforms_tasks_meta.sql HTTP/1.1" 200 -
51.89.167.1 - - [03/Jul/2025:01:27:08 +0300] "HEAD /_db_server-3-realbeto/prank_wp/wp_options.sql HTTP/1.1" 200 -
57.129.16.41 - - [03/Jul/2025:01:27:09 +0300] "GET /_db_server-3-realbeto/superbetcd/ HTTP/1.1" 200 6938
57.129.16.41 - - [03/Jul/2025:01:27:09 +0300] "GET /_db_server-3-realbeto/sportbetcd/wpn2_wpforms_tasks_meta.sql HTTP/1.1" 200 1735
51.89.167.1 - - [03/Jul/2025:01:27:09 +0300] "GET /_db_server-3-realbeto/prank_wp/wp_options.sql HTTP/1.1" 200 322490
57.129.16.41 - - [03/Jul/2025:01:27:09 +0300] "HEAD /_db_server-3-realbeto/superbetcd/wpn2_actionscheduler_actions.sql HTTP/1.1" 200 -
57.129.16.41 - - [03/Jul/2025:01:27:09 +0300] "GET /_db_server-3-realbeto/superbetcd/wpn2_actionscheduler_actions.sql HTTP/1.1" 200 21943
51.89.167.1 - - [03/Jul/2025:01:27:09 +0300] "HEAD /_db_server-3-realbeto/prank_wp/wp_postmeta.sql HTTP/1.1" 200 -
57.129.16.41 - - [03/Jul/2025:01:27:09 +0300] "HEAD /_db_server-3-realbeto/superbetcd/wpn2_actionscheduler_claims.sql HTTP/1.1" 200 -
51.89.167.1 - - [03/Jul/2025:01:27:09 +0300] "GET /_db_server-3-realbeto/prank_wp/wp_postmeta.sql HTTP/1.1" 200 40675
57.129.16.41 - - [03/Jul/2025:01:27:09 +0300] "GET /_db_server-3-realbeto/superbetcd/wpn2_actionscheduler_claims.sql HTTP/1.1" 200 1638
51.89.167.1 - - [03/Jul/2025:01:27:09 +0300] "HEAD /_db_server-3-realbeto/prank_wp/wp_posts.sql HTTP/1.1" 200 -
57.129.16.41 - - [03/Jul/2025:01:27:09 +0300] "HEAD /_db_server-3-realbeto/superbetcd/wpn2_actionscheduler_groups.sql HTTP/1.1" 200 -
51.89.167.1 - - [03/Jul/2025:01:27:09 +0300] "GET /_db_server-3-realbeto/prank_wp/wp_posts.sql HTTP/1.1" 200 523665
57.129.16.41 - - [03/Jul/2025:01:27:09 +0300] "GET /_db_server-3-realbeto/superbetcd/wpn2_actionscheduler_groups.sql HTTP/1.1" 200 1712
57.129.16.41 - - [03/Jul/2025:01:27:09 +0300] "HEAD /_db_server-3-realbeto/superbetcd/wpn2_actionscheduler_logs.sql HTTP/1.1" 200 -
57.129.16.41 - - [03/Jul/2025:01:27:09 +0300] "GET /_db_server-3-realbeto/superbetcd/wpn2_actionscheduler_logs.sql HTTP/1.1" 200 11378
57.129.16.41 - - [03/Jul/2025:01:27:10 +0300] "HEAD /_db_server-3-realbeto/superbetcd/wpn2_blogmeta.sql HTTP/1.1" 200 -
57.129.16.41 - - [03/Jul/2025:01:27:10 +0300] "GET /_db_server-3-realbeto/superbetcd/wpn2_blogmeta.sql HTTP/1.1" 200 1640
51.89.167.1 - - [03/Jul/2025:01:27:10 +0300] "HEAD /_db_server-3-realbeto/prank_wp/wp_tagembed_active_options.sql HTTP/1.1" 200 -
57.129.16.41 - - [03/Jul/2025:01:27:10 +0300] "HEAD /_db_server-3-realbeto/superbetcd/wpn2_blogs.sql HTTP/1.1" 200 -
51.89.167.1 - - [03/Jul/2025:01:27:10 +0300] "GET /_db_server-3-realbeto/prank_wp/wp_tagembed_active_options.sql HTTP/1.1" 200 1547
57.129.16.41 - - [03/Jul/2025:01:27:10 +0300] "GET /_db_server-3-realbeto/superbetcd/wpn2_blogs.sql HTTP/1.1" 200 2300
57.129.16.41 - - [03/Jul/2025:01:27:10 +0300] "HEAD /_db_server-3-realbeto/superbetcd/wpn2_commentmeta.sql HTTP/1.1" 200 -
51.89.167.1 - - [03/Jul/2025:01:27:10 +0300] "HEAD /_db_server-3-realbeto/prank_wp/wp_tagembed_user.sql HTTP/1.1" 200 -
51.89.167.1 - - [03/Jul/2025:01:27:10 +0300] "GET /_db_server-3-realbeto/prank_wp/wp_tagembed_user.sql HTTP/1.1" 200 1611
57.129.16.41 - - [03/Jul/2025:01:27:10 +0300] "GET /_db_server-3-realbeto/superbetcd/wpn2_commentmeta.sql HTTP/1.1" 200 1670
57.129.16.41 - - [03/Jul/2025:01:27:10 +0300] "HEAD /_db_server-3-realbeto/superbetcd/wpn2_comments.sql HTTP/1.1" 200 -
51.89.167.1 - - [03/Jul/2025:01:27:10 +0300] "HEAD /_db_server-3-realbeto/prank_wp/wp_term_relationships.sql HTTP/1.1" 200 -
57.129.16.41 - - [03/Jul/2025:01:27:10 +0300] "GET /_db_server-3-realbeto/superbetcd/wpn2_comments.sql HTTP/1.1" 200 3218
51.89.167.1 - - [03/Jul/2025:01:27:10 +0300] "GET /_db_server-3-realbeto/prank_wp/wp_term_relationships.sql HTTP/1.1" 200 2549
57.129.16.41 - - [03/Jul/2025:01:27:10 +0300] "HEAD /_db_server-3-realbeto/superbetcd/wpn2_links.sql HTTP/1.1" 200 -
57.129.16.41 - - [03/Jul/2025:01:27:10 +0300] "GET /_db_server-3-realbeto/superbetcd/wpn2_links.sql HTTP/1.1" 200 2083
51.89.167.1 - - [03/Jul/2025:01:27:11 +0300] "HEAD /_db_server-3-realbeto/prank_wp/wp_term_taxonomy.sql HTTP/1.1" 200 -
57.129.16.41 - - [03/Jul/2025:01:27:11 +0300] "HEAD /_db_server-3-realbeto/superbetcd/wpn2_loginizer_logs.sql HTTP/1.1" 200 -
57.129.16.41 - - [03/Jul/2025:01:27:11 +0300] "GET /_db_server-3-realbeto/superbetcd/wpn2_loginizer_logs.sql HTTP/1.1" 200 7700
51.89.167.1 - - [03/Jul/2025:01:27:11 +0300] "GET /_db_server-3-realbeto/prank_wp/wp_term_taxonomy.sql HTTP/1.1" 200 2493
57.129.16.41 - - [03/Jul/2025:01:27:11 +0300] "HEAD /_db_server-3-realbeto/superbetcd/wpn2_options.sql HTTP/1.1" 200 -
57.129.16.41 - - [03/Jul/2025:01:27:11 +0300] "GET /_db_server-3-realbeto/superbetcd/wpn2_options.sql HTTP/1.1" 200 177755
51.89.167.1 - - [03/Jul/2025:01:27:11 +0300] "HEAD /_db_server-3-realbeto/prank_wp/wp_termmeta.sql HTTP/1.1" 200 -
51.89.167.1 - - [03/Jul/2025:01:27:11 +0300] "GET /_db_server-3-realbeto/prank_wp/wp_termmeta.sql HTTP/1.1" 200 1637
57.129.16.41 - - [03/Jul/2025:01:27:11 +0300] "HEAD /_db_server-3-realbeto/superbetcd/wpn2_postmeta.sql HTTP/1.1" 200 -
51.89.167.1 - - [03/Jul/2025:01:27:11 +0300] "HEAD /_db_server-3-realbeto/prank_wp/wp_terms.sql HTTP/1.1" 200 -
51.89.167.1 - - [03/Jul/2025:01:27:11 +0300] "GET /_db_server-3-realbeto/prank_wp/wp_terms.sql HTTP/1.1" 200 2255
57.129.16.41 - - [03/Jul/2025:01:27:11 +0300] "GET /_db_server-3-realbeto/superbetcd/wpn2_postmeta.sql HTTP/1.1" 200 436655
51.89.167.1 - - [03/Jul/2025:01:27:12 +0300] "HEAD /_db_server-3-realbeto/prank_wp/wp_usermeta.sql HTTP/1.1" 200 -
51.89.167.1 - - [03/Jul/2025:01:27:12 +0300] "GET /_db_server-3-realbeto/prank_wp/wp_usermeta.sql HTTP/1.1" 200 14721
57.129.16.41 - - [03/Jul/2025:01:27:12 +0300] "HEAD /_db_server-3-realbeto/superbetcd/wpn2_posts.sql HTTP/1.1" 200 -
57.129.16.41 - - [03/Jul/2025:01:27:12 +0300] "GET /_db_server-3-realbeto/superbetcd/wpn2_posts.sql HTTP/1.1" 200 2894502
51.89.167.1 - - [03/Jul/2025:01:27:12 +0300] "HEAD /_db_server-3-realbeto/prank_wp/wp_users.sql HTTP/1.1" 200 -
51.89.167.1 - - [03/Jul/2025:01:27:12 +0300] "GET /_db_server-3-realbeto/prank_wp/wp_users.sql HTTP/1.1" 200 2370
