57.129.16.41 - - [03/Jul/2025:01:24:34 +0300] "GET /_db_server-3-realbeto/888maxbetcom/wpn2_wpforms_payments.sql HTTP/1.1" 200 2702
51.89.167.1 - - [03/Jul/2025:01:24:34 +0300] "HEAD /_db_server-3-realbeto/carpsilviuionut/tds_companies.sql HTTP/1.1" 200 -
57.129.16.41 - - [03/Jul/2025:01:24:34 +0300] "HEAD /_db_server-3-realbeto/888maxbetcom/wpn2_wpforms_tasks_meta.sql HTTP/1.1" 200 -
57.129.16.41 - - [03/Jul/2025:01:24:34 +0300] "GET /_db_server-3-realbeto/alyblog/ HTTP/1.1" 200 7028
57.129.16.41 - - [03/Jul/2025:01:24:34 +0300] "GET /_db_server-3-realbeto/888maxbetcom/wpn2_wpforms_tasks_meta.sql HTTP/1.1" 200 1807
51.89.167.1 - - [03/Jul/2025:01:24:34 +0300] "GET /_db_server-3-realbeto/carpsilviuionut/tds_companies.sql HTTP/1.1" 200 2463
57.129.16.41 - - [03/Jul/2025:01:24:34 +0300] "HEAD /_db_server-3-realbeto/alyblog/DELETE_POSTS_DEFAULT_CATEG.sql HTTP/1.1" 200 -
57.129.16.41 - - [03/Jul/2025:01:24:34 +0300] "GET /_db_server-3-realbeto/alyblog/DELETE_POSTS_DEFAULT_CATEG.sql HTTP/1.1" 200 1491
51.89.167.1 - - [03/Jul/2025:01:24:34 +0300] "HEAD /_db_server-3-realbeto/carpsilviuionut/tds_coupons.sql HTTP/1.1" 200 -
51.89.167.1 - - [03/Jul/2025:01:24:34 +0300] "GET /_db_server-3-realbeto/carpsilviuionut/tds_coupons.sql HTTP/1.1" 200 1669
57.129.16.41 - - [03/Jul/2025:01:24:34 +0300] "HEAD /_db_server-3-realbeto/alyblog/alyblog_blogs.sql HTTP/1.1" 200 -
57.129.16.41 - - [03/Jul/2025:01:24:34 +0300] "GET /_db_server-3-realbeto/alyblog/alyblog_blogs.sql HTTP/1.1" 200 2313
51.89.167.1 - - [03/Jul/2025:01:24:34 +0300] "HEAD /_db_server-3-realbeto/carpsilviuionut/tds_options.sql HTTP/1.1" 200 -
51.89.167.1 - - [03/Jul/2025:01:24:34 +0300] "GET /_db_server-3-realbeto/carpsilviuionut/tds_options.sql HTTP/1.1" 200 8805
57.129.16.41 - - [03/Jul/2025:01:24:34 +0300] "HEAD /_db_server-3-realbeto/alyblog/alyblog_commentmeta.sql HTTP/1.1" 200 -
57.129.16.41 - - [03/Jul/2025:01:24:34 +0300] "GET /_db_server-3-realbeto/alyblog/alyblog_commentmeta.sql HTTP/1.1" 200 1676
51.89.167.1 - - [03/Jul/2025:01:24:35 +0300] "HEAD /_db_server-3-realbeto/carpsilviuionut/tds_payment_bank.sql HTTP/1.1" 200 -
51.89.167.1 - - [03/Jul/2025:01:24:35 +0300] "GET /_db_server-3-realbeto/carpsilviuionut/tds_payment_bank.sql HTTP/1.1" 200 2508
57.129.16.41 - - [03/Jul/2025:01:24:35 +0300] "HEAD /_db_server-3-realbeto/alyblog/alyblog_comments.sql HTTP/1.1" 200 -
57.129.16.41 - - [03/Jul/2025:01:24:35 +0300] "GET /_db_server-3-realbeto/alyblog/alyblog_comments.sql HTTP/1.1" 200 2459
51.89.167.1 - - [03/Jul/2025:01:24:35 +0300] "HEAD /_db_server-3-realbeto/carpsilviuionut/tds_payment_paypal.sql HTTP/1.1" 200 -
57.129.16.41 - - [03/Jul/2025:01:24:35 +0300] "HEAD /_db_server-3-realbeto/alyblog/alyblog_e_events.sql HTTP/1.1" 200 -
51.89.167.1 - - [03/Jul/2025:01:24:35 +0300] "GET /_db_server-3-realbeto/carpsilviuionut/tds_payment_paypal.sql HTTP/1.1" 200 1678
57.129.16.41 - - [03/Jul/2025:01:24:35 +0300] "GET /_db_server-3-realbeto/alyblog/alyblog_e_events.sql HTTP/1.1" 200 1557
57.129.16.41 - - [03/Jul/2025:01:24:35 +0300] "HEAD /_db_server-3-realbeto/alyblog/alyblog_links.sql HTTP/1.1" 200 -
51.89.167.1 - - [03/Jul/2025:01:24:35 +0300] "HEAD /_db_server-3-realbeto/carpsilviuionut/tds_payment_stripe.sql HTTP/1.1" 200 -
57.129.16.41 - - [03/Jul/2025:01:24:35 +0300] "GET /_db_server-3-realbeto/alyblog/alyblog_links.sql HTTP/1.1" 200 2063
51.89.167.1 - - [03/Jul/2025:01:24:35 +0300] "GET /_db_server-3-realbeto/carpsilviuionut/tds_payment_stripe.sql HTTP/1.1" 200 2031
57.129.16.41 - - [03/Jul/2025:01:24:35 +0300] "HEAD /_db_server-3-realbeto/alyblog/alyblog_nfd_data_event_queue.sql HTTP/1.1" 200 -
57.129.16.41 - - [03/Jul/2025:01:24:35 +0300] "GET /_db_server-3-realbeto/alyblog/alyblog_nfd_data_event_queue.sql HTTP/1.1" 200 1671
51.89.167.1 - - [03/Jul/2025:01:24:35 +0300] "HEAD /_db_server-3-realbeto/carpsilviuionut/tds_paypal_payments.sql HTTP/1.1" 200 -
205.169.39.44 - - [03/Jul/2025:01:24:35 +0300] "GET / HTTP/1.1" 200 3899
51.89.167.1 - - [03/Jul/2025:01:24:35 +0300] "GET /_db_server-3-realbeto/carpsilviuionut/tds_paypal_payments.sql HTTP/1.1" 200 2316
57.129.16.41 - - [03/Jul/2025:01:24:35 +0300] "HEAD /_db_server-3-realbeto/alyblog/alyblog_options.sql HTTP/1.1" 200 -
51.89.167.1 - - [03/Jul/2025:01:24:35 +0300] "HEAD /_db_server-3-realbeto/carpsilviuionut/tds_plans.sql HTTP/1.1" 200 -
57.129.16.41 - - [03/Jul/2025:01:24:35 +0300] "GET /_db_server-3-realbeto/alyblog/alyblog_options.sql HTTP/1.1" 200 1281367
51.89.167.1 - - [03/Jul/2025:01:24:36 +0300] "GET /_db_server-3-realbeto/carpsilviuionut/tds_plans.sql HTTP/1.1" 200 3215
51.89.167.1 - - [03/Jul/2025:01:24:36 +0300] "HEAD /_db_server-3-realbeto/carpsilviuionut/tds_subscriptions.sql HTTP/1.1" 200 -
51.89.167.1 - - [03/Jul/2025:01:24:36 +0300] "GET /_db_server-3-realbeto/carpsilviuionut/tds_subscriptions.sql HTTP/1.1" 200 3477
51.89.167.1 - - [03/Jul/2025:01:24:36 +0300] "HEAD /_db_server-3-realbeto/carpsilviuionut/tds_trackings.sql HTTP/1.1" 200 -
57.129.16.41 - - [03/Jul/2025:01:24:36 +0300] "HEAD /_db_server-3-realbeto/alyblog/alyblog_postmeta.sql HTTP/1.1" 200 -
51.89.167.1 - - [03/Jul/2025:01:24:36 +0300] "GET /_db_server-3-realbeto/carpsilviuionut/tds_trackings.sql HTTP/1.1" 200 1669
57.129.16.41 - - [03/Jul/2025:01:24:36 +0300] "GET /_db_server-3-realbeto/alyblog/alyblog_postmeta.sql HTTP/1.1" 200 1314861
51.89.167.1 - - [03/Jul/2025:01:24:36 +0300] "HEAD /_db_server-3-realbeto/carpsilviuionut/tds_trackings_templates.sql HTTP/1.1" 200 -
51.89.167.1 - - [03/Jul/2025:01:24:36 +0300] "GET /_db_server-3-realbeto/carpsilviuionut/tds_trackings_templates.sql HTTP/1.1" 200 3850
51.89.167.1 - - [03/Jul/2025:01:24:36 +0300] "HEAD /_db_server-3-realbeto/carpsilviuionut/wpcsi_actionscheduler_actions.sql HTTP/1.1" 200 -
57.129.16.41 - - [03/Jul/2025:01:24:37 +0300] "HEAD /_db_server-3-realbeto/alyblog/alyblog_posts.sql HTTP/1.1" 200 -
51.89.167.1 - - [03/Jul/2025:01:24:37 +0300] "GET /_db_server-3-realbeto/carpsilviuionut/wpcsi_actionscheduler_actions.sql HTTP/1.1" 200 7102
57.129.16.41 - - [03/Jul/2025:01:24:37 +0300] "GET /_db_server-3-realbeto/alyblog/alyblog_posts.sql HTTP/1.1" 200 4420196
51.89.167.1 - - [03/Jul/2025:01:24:37 +0300] "HEAD /_db_server-3-realbeto/carpsilviuionut/wpcsi_actionscheduler_claims.sql HTTP/1.1" 200 -
51.89.167.1 - - [03/Jul/2025:01:24:37 +0300] "GET /_db_server-3-realbeto/carpsilviuionut/wpcsi_actionscheduler_claims.sql HTTP/1.1" 200 1649
51.89.167.1 - - [03/Jul/2025:01:24:37 +0300] "HEAD /_db_server-3-realbeto/carpsilviuionut/wpcsi_actionscheduler_groups.sql HTTP/1.1" 200 -
51.89.167.1 - - [03/Jul/2025:01:24:37 +0300] "GET /_db_server-3-realbeto/carpsilviuionut/wpcsi_actionscheduler_groups.sql HTTP/1.1" 200 1727
51.89.167.1 - - [03/Jul/2025:01:24:37 +0300] "HEAD /_db_server-3-realbeto/carpsilviuionut/wpcsi_actionscheduler_logs.sql HTTP/1.1" 200 -
51.89.167.1 - - [03/Jul/2025:01:24:37 +0300] "GET /_db_server-3-realbeto/carpsilviuionut/wpcsi_actionscheduler_logs.sql HTTP/1.1" 200 4055
51.89.167.1 - - [03/Jul/2025:01:24:37 +0300] "HEAD /_db_server-3-realbeto/carpsilviuionut/wpcsi_bwg_album.sql HTTP/1.1" 200 -
51.89.167.1 - - [03/Jul/2025:01:24:37 +0300] "GET /_db_server-3-realbeto/carpsilviuionut/wpcsi_bwg_album.sql HTTP/1.1" 200 1777
51.89.167.1 - - [03/Jul/2025:01:24:38 +0300] "HEAD /_db_server-3-realbeto/carpsilviuionut/wpcsi_bwg_album_gallery.sql HTTP/1.1" 200 -
51.89.167.1 - - [03/Jul/2025:01:24:38 +0300] "GET /_db_server-3-realbeto/carpsilviuionut/wpcsi_bwg_album_gallery.sql HTTP/1.1" 200 1619
51.89.167.1 - - [03/Jul/2025:01:24:38 +0300] "HEAD /_db_server-3-realbeto/carpsilviuionut/wpcsi_bwg_file_paths.sql HTTP/1.1" 200 -
51.89.167.1 - - [03/Jul/2025:01:24:38 +0300] "GET /_db_server-3-realbeto/carpsilviuionut/wpcsi_bwg_file_paths.sql HTTP/1.1" 200 8138
51.89.167.1 - - [03/Jul/2025:01:24:38 +0300] "HEAD /_db_server-3-realbeto/carpsilviuionut/wpcsi_bwg_gallery.sql HTTP/1.1" 200 -
51.89.167.1 - - [03/Jul/2025:01:24:38 +0300] "GET /_db_server-3-realbeto/carpsilviuionut/wpcsi_bwg_gallery.sql HTTP/1.1" 200 2681
57.129.16.41 - - [03/Jul/2025:01:24:38 +0300] "HEAD /_db_server-3-realbeto/alyblog/alyblog_site.sql HTTP/1.1" 200 -
57.129.16.41 - - [03/Jul/2025:01:24:38 +0300] "GET /_db_server-3-realbeto/alyblog/alyblog_site.sql HTTP/1.1" 200 1662
51.89.167.1 - - [03/Jul/2025:01:24:38 +0300] "HEAD /_db_server-3-realbeto/carpsilviuionut/wpcsi_bwg_image.sql HTTP/1.1" 200 -
51.89.167.1 - - [03/Jul/2025:01:24:39 +0300] "GET /_db_server-3-realbeto/carpsilviuionut/wpcsi_bwg_image.sql HTTP/1.1" 200 8930
57.129.16.41 - - [03/Jul/2025:01:24:39 +0300] "HEAD /_db_server-3-realbeto/alyblog/alyblog_sitemeta.sql HTTP/1.1" 200 -
57.129.16.41 - - [03/Jul/2025:01:24:39 +0300] "GET /_db_server-3-realbeto/alyblog/alyblog_sitemeta.sql HTTP/1.1" 200 21632
51.89.167.1 - - [03/Jul/2025:01:24:39 +0300] "HEAD /_db_server-3-realbeto/carpsilviuionut/wpcsi_bwg_image_comment.sql HTTP/1.1" 200 -
57.129.16.41 - - [03/Jul/2025:01:24:39 +0300] "HEAD /_db_server-3-realbeto/alyblog/alyblog_term_relationships.sql HTTP/1.1" 200 -
51.89.167.1 - - [03/Jul/2025:01:24:39 +0300] "GET /_db_server-3-realbeto/carpsilviuionut/wpcsi_bwg_image_comment.sql HTTP/1.1" 200 1711
57.129.16.41 - - [03/Jul/2025:01:24:39 +0300] "GET /_db_server-3-realbeto/alyblog/alyblog_term_relationships.sql HTTP/1.1" 200 12069
51.89.167.1 - - [03/Jul/2025:01:24:39 +0300] "HEAD /_db_server-3-realbeto/carpsilviuionut/wpcsi_bwg_image_rate.sql HTTP/1.1" 200 -
57.129.16.41 - - [03/Jul/2025:01:24:39 +0300] "HEAD /_db_server-3-realbeto/alyblog/alyblog_term_taxonomy.sql HTTP/1.1" 200 -
51.89.167.1 - - [03/Jul/2025:01:24:39 +0300] "GET /_db_server-3-realbeto/carpsilviuionut/wpcsi_bwg_image_rate.sql HTTP/1.1" 200 1591
57.129.16.41 - - [03/Jul/2025:01:24:39 +0300] "GET /_db_server-3-realbeto/alyblog/alyblog_term_taxonomy.sql HTTP/1.1" 200 4883
57.129.16.41 - - [03/Jul/2025:01:24:39 +0300] "HEAD /_db_server-3-realbeto/alyblog/alyblog_termmeta.sql HTTP/1.1" 200 -
51.89.167.1 - - [03/Jul/2025:01:24:39 +0300] "HEAD /_db_server-3-realbeto/carpsilviuionut/wpcsi_bwg_image_tag.sql HTTP/1.1" 200 -
57.129.16.41 - - [03/Jul/2025:01:24:39 +0300] "GET /_db_server-3-realbeto/alyblog/alyblog_termmeta.sql HTTP/1.1" 200 2109
51.89.167.1 - - [03/Jul/2025:01:24:39 +0300] "GET /_db_server-3-realbeto/carpsilviuionut/wpcsi_bwg_image_tag.sql HTTP/1.1" 200 1569
57.129.16.41 - - [03/Jul/2025:01:24:39 +0300] "HEAD /_db_server-3-realbeto/alyblog/alyblog_terms.sql HTTP/1.1" 200 -
57.129.16.41 - - [03/Jul/2025:01:24:39 +0300] "GET /_db_server-3-realbeto/alyblog/alyblog_terms.sql HTTP/1.1" 200 4407
51.89.167.1 - - [03/Jul/2025:01:24:39 +0300] "HEAD /_db_server-3-realbeto/carpsilviuionut/wpcsi_bwg_shortcode.sql HTTP/1.1" 200 -
57.129.16.41 - - [03/Jul/2025:01:24:39 +0300] "HEAD /_db_server-3-realbeto/alyblog/alyblog_usermeta.sql HTTP/1.1" 200 -
51.89.167.1 - - [03/Jul/2025:01:24:40 +0300] "GET /_db_server-3-realbeto/carpsilviuionut/wpcsi_bwg_shortcode.sql HTTP/1.1" 200 8866
57.129.16.41 - - [03/Jul/2025:01:24:40 +0300] "GET /_db_server-3-realbeto/alyblog/alyblog_usermeta.sql HTTP/1.1" 200 94091
57.129.16.41 - - [03/Jul/2025:01:24:40 +0300] "HEAD /_db_server-3-realbeto/alyblog/alyblog_users.sql HTTP/1.1" 200 -
57.129.16.41 - - [03/Jul/2025:01:24:40 +0300] "GET /_db_server-3-realbeto/alyblog/alyblog_users.sql HTTP/1.1" 200 2352
51.89.167.1 - - [03/Jul/2025:01:24:40 +0300] "HEAD /_db_server-3-realbeto/carpsilviuionut/wpcsi_bwg_theme.sql HTTP/1.1" 200 -
51.89.167.1 - - [03/Jul/2025:01:24:40 +0300] "GET /_db_server-3-realbeto/carpsilviuionut/wpcsi_bwg_theme.sql HTTP/1.1" 200 42554
57.129.16.41 - - [03/Jul/2025:01:24:40 +0300] "HEAD /_db_server-3-realbeto/alyblog/alyblog_wpforms_logs.sql HTTP/1.1" 200 -
57.129.16.41 - - [03/Jul/2025:01:24:40 +0300] "GET /_db_server-3-realbeto/alyblog/alyblog_wpforms_logs.sql HTTP/1.1" 200 1701
51.89.167.1 - - [03/Jul/2025:01:24:40 +0300] "HEAD /_db_server-3-realbeto/carpsilviuionut/wpcsi_cky_banners.sql HTTP/1.1" 200 -
57.129.16.41 - - [03/Jul/2025:01:24:40 +0300] "HEAD /_db_server-3-realbeto/alyblog/alyblog_wpforms_payment_meta.sql HTTP/1.1" 200 -
51.89.167.1 - - [03/Jul/2025:01:24:40 +0300] "GET /_db_server-3-realbeto/carpsilviuionut/wpcsi_cky_banners.sql HTTP/1.1" 200 21294
57.129.16.41 - - [03/Jul/2025:01:24:40 +0300] "GET /_db_server-3-realbeto/alyblog/alyblog_wpforms_payment_meta.sql HTTP/1.1" 200 1715
57.129.16.41 - - [03/Jul/2025:01:24:40 +0300] "HEAD /_db_server-3-realbeto/alyblog/alyblog_wpforms_payments.sql HTTP/1.1" 200 -
51.89.167.1 - - [03/Jul/2025:01:24:40 +0300] "HEAD /_db_server-3-realbeto/carpsilviuionut/wpcsi_cky_cookie_categories.sql HTTP/1.1" 200 -
57.129.16.41 - - [03/Jul/2025:01:24:40 +0300] "GET /_db_server-3-realbeto/alyblog/alyblog_wpforms_payments.sql HTTP/1.1" 200 2704
51.89.167.1 - - [03/Jul/2025:01:24:40 +0300] "GET /_db_server-3-realbeto/carpsilviuionut/wpcsi_cky_cookie_categories.sql HTTP/1.1" 200 3817
57.129.16.41 - - [03/Jul/2025:01:24:40 +0300] "HEAD /_db_server-3-realbeto/alyblog/alyblog_wpforms_tasks_meta.sql HTTP/1.1" 200 -
57.129.16.41 - - [03/Jul/2025:01:24:40 +0300] "GET /_db_server-3-realbeto/alyblog/alyblog_wpforms_tasks_meta.sql HTTP/1.1" 200 1744
51.89.167.1 - - [03/Jul/2025:01:24:41 +0300] "HEAD /_db_server-3-realbeto/carpsilviuionut/wpcsi_cky_cookies.sql HTTP/1.1" 200 -
51.89.167.1 - - [03/Jul/2025:01:24:41 +0300] "GET /_db_server-3-realbeto/carpsilviuionut/wpcsi_cky_cookies.sql HTTP/1.1" 200 2016
57.129.16.41 - - [03/Jul/2025:01:24:41 +0300] "HEAD /_db_server-3-realbeto/alyblog/alyblog_yoast_indexable.sql HTTP/1.1" 200 -
57.129.16.41 - - [03/Jul/2025:01:24:41 +0300] "GET /_db_server-3-realbeto/alyblog/alyblog_yoast_indexable.sql HTTP/1.1" 200 410436
51.89.167.1 - - [03/Jul/2025:01:24:41 +0300] "HEAD /_db_server-3-realbeto/carpsilviuionut/wpcsi_commentmeta.sql HTTP/1.1" 200 -
51.89.167.1 - - [03/Jul/2025:01:24:41 +0300] "GET /_db_server-3-realbeto/carpsilviuionut/wpcsi_commentmeta.sql HTTP/1.1" 200 1701
51.89.167.1 - - [03/Jul/2025:01:24:41 +0300] "HEAD /_db_server-3-realbeto/carpsilviuionut/wpcsi_comments.sql HTTP/1.1" 200 -
51.89.167.1 - - [03/Jul/2025:01:24:41 +0300] "GET /_db_server-3-realbeto/carpsilviuionut/wpcsi_comments.sql HTTP/1.1" 200 2536
57.129.16.41 - - [03/Jul/2025:01:24:41 +0300] "HEAD /_db_server-3-realbeto/alyblog/alyblog_yoast_indexable_hierarchy.sql HTTP/1.1" 200 -
57.129.16.41 - - [03/Jul/2025:01:24:41 +0300] "GET /_db_server-3-realbeto/alyblog/alyblog_yoast_indexable_hierarchy.sql HTTP/1.1" 200 11127
51.89.167.1 - - [03/Jul/2025:01:24:41 +0300] "HEAD /_db_server-3-realbeto/carpsilviuionut/wpcsi_links.sql HTTP/1.1" 200 -
51.89.167.1 - - [03/Jul/2025:01:24:41 +0300] "GET /_db_server-3-realbeto/carpsilviuionut/wpcsi_links.sql HTTP/1.1" 200 2097
57.129.16.41 - - [03/Jul/2025:01:24:41 +0300] "HEAD /_db_server-3-realbeto/alyblog/alyblog_yoast_migrations.sql HTTP/1.1" 200 -
57.129.16.41 - - [03/Jul/2025:01:24:41 +0300] "GET /_db_server-3-realbeto/alyblog/alyblog_yoast_migrations.sql HTTP/1.1" 200 2275
57.129.16.41 - - [03/Jul/2025:01:24:42 +0300] "HEAD /_db_server-3-realbeto/alyblog/alyblog_yoast_primary_term.sql HTTP/1.1" 200 -
57.129.16.41 - - [03/Jul/2025:01:24:42 +0300] "GET /_db_server-3-realbeto/alyblog/alyblog_yoast_primary_term.sql HTTP/1.1" 200 17088
51.89.167.1 - - [03/Jul/2025:01:24:42 +0300] "HEAD /_db_server-3-realbeto/carpsilviuionut/wpcsi_options.sql HTTP/1.1" 200 -
57.129.16.41 - - [03/Jul/2025:01:24:42 +0300] "HEAD /_db_server-3-realbeto/alyblog/alyblog_yoast_seo_links.sql HTTP/1.1" 200 -
57.129.16.41 - - [03/Jul/2025:01:24:42 +0300] "GET /_db_server-3-realbeto/carpsilviuionut/ HTTP/1.1" 200 15771
57.129.16.41 - - [03/Jul/2025:01:24:42 +0300] "GET /_db_server-3-realbeto/alyblog/alyblog_yoast_seo_links.sql HTTP/1.1" 200 146799
51.89.167.1 - - [03/Jul/2025:01:24:42 +0300] "HEAD /_db_server-3-realbeto/carpsilviuionut/wpcsi_postmeta.sql HTTP/1.1" 200 -
51.89.167.1 - - [03/Jul/2025:01:24:42 +0300] "HEAD /_db_server-3-realbeto/carpsilviuionut/wpcsi_posts.sql HTTP/1.1" 200 -
57.129.16.41 - - [03/Jul/2025:01:24:42 +0300] "HEAD /_db_server-3-realbeto/carpsilviuionut/REMOVE_DEFAULT_CATEGS.sql HTTP/1.1" 200 -
57.129.16.41 - - [03/Jul/2025:01:24:42 +0300] "GET /_db_server-3-realbeto/carpsilviuionut/REMOVE_DEFAULT_CATEGS.sql HTTP/1.1" 200 1513
57.129.16.41 - - [03/Jul/2025:01:24:42 +0300] "HEAD /_db_server-3-realbeto/carpsilviuionut/tds_billing.sql HTTP/1.1" 200 -
57.129.16.41 - - [03/Jul/2025:01:24:42 +0300] "GET /_db_server-3-realbeto/carpsilviuionut/tds_billing.sql HTTP/1.1" 200 1986
51.89.167.1 - - [03/Jul/2025:01:24:42 +0300] "HEAD /_db_server-3-realbeto/carpsilviuionut/wpcsi_redirection_404.sql HTTP/1.1" 200 -
51.89.167.1 - - [03/Jul/2025:01:24:42 +0300] "GET /_db_server-3-realbeto/carpsilviuionut/wpcsi_redirection_404.sql HTTP/1.1" 200 2226610
57.129.16.41 - - [03/Jul/2025:01:24:42 +0300] "HEAD /_db_server-3-realbeto/carpsilviuionut/tds_companies.sql HTTP/1.1" 200 -
57.129.16.41 - - [03/Jul/2025:01:24:43 +0300] "GET /_db_server-3-realbeto/carpsilviuionut/tds_companies.sql HTTP/1.1" 200 2463
57.129.16.41 - - [03/Jul/2025:01:24:43 +0300] "HEAD /_db_server-3-realbeto/carpsilviuionut/tds_coupons.sql HTTP/1.1" 200 -
57.129.16.41 - - [03/Jul/2025:01:24:43 +0300] "GET /_db_server-3-realbeto/carpsilviuionut/tds_coupons.sql HTTP/1.1" 200 1669
57.129.16.41 - - [03/Jul/2025:01:24:43 +0300] "HEAD /_db_server-3-realbeto/carpsilviuionut/tds_options.sql HTTP/1.1" 200 -
57.129.16.41 - - [03/Jul/2025:01:24:43 +0300] "GET /_db_server-3-realbeto/carpsilviuionut/tds_options.sql HTTP/1.1" 200 8805
57.129.16.41 - - [03/Jul/2025:01:24:43 +0300] "HEAD /_db_server-3-realbeto/carpsilviuionut/tds_payment_bank.sql HTTP/1.1" 200 -
57.129.16.41 - - [03/Jul/2025:01:24:43 +0300] "GET /_db_server-3-realbeto/carpsilviuionut/tds_payment_bank.sql HTTP/1.1" 200 2508
57.129.16.41 - - [03/Jul/2025:01:24:43 +0300] "HEAD /_db_server-3-realbeto/carpsilviuionut/tds_payment_paypal.sql HTTP/1.1" 200 -
57.129.16.41 - - [03/Jul/2025:01:24:43 +0300] "GET /_db_server-3-realbeto/carpsilviuionut/tds_payment_paypal.sql HTTP/1.1" 200 1678
57.129.16.41 - - [03/Jul/2025:01:24:43 +0300] "HEAD /_db_server-3-realbeto/carpsilviuionut/tds_payment_stripe.sql HTTP/1.1" 200 -
57.129.16.41 - - [03/Jul/2025:01:24:44 +0300] "GET /_db_server-3-realbeto/carpsilviuionut/tds_payment_stripe.sql HTTP/1.1" 200 2031
57.129.16.41 - - [03/Jul/2025:01:24:44 +0300] "HEAD /_db_server-3-realbeto/carpsilviuionut/tds_paypal_payments.sql HTTP/1.1" 200 -
57.129.16.41 - - [03/Jul/2025:01:24:44 +0300] "GET /_db_server-3-realbeto/carpsilviuionut/tds_paypal_payments.sql HTTP/1.1" 200 2316
57.129.16.41 - - [03/Jul/2025:01:24:44 +0300] "HEAD /_db_server-3-realbeto/carpsilviuionut/tds_plans.sql HTTP/1.1" 200 -
57.129.16.41 - - [03/Jul/2025:01:24:44 +0300] "GET /_db_server-3-realbeto/carpsilviuionut/tds_plans.sql HTTP/1.1" 200 3215
57.129.16.41 - - [03/Jul/2025:01:24:44 +0300] "HEAD /_db_server-3-realbeto/carpsilviuionut/tds_subscriptions.sql HTTP/1.1" 200 -
57.129.16.41 - - [03/Jul/2025:01:24:44 +0300] "GET /_db_server-3-realbeto/carpsilviuionut/tds_subscriptions.sql HTTP/1.1" 200 3477
51.89.167.1 - - [03/Jul/2025:01:24:44 +0300] "HEAD /_db_server-3-realbeto/carpsilviuionut/wpcsi_redirection_groups.sql HTTP/1.1" 200 -
51.89.167.1 - - [03/Jul/2025:01:24:44 +0300] "GET /_db_server-3-realbeto/carpsilviuionut/wpcsi_redirection_groups.sql HTTP/1.1" 200 2010
57.129.16.41 - - [03/Jul/2025:01:24:44 +0300] "HEAD /_db_server-3-realbeto/carpsilviuionut/tds_trackings.sql HTTP/1.1" 200 -
57.129.16.41 - - [03/Jul/2025:01:24:44 +0300] "GET /_db_server-3-realbeto/carpsilviuionut/tds_trackings.sql HTTP/1.1" 200 1669
51.89.167.1 - - [03/Jul/2025:01:24:44 +0300] "HEAD /_db_server-3-realbeto/carpsilviuionut/wpcsi_redirection_items.sql HTTP/1.1" 200 -
57.129.16.41 - - [03/Jul/2025:01:24:45 +0300] "HEAD /_db_server-3-realbeto/carpsilviuionut/tds_trackings_templates.sql HTTP/1.1" 200 -
57.129.16.41 - - [03/Jul/2025:01:24:45 +0300] "GET /_db_server-3-realbeto/carpsilviuionut/tds_trackings_templates.sql HTTP/1.1" 200 3850
51.89.167.1 - - [03/Jul/2025:01:24:45 +0300] "GET /_db_server-3-realbeto/carpsilviuionut/wpcsi_redirection_items.sql HTTP/1.1" 200 3093
57.129.16.41 - - [03/Jul/2025:01:24:45 +0300] "HEAD /_db_server-3-realbeto/carpsilviuionut/wpcsi_actionscheduler_actions.sql HTTP/1.1" 200 -
57.129.16.41 - - [03/Jul/2025:01:24:45 +0300] "GET /_db_server-3-realbeto/carpsilviuionut/wpcsi_actionscheduler_actions.sql HTTP/1.1" 200 7102
51.89.167.1 - - [03/Jul/2025:01:24:45 +0300] "HEAD /_db_server-3-realbeto/carpsilviuionut/wpcsi_redirection_logs.sql HTTP/1.1" 200 -
51.89.167.1 - - [03/Jul/2025:01:24:45 +0300] "GET /_db_server-3-realbeto/carpsilviuionut/wpcsi_redirection_logs.sql HTTP/1.1" 200 8939
57.129.16.41 - - [03/Jul/2025:01:24:45 +0300] "HEAD /_db_server-3-realbeto/carpsilviuionut/wpcsi_actionscheduler_claims.sql HTTP/1.1" 200 -
51.89.167.1 - - [03/Jul/2025:01:24:45 +0300] "HEAD /_db_server-3-realbeto/carpsilviuionut/wpcsi_term_relationships.sql HTTP/1.1" 200 -
57.129.16.41 - - [03/Jul/2025:01:24:45 +0300] "GET /_db_server-3-realbeto/carpsilviuionut/wpcsi_actionscheduler_claims.sql HTTP/1.1" 200 1649
51.89.167.1 - - [03/Jul/2025:01:24:45 +0300] "GET /_db_server-3-realbeto/carpsilviuionut/wpcsi_term_relationships.sql HTTP/1.1" 200 281912
57.129.16.41 - - [03/Jul/2025:01:24:45 +0300] "HEAD /_db_server-3-realbeto/carpsilviuionut/wpcsi_actionscheduler_groups.sql HTTP/1.1" 200 -
57.129.16.41 - - [03/Jul/2025:01:24:45 +0300] "GET /_db_server-3-realbeto/carpsilviuionut/wpcsi_actionscheduler_groups.sql HTTP/1.1" 200 1727
57.129.16.41 - - [03/Jul/2025:01:24:45 +0300] "HEAD /_db_server-3-realbeto/carpsilviuionut/wpcsi_actionscheduler_logs.sql HTTP/1.1" 200 -
57.129.16.41 - - [03/Jul/2025:01:24:45 +0300] "GET /_db_server-3-realbeto/carpsilviuionut/wpcsi_actionscheduler_logs.sql HTTP/1.1" 200 4055
51.89.167.1 - - [03/Jul/2025:01:24:45 +0300] "HEAD /_db_server-3-realbeto/carpsilviuionut/wpcsi_term_taxonomy.sql HTTP/1.1" 200 -
51.89.167.1 - - [03/Jul/2025:01:24:46 +0300] "GET /_db_server-3-realbeto/carpsilviuionut/wpcsi_term_taxonomy.sql HTTP/1.1" 200 10982
57.129.16.41 - - [03/Jul/2025:01:24:46 +0300] "HEAD /_db_server-3-realbeto/carpsilviuionut/wpcsi_bwg_album.sql HTTP/1.1" 200 -
57.129.16.41 - - [03/Jul/2025:01:24:46 +0300] "GET /_db_server-3-realbeto/carpsilviuionut/wpcsi_bwg_album.sql HTTP/1.1" 200 1777
51.89.167.1 - - [03/Jul/2025:01:24:46 +0300] "HEAD /_db_server-3-realbeto/carpsilviuionut/wpcsi_termmeta.sql HTTP/1.1" 200 -
57.129.16.41 - - [03/Jul/2025:01:24:46 +0300] "HEAD /_db_server-3-realbeto/carpsilviuionut/wpcsi_bwg_album_gallery.sql HTTP/1.1" 200 -
57.129.16.41 - - [03/Jul/2025:01:24:46 +0300] "GET /_db_server-3-realbeto/carpsilviuionut/wpcsi_bwg_album_gallery.sql HTTP/1.1" 200 1619
51.89.167.1 - - [03/Jul/2025:01:24:46 +0300] "GET /_db_server-3-realbeto/carpsilviuionut/wpcsi_termmeta.sql HTTP/1.1" 200 1663
57.129.16.41 - - [03/Jul/2025:01:24:46 +0300] "HEAD /_db_server-3-realbeto/carpsilviuionut/wpcsi_bwg_file_paths.sql HTTP/1.1" 200 -
57.129.16.41 - - [03/Jul/2025:01:24:46 +0300] "GET /_db_server-3-realbeto/carpsilviuionut/wpcsi_bwg_file_paths.sql HTTP/1.1" 200 8138
51.89.167.1 - - [03/Jul/2025:01:24:46 +0300] "HEAD /_db_server-3-realbeto/carpsilviuionut/wpcsi_terms.sql HTTP/1.1" 200 -
57.129.16.41 - - [03/Jul/2025:01:24:46 +0300] "HEAD /_db_server-3-realbeto/carpsilviuionut/wpcsi_bwg_gallery.sql HTTP/1.1" 200 -
57.129.16.41 - - [03/Jul/2025:01:24:46 +0300] "GET /_db_server-3-realbeto/carpsilviuionut/wpcsi_bwg_gallery.sql HTTP/1.1" 200 2681
51.89.167.1 - - [03/Jul/2025:01:24:46 +0300] "GET /_db_server-3-realbeto/carpsilviuionut/wpcsi_terms.sql HTTP/1.1" 200 4489
57.129.16.41 - - [03/Jul/2025:01:24:46 +0300] "HEAD /_db_server-3-realbeto/carpsilviuionut/wpcsi_bwg_image.sql HTTP/1.1" 200 -
51.89.167.1 - - [03/Jul/2025:01:24:46 +0300] "HEAD /_db_server-3-realbeto/carpsilviuionut/wpcsi_trp_dictionary_en_us_ro_ro.sql HTTP/1.1" 200 -
57.129.16.41 - - [03/Jul/2025:01:24:46 +0300] "GET /_db_server-3-realbeto/carpsilviuionut/wpcsi_bwg_image.sql HTTP/1.1" 200 8930
51.89.167.1 - - [03/Jul/2025:01:24:46 +0300] "GET /_db_server-3-realbeto/carpsilviuionut/wpcsi_trp_dictionary_en_us_ro_ro.sql HTTP/1.1" 200 25352
57.129.16.41 - - [03/Jul/2025:01:24:47 +0300] "HEAD /_db_server-3-realbeto/carpsilviuionut/wpcsi_bwg_image_comment.sql HTTP/1.1" 200 -
57.129.16.41 - - [03/Jul/2025:01:24:47 +0300] "GET /_db_server-3-realbeto/carpsilviuionut/wpcsi_bwg_image_comment.sql HTTP/1.1" 200 1711
51.89.167.1 - - [03/Jul/2025:01:24:47 +0300] "HEAD /_db_server-3-realbeto/carpsilviuionut/wpcsi_trp_gettext_en_us.sql HTTP/1.1" 200 -
51.89.167.1 - - [03/Jul/2025:01:24:47 +0300] "GET /_db_server-3-realbeto/carpsilviuionut/wpcsi_trp_gettext_en_us.sql HTTP/1.1" 200 3865
57.129.16.41 - - [03/Jul/2025:01:24:47 +0300] "HEAD /_db_server-3-realbeto/carpsilviuionut/wpcsi_bwg_image_rate.sql HTTP/1.1" 200 -
57.129.16.41 - - [03/Jul/2025:01:24:47 +0300] "GET /_db_server-3-realbeto/carpsilviuionut/wpcsi_bwg_image_rate.sql HTTP/1.1" 200 1591
51.89.167.1 - - [03/Jul/2025:01:24:47 +0300] "HEAD /_db_server-3-realbeto/carpsilviuionut/wpcsi_trp_gettext_original_meta.sql HTTP/1.1" 200 -
51.89.167.1 - - [03/Jul/2025:01:24:47 +0300] "GET /_db_server-3-realbeto/carpsilviuionut/wpcsi_trp_gettext_original_meta.sql HTTP/1.1" 200 1769
57.129.16.41 - - [03/Jul/2025:01:24:47 +0300] "HEAD /_db_server-3-realbeto/carpsilviuionut/wpcsi_bwg_image_tag.sql HTTP/1.1" 200 -
57.129.16.41 - - [03/Jul/2025:01:24:47 +0300] "GET /_db_server-3-realbeto/carpsilviuionut/wpcsi_bwg_image_tag.sql HTTP/1.1" 200 1569
57.129.16.41 - - [03/Jul/2025:01:24:47 +0300] "HEAD /_db_server-3-realbeto/carpsilviuionut/wpcsi_bwg_shortcode.sql HTTP/1.1" 200 -
51.89.167.1 - - [03/Jul/2025:01:24:47 +0300] "HEAD /_db_server-3-realbeto/carpsilviuionut/wpcsi_trp_gettext_original_strings.sql HTTP/1.1" 200 -
57.129.16.41 - - [03/Jul/2025:01:24:47 +0300] "GET /_db_server-3-realbeto/carpsilviuionut/wpcsi_bwg_shortcode.sql HTTP/1.1" 200 8866
51.89.167.1 - - [03/Jul/2025:01:24:47 +0300] "GET /_db_server-3-realbeto/carpsilviuionut/wpcsi_trp_gettext_original_strings.sql HTTP/1.1" 200 4009
57.129.16.41 - - [03/Jul/2025:01:24:47 +0300] "HEAD /_db_server-3-realbeto/carpsilviuionut/wpcsi_bwg_theme.sql HTTP/1.1" 200 -
57.129.16.41 - - [03/Jul/2025:01:24:47 +0300] "GET /_db_server-3-realbeto/carpsilviuionut/wpcsi_bwg_theme.sql HTTP/1.1" 200 42554
51.89.167.1 - - [03/Jul/2025:01:24:47 +0300] "HEAD /_db_server-3-realbeto/carpsilviuionut/wpcsi_trp_gettext_ro_ro.sql HTTP/1.1" 200 -
51.89.167.1 - - [03/Jul/2025:01:24:48 +0300] "GET /_db_server-3-realbeto/carpsilviuionut/wpcsi_trp_gettext_ro_ro.sql HTTP/1.1" 200 3926
57.129.16.41 - - [03/Jul/2025:01:24:48 +0300] "HEAD /_db_server-3-realbeto/carpsilviuionut/wpcsi_cky_banners.sql HTTP/1.1" 200 -
57.129.16.41 - - [03/Jul/2025:01:24:48 +0300] "GET /_db_server-3-realbeto/carpsilviuionut/wpcsi_cky_banners.sql HTTP/1.1" 200 21294
51.89.167.1 - - [03/Jul/2025:01:24:48 +0300] "HEAD /_db_server-3-realbeto/carpsilviuionut/wpcsi_trp_original_meta.sql HTTP/1.1" 200 -
51.89.167.1 - - [03/Jul/2025:01:24:48 +0300] "GET /_db_server-3-realbeto/carpsilviuionut/wpcsi_trp_original_meta.sql HTTP/1.1" 200 5850
57.129.16.41 - - [03/Jul/2025:01:24:48 +0300] "HEAD /_db_server-3-realbeto/carpsilviuionut/wpcsi_cky_cookie_categories.sql HTTP/1.1" 200 -
57.129.16.41 - - [03/Jul/2025:01:24:48 +0300] "GET /_db_server-3-realbeto/carpsilviuionut/wpcsi_cky_cookie_categories.sql HTTP/1.1" 200 3817
57.129.16.41 - - [03/Jul/2025:01:24:48 +0300] "HEAD /_db_server-3-realbeto/carpsilviuionut/wpcsi_cky_cookies.sql HTTP/1.1" 200 -
57.129.16.41 - - [03/Jul/2025:01:24:48 +0300] "GET /_db_server-3-realbeto/carpsilviuionut/wpcsi_cky_cookies.sql HTTP/1.1" 200 2016
51.89.167.1 - - [03/Jul/2025:01:24:48 +0300] "HEAD /_db_server-3-realbeto/carpsilviuionut/wpcsi_trp_original_strings.sql HTTP/1.1" 200 -
51.89.167.1 - - [03/Jul/2025:01:24:48 +0300] "GET /_db_server-3-realbeto/carpsilviuionut/wpcsi_trp_original_strings.sql HTTP/1.1" 200 21401
57.129.16.41 - - [03/Jul/2025:01:24:48 +0300] "HEAD /_db_server-3-realbeto/carpsilviuionut/wpcsi_commentmeta.sql HTTP/1.1" 200 -
57.129.16.41 - - [03/Jul/2025:01:24:48 +0300] "GET /_db_server-3-realbeto/carpsilviuionut/wpcsi_commentmeta.sql HTTP/1.1" 200 1701
51.89.167.1 - - [03/Jul/2025:01:24:48 +0300] "HEAD /_db_server-3-realbeto/carpsilviuionut/wpcsi_userfeedback_survey_responses.sql HTTP/1.1" 200 -
51.89.167.1 - - [03/Jul/2025:01:24:48 +0300] "GET /_db_server-3-realbeto/carpsilviuionut/wpcsi_userfeedback_survey_responses.sql HTTP/1.1" 200 2151
57.129.16.41 - - [03/Jul/2025:01:24:48 +0300] "HEAD /_db_server-3-realbeto/carpsilviuionut/wpcsi_comments.sql HTTP/1.1" 200 -
57.129.16.41 - - [03/Jul/2025:01:24:48 +0300] "GET /_db_server-3-realbeto/carpsilviuionut/wpcsi_comments.sql HTTP/1.1" 200 2536
51.89.167.1 - - [03/Jul/2025:01:24:49 +0300] "HEAD /_db_server-3-realbeto/carpsilviuionut/wpcsi_userfeedback_surveys.sql HTTP/1.1" 200 -
57.129.16.41 - - [03/Jul/2025:01:24:49 +0300] "HEAD /_db_server-3-realbeto/carpsilviuionut/wpcsi_links.sql HTTP/1.1" 200 -
51.89.167.1 - - [03/Jul/2025:01:24:49 +0300] "GET /_db_server-3-realbeto/carpsilviuionut/wpcsi_userfeedback_surveys.sql HTTP/1.1" 200 1859
57.129.16.41 - - [03/Jul/2025:01:24:49 +0300] "GET /_db_server-3-realbeto/carpsilviuionut/wpcsi_links.sql HTTP/1.1" 200 2097
57.129.16.41 - - [03/Jul/2025:01:24:49 +0300] "HEAD /_db_server-3-realbeto/carpsilviuionut/wpcsi_options.sql HTTP/1.1" 200 -
51.89.167.1 - - [03/Jul/2025:01:24:49 +0300] "HEAD /_db_server-3-realbeto/carpsilviuionut/wpcsi_usermeta.sql HTTP/1.1" 200 -
51.89.167.1 - - [03/Jul/2025:01:24:49 +0300] "GET /_db_server-3-realbeto/carpsilviuionut/wpcsi_usermeta.sql HTTP/1.1" 200 21296
57.129.16.41 - - [03/Jul/2025:01:24:49 +0300] "HEAD /_db_server-3-realbeto/carpsilviuionut/wpcsi_postmeta.sql HTTP/1.1" 200 -
51.89.167.1 - - [03/Jul/2025:01:24:49 +0300] "HEAD /_db_server-3-realbeto/carpsilviuionut/wpcsi_users.sql HTTP/1.1" 200 -
51.89.167.1 - - [03/Jul/2025:01:24:49 +0300] "GET /_db_server-3-realbeto/carpsilviuionut/wpcsi_users.sql HTTP/1.1" 200 2646
57.129.16.41 - - [03/Jul/2025:01:24:49 +0300] "HEAD /_db_server-3-realbeto/carpsilviuionut/wpcsi_posts.sql HTTP/1.1" 200 -
57.129.16.41 - - [03/Jul/2025:01:24:49 +0300] "HEAD /_db_server-3-realbeto/carpsilviuionut/wpcsi_redirection_404.sql HTTP/1.1" 200 -
51.89.167.1 - - [03/Jul/2025:01:24:49 +0300] "HEAD /_db_server-3-realbeto/carpsilviuionut/wpcsi_wpfm_backup.sql HTTP/1.1" 200 -
57.129.16.41 - - [03/Jul/2025:01:24:49 +0300] "GET /_db_server-3-realbeto/carpsilviuionut/wpcsi_redirection_404.sql HTTP/1.1" 200 2226610
51.89.167.1 - - [03/Jul/2025:01:24:49 +0300] "GET /_db_server-3-realbeto/carpsilviuionut/wpcsi_wpfm_backup.sql HTTP/1.1" 200 1525
51.89.167.1 - - [03/Jul/2025:01:24:49 +0300] "HEAD /_db_server-3-realbeto/carpsilviuionut/wpcsi_wpforms_payment_meta.sql HTTP/1.1" 200 -
51.89.167.1 - - [03/Jul/2025:01:24:50 +0300] "GET /_db_server-3-realbeto/carpsilviuionut/wpcsi_wpforms_payment_meta.sql HTTP/1.1" 200 1723
51.89.167.1 - - [03/Jul/2025:01:24:50 +0300] "HEAD /_db_server-3-realbeto/carpsilviuionut/wpcsi_wpforms_payments.sql HTTP/1.1" 200 -
51.89.167.1 - - [03/Jul/2025:01:24:50 +0300] "GET /_db_server-3-realbeto/carpsilviuionut/wpcsi_wpforms_payments.sql HTTP/1.1" 200 2712
51.89.167.1 - - [03/Jul/2025:01:24:50 +0300] "HEAD /_db_server-3-realbeto/carpsilviuionut/wpcsi_wpforms_tasks_meta.sql HTTP/1.1" 200 -
51.89.167.1 - - [03/Jul/2025:01:24:50 +0300] "GET /_db_server-3-realbeto/carpsilviuionut/wpcsi_wpforms_tasks_meta.sql HTTP/1.1" 200 1986
57.129.16.41 - - [03/Jul/2025:01:24:50 +0300] "HEAD /_db_server-3-realbeto/carpsilviuionut/wpcsi_redirection_groups.sql HTTP/1.1" 200 -
57.129.16.41 - - [03/Jul/2025:01:24:50 +0300] "GET /_db_server-3-realbeto/carpsilviuionut/wpcsi_redirection_groups.sql HTTP/1.1" 200 2010
51.89.167.1 - - [03/Jul/2025:01:24:50 +0300] "HEAD /_db_server-3-realbeto/carpsilviuionut/wpcsi_wprss_logs.sql HTTP/1.1" 200 -
51.89.167.1 - - [03/Jul/2025:01:24:50 +0300] "GET /_db_server-3-realbeto/carpsilviuionut/wpcsi_wprss_logs.sql HTTP/1.1" 200 2309181
57.129.16.41 - - [03/Jul/2025:01:24:50 +0300] "HEAD /_db_server-3-realbeto/carpsilviuionut/wpcsi_redirection_items.sql HTTP/1.1" 200 -
57.129.16.41 - - [03/Jul/2025:01:24:51 +0300] "GET /_db_server-3-realbeto/carpsilviuionut/wpcsi_redirection_items.sql HTTP/1.1" 200 3093
57.129.16.41 - - [03/Jul/2025:01:24:51 +0300] "HEAD /_db_server-3-realbeto/carpsilviuionut/wpcsi_redirection_logs.sql HTTP/1.1" 200 -
57.129.16.41 - - [03/Jul/2025:01:24:51 +0300] "GET /_db_server-3-realbeto/carpsilviuionut/wpcsi_redirection_logs.sql HTTP/1.1" 200 8939
57.129.16.41 - - [03/Jul/2025:01:24:51 +0300] "HEAD /_db_server-3-realbeto/carpsilviuionut/wpcsi_term_relationships.sql HTTP/1.1" 200 -
57.129.16.41 - - [03/Jul/2025:01:24:51 +0300] "GET /_db_server-3-realbeto/carpsilviuionut/wpcsi_term_relationships.sql HTTP/1.1" 200 281912
57.129.16.41 - - [03/Jul/2025:01:24:51 +0300] "HEAD /_db_server-3-realbeto/carpsilviuionut/wpcsi_term_taxonomy.sql HTTP/1.1" 200 -
57.129.16.41 - - [03/Jul/2025:01:24:51 +0300] "GET /_db_server-3-realbeto/carpsilviuionut/wpcsi_term_taxonomy.sql HTTP/1.1" 200 10982
34.122.147.229 - - [03/Jul/2025:01:24:51 +0300] "GET /_downloadedImages/ HTTP/1.1" 200 1648
57.129.16.41 - - [03/Jul/2025:01:24:51 +0300] "HEAD /_db_server-3-realbeto/carpsilviuionut/wpcsi_termmeta.sql HTTP/1.1" 200 -
57.129.16.41 - - [03/Jul/2025:01:24:52 +0300] "GET /_db_server-3-realbeto/carpsilviuionut/wpcsi_termmeta.sql HTTP/1.1" 200 1663
57.129.16.41 - - [03/Jul/2025:01:24:52 +0300] "HEAD /_db_server-3-realbeto/carpsilviuionut/wpcsi_terms.sql HTTP/1.1" 200 -
57.129.16.41 - - [03/Jul/2025:01:24:52 +0300] "GET /_db_server-3-realbeto/carpsilviuionut/wpcsi_terms.sql HTTP/1.1" 200 4489
57.129.16.41 - - [03/Jul/2025:01:24:52 +0300] "HEAD /_db_server-3-realbeto/carpsilviuionut/wpcsi_trp_dictionary_en_us_ro_ro.sql HTTP/1.1" 200 -
57.129.16.41 - - [03/Jul/2025:01:24:52 +0300] "GET /_db_server-3-realbeto/carpsilviuionut/wpcsi_trp_dictionary_en_us_ro_ro.sql HTTP/1.1" 200 25352
57.129.16.41 - - [03/Jul/2025:01:24:52 +0300] "HEAD /_db_server-3-realbeto/carpsilviuionut/wpcsi_trp_gettext_en_us.sql HTTP/1.1" 200 -
57.129.16.41 - - [03/Jul/2025:01:24:52 +0300] "GET /_db_server-3-realbeto/carpsilviuionut/wpcsi_trp_gettext_en_us.sql HTTP/1.1" 200 3865
57.129.16.41 - - [03/Jul/2025:01:24:52 +0300] "HEAD /_db_server-3-realbeto/carpsilviuionut/wpcsi_trp_gettext_original_meta.sql HTTP/1.1" 200 -
57.129.16.41 - - [03/Jul/2025:01:24:52 +0300] "GET /_db_server-3-realbeto/carpsilviuionut/wpcsi_trp_gettext_original_meta.sql HTTP/1.1" 200 1769
51.89.167.1 - - [03/Jul/2025:01:24:52 +0300] "HEAD /_db_server-3-realbeto/carpsilviuionut/wpcsi_yoast_indexable.sql HTTP/1.1" 200 -
57.129.16.41 - - [03/Jul/2025:01:24:52 +0300] "HEAD /_db_server-3-realbeto/carpsilviuionut/wpcsi_trp_gettext_original_strings.sql HTTP/1.1" 200 -
57.129.16.41 - - [03/Jul/2025:01:24:52 +0300] "GET /_db_server-3-realbeto/carpsilviuionut/wpcsi_trp_gettext_original_strings.sql HTTP/1.1" 200 4009
57.129.16.41 - - [03/Jul/2025:01:24:53 +0300] "HEAD /_db_server-3-realbeto/carpsilviuionut/wpcsi_trp_gettext_ro_ro.sql HTTP/1.1" 200 -
57.129.16.41 - - [03/Jul/2025:01:24:53 +0300] "GET /_db_server-3-realbeto/carpsilviuionut/wpcsi_trp_gettext_ro_ro.sql HTTP/1.1" 200 3926
57.129.16.41 - - [03/Jul/2025:01:24:53 +0300] "HEAD /_db_server-3-realbeto/carpsilviuionut/wpcsi_trp_original_meta.sql HTTP/1.1" 200 -
57.129.16.41 - - [03/Jul/2025:01:24:53 +0300] "GET /_db_server-3-realbeto/carpsilviuionut/wpcsi_trp_original_meta.sql HTTP/1.1" 200 5850
57.129.16.41 - - [03/Jul/2025:01:24:53 +0300] "HEAD /_db_server-3-realbeto/carpsilviuionut/wpcsi_trp_original_strings.sql HTTP/1.1" 200 -
57.129.16.41 - - [03/Jul/2025:01:24:53 +0300] "GET /_db_server-3-realbeto/carpsilviuionut/wpcsi_trp_original_strings.sql HTTP/1.1" 200 21401
34.122.147.229 - - [03/Jul/2025:01:24:53 +0300] "GET /icons/blank.gif HTTP/1.1" 200 148
57.129.16.41 - - [03/Jul/2025:01:24:53 +0300] "HEAD /_db_server-3-realbeto/carpsilviuionut/wpcsi_userfeedback_survey_responses.sql HTTP/1.1" 200 -
57.129.16.41 - - [03/Jul/2025:01:24:53 +0300] "GET /_db_server-3-realbeto/carpsilviuionut/wpcsi_userfeedback_survey_responses.sql HTTP/1.1" 200 2151
34.122.147.229 - - [03/Jul/2025:01:24:53 +0300] "GET /icons/back.gif HTTP/1.1" 200 216
57.129.16.41 - - [03/Jul/2025:01:24:53 +0300] "HEAD /_db_server-3-realbeto/carpsilviuionut/wpcsi_userfeedback_surveys.sql HTTP/1.1" 200 -
57.129.16.41 - - [03/Jul/2025:01:24:53 +0300] "GET /_db_server-3-realbeto/carpsilviuionut/wpcsi_userfeedback_surveys.sql HTTP/1.1" 200 1859
34.122.147.229 - - [03/Jul/2025:01:24:53 +0300] "GET /icons/folder.gif HTTP/1.1" 200 225
57.129.16.41 - - [03/Jul/2025:01:24:54 +0300] "HEAD /_db_server-3-realbeto/carpsilviuionut/wpcsi_usermeta.sql HTTP/1.1" 200 -
57.129.16.41 - - [03/Jul/2025:01:24:54 +0300] "GET /_db_server-3-realbeto/carpsilviuionut/wpcsi_usermeta.sql HTTP/1.1" 200 21296
57.129.16.41 - - [03/Jul/2025:01:24:54 +0300] "HEAD /_db_server-3-realbeto/carpsilviuionut/wpcsi_users.sql HTTP/1.1" 200 -
57.129.16.41 - - [03/Jul/2025:01:24:54 +0300] "GET /_db_server-3-realbeto/carpsilviuionut/wpcsi_users.sql HTTP/1.1" 200 2646
57.129.16.41 - - [03/Jul/2025:01:24:54 +0300] "HEAD /_db_server-3-realbeto/carpsilviuionut/wpcsi_wpfm_backup.sql HTTP/1.1" 200 -
57.129.16.41 - - [03/Jul/2025:01:24:54 +0300] "GET /_db_server-3-realbeto/carpsilviuionut/wpcsi_wpfm_backup.sql HTTP/1.1" 200 1525
57.129.16.41 - - [03/Jul/2025:01:24:54 +0300] "HEAD /_db_server-3-realbeto/carpsilviuionut/wpcsi_wpforms_payment_meta.sql HTTP/1.1" 200 -
57.129.16.41 - - [03/Jul/2025:01:24:54 +0300] "GET /_db_server-3-realbeto/carpsilviuionut/wpcsi_wpforms_payment_meta.sql HTTP/1.1" 200 1723
57.129.16.41 - - [03/Jul/2025:01:24:54 +0300] "HEAD /_db_server-3-realbeto/carpsilviuionut/wpcsi_wpforms_payments.sql HTTP/1.1" 200 -
57.129.16.41 - - [03/Jul/2025:01:24:54 +0300] "GET /_db_server-3-realbeto/carpsilviuionut/wpcsi_wpforms_payments.sql HTTP/1.1" 200 2712
57.129.16.41 - - [03/Jul/2025:01:24:55 +0300] "HEAD /_db_server-3-realbeto/carpsilviuionut/wpcsi_wpforms_tasks_meta.sql HTTP/1.1" 200 -
57.129.16.41 - - [03/Jul/2025:01:24:55 +0300] "GET /_db_server-3-realbeto/carpsilviuionut/wpcsi_wpforms_tasks_meta.sql HTTP/1.1" 200 1986
57.129.16.41 - - [03/Jul/2025:01:24:55 +0300] "HEAD /_db_server-3-realbeto/carpsilviuionut/wpcsi_wprss_logs.sql HTTP/1.1" 200 -
57.129.16.41 - - [03/Jul/2025:01:24:55 +0300] "GET /_db_server-3-realbeto/carpsilviuionut/wpcsi_wprss_logs.sql HTTP/1.1" 200 2309181
57.129.16.41 - - [03/Jul/2025:01:24:56 +0300] "HEAD /_db_server-3-realbeto/carpsilviuionut/wpcsi_yoast_indexable.sql HTTP/1.1" 200 -
51.89.167.1 - - [03/Jul/2025:01:24:52 +0300] "GET /_db_server-3-realbeto/carpsilviuionut/wpcsi_yoast_indexable.sql HTTP/1.1" 200 10251722
57.129.16.41 - - [03/Jul/2025:01:24:56 +0300] "GET /_db_server-3-realbeto/carpsilviuionut/wpcsi_yoast_indexable.sql HTTP/1.1" 200 10251722
51.89.167.1 - - [03/Jul/2025:01:25:00 +0300] "HEAD /_db_server-3-realbeto/carpsilviuionut/wpcsi_yoast_indexable_hierarchy.sql HTTP/1.1" 200 -
51.89.167.1 - - [03/Jul/2025:01:25:00 +0300] "GET /_db_server-3-realbeto/carpsilviuionut/wpcsi_yoast_indexable_hierarchy.sql HTTP/1.1" 200 293390
57.129.16.41 - - [03/Jul/2025:01:25:00 +0300] "HEAD /_db_server-3-realbeto/carpsilviuionut/wpcsi_yoast_indexable_hierarchy.sql HTTP/1.1" 200 -
51.89.167.1 - - [03/Jul/2025:01:25:00 +0300] "HEAD /_db_server-3-realbeto/carpsilviuionut/wpcsi_yoast_migrations.sql HTTP/1.1" 200 -
57.129.16.41 - - [03/Jul/2025:01:25:00 +0300] "GET /_db_server-3-realbeto/carpsilviuionut/wpcsi_yoast_indexable_hierarchy.sql HTTP/1.1" 200 293390
51.89.167.1 - - [03/Jul/2025:01:25:00 +0300] "GET /_db_server-3-realbeto/carpsilviuionut/wpcsi_yoast_migrations.sql HTTP/1.1" 200 2279
57.129.16.41 - - [03/Jul/2025:01:25:00 +0300] "HEAD /_db_server-3-realbeto/carpsilviuionut/wpcsi_yoast_migrations.sql HTTP/1.1" 200 -
57.129.16.41 - - [03/Jul/2025:01:25:00 +0300] "GET /_db_server-3-realbeto/carpsilviuionut/wpcsi_yoast_migrations.sql HTTP/1.1" 200 2279
51.89.167.1 - - [03/Jul/2025:01:25:00 +0300] "HEAD /_db_server-3-realbeto/carpsilviuionut/wpcsi_yoast_primary_term.sql HTTP/1.1" 200 -
51.89.167.1 - - [03/Jul/2025:01:25:01 +0300] "GET /_db_server-3-realbeto/carpsilviuionut/wpcsi_yoast_primary_term.sql HTTP/1.1" 200 6815
57.129.16.41 - - [03/Jul/2025:01:25:01 +0300] "HEAD /_db_server-3-realbeto/carpsilviuionut/wpcsi_yoast_primary_term.sql HTTP/1.1" 200 -
57.129.16.41 - - [03/Jul/2025:01:25:01 +0300] "GET /_db_server-3-realbeto/carpsilviuionut/wpcsi_yoast_primary_term.sql HTTP/1.1" 200 6815
51.89.167.1 - - [03/Jul/2025:01:25:01 +0300] "HEAD /_db_server-3-realbeto/carpsilviuionut/wpcsi_yoast_seo_links.sql HTTP/1.1" 200 -
57.129.16.41 - - [03/Jul/2025:01:25:01 +0300] "HEAD /_db_server-3-realbeto/carpsilviuionut/wpcsi_yoast_seo_links.sql HTTP/1.1" 200 -
51.89.167.1 - - [03/Jul/2025:01:25:01 +0300] "GET /_db_server-3-realbeto/congobetblog/ HTTP/1.1" 200 9270
57.129.16.41 - - [03/Jul/2025:01:25:01 +0300] "GET /_db_server-3-realbeto/congobetblog/ HTTP/1.1" 200 9272
57.129.16.41 - - [03/Jul/2025:01:25:01 +0300] "GET /_db_server-3-realbeto/carpsilviuionut/wpcsi_yoast_seo_links.sql HTTP/1.1" 200 3578527
51.89.167.1 - - [03/Jul/2025:01:25:01 +0300] "GET /_db_server-3-realbeto/carpsilviuionut/wpcsi_yoast_seo_links.sql HTTP/1.1" 200 3578527
57.129.16.41 - - [03/Jul/2025:01:25:03 +0300] "HEAD /_db_server-3-realbeto/congobetblog/REMOVE_DEFAULT_CATEG.sql HTTP/1.1" 200 -
57.129.16.41 - - [03/Jul/2025:01:25:03 +0300] "GET /_db_server-3-realbeto/congobetblog/REMOVE_DEFAULT_CATEG.sql HTTP/1.1" 200 1528
57.129.16.41 - - [03/Jul/2025:01:25:03 +0300] "HEAD /_db_server-3-realbeto/congobetblog/wpn2_actionscheduler_actions.sql HTTP/1.1" 200 -
57.129.16.41 - - [03/Jul/2025:01:25:03 +0300] "GET /_db_server-3-realbeto/congobetblog/wpn2_actionscheduler_actions.sql HTTP/1.1" 200 25561
57.129.16.41 - - [03/Jul/2025:01:25:03 +0300] "HEAD /_db_server-3-realbeto/congobetblog/wpn2_actionscheduler_claims.sql HTTP/1.1" 200 -
57.129.16.41 - - [03/Jul/2025:01:25:03 +0300] "GET /_db_server-3-realbeto/congobetblog/wpn2_actionscheduler_claims.sql HTTP/1.1" 200 1621
57.129.16.41 - - [03/Jul/2025:01:25:03 +0300] "HEAD /_db_server-3-realbeto/congobetblog/wpn2_actionscheduler_groups.sql HTTP/1.1" 200 -
57.129.16.41 - - [03/Jul/2025:01:25:03 +0300] "GET /_db_server-3-realbeto/congobetblog/wpn2_actionscheduler_groups.sql HTTP/1.1" 200 1716
57.129.16.41 - - [03/Jul/2025:01:25:03 +0300] "HEAD /_db_server-3-realbeto/congobetblog/wpn2_actionscheduler_logs.sql HTTP/1.1" 200 -
57.129.16.41 - - [03/Jul/2025:01:25:03 +0300] "GET /_db_server-3-realbeto/congobetblog/wpn2_actionscheduler_logs.sql HTTP/1.1" 200 15316
57.129.16.41 - - [03/Jul/2025:01:25:04 +0300] "HEAD /_db_server-3-realbeto/congobetblog/wpn2_blogmeta.sql HTTP/1.1" 200 -
57.129.16.41 - - [03/Jul/2025:01:25:04 +0300] "GET /_db_server-3-realbeto/congobetblog/wpn2_blogmeta.sql HTTP/1.1" 200 1833
57.129.16.41 - - [03/Jul/2025:01:25:04 +0300] "HEAD /_db_server-3-realbeto/congobetblog/wpn2_blogs.sql HTTP/1.1" 200 -
57.129.16.41 - - [03/Jul/2025:01:25:04 +0300] "GET /_db_server-3-realbeto/congobetblog/wpn2_blogs.sql HTTP/1.1" 200 2310
57.129.16.41 - - [03/Jul/2025:01:25:04 +0300] "HEAD /_db_server-3-realbeto/congobetblog/wpn2_commentmeta.sql HTTP/1.1" 200 -
57.129.16.41 - - [03/Jul/2025:01:25:04 +0300] "GET /_db_server-3-realbeto/congobetblog/wpn2_commentmeta.sql HTTP/1.1" 200 1674
57.129.16.41 - - [03/Jul/2025:01:25:04 +0300] "HEAD /_db_server-3-realbeto/congobetblog/wpn2_comments.sql HTTP/1.1" 200 -
57.129.16.41 - - [03/Jul/2025:01:25:04 +0300] "GET /_db_server-3-realbeto/congobetblog/wpn2_comments.sql HTTP/1.1" 200 2509
57.129.16.41 - - [03/Jul/2025:01:25:04 +0300] "HEAD /_db_server-3-realbeto/congobetblog/wpn2_links.sql HTTP/1.1" 200 -
57.129.16.41 - - [03/Jul/2025:01:25:04 +0300] "GET /_db_server-3-realbeto/congobetblog/wpn2_links.sql HTTP/1.1" 200 2087
57.129.16.41 - - [03/Jul/2025:01:25:05 +0300] "HEAD /_db_server-3-realbeto/congobetblog/wpn2_loginizer_logs.sql HTTP/1.1" 200 -
57.129.16.41 - - [03/Jul/2025:01:25:05 +0300] "GET /_db_server-3-realbeto/congobetblog/wpn2_loginizer_logs.sql HTTP/1.1" 200 3587
57.129.16.41 - - [03/Jul/2025:01:25:05 +0300] "HEAD /_db_server-3-realbeto/congobetblog/wpn2_options.sql HTTP/1.1" 200 -
57.129.16.41 - - [03/Jul/2025:01:25:05 +0300] "GET /_db_server-3-realbeto/congobetblog/wpn2_options.sql HTTP/1.1" 200 216168
57.129.16.41 - - [03/Jul/2025:01:25:05 +0300] "HEAD /_db_server-3-realbeto/congobetblog/wpn2_postmeta.sql HTTP/1.1" 200 -
57.129.16.41 - - [03/Jul/2025:01:25:05 +0300] "GET /_db_server-3-realbeto/congobetblog/wpn2_postmeta.sql HTTP/1.1" 200 2067769
51.89.167.1 - - [03/Jul/2025:01:25:06 +0300] "HEAD /_db_server-3-realbeto/congobetblog/REMOVE_DEFAULT_CATEG.sql HTTP/1.1" 200 -
51.89.167.1 - - [03/Jul/2025:01:25:06 +0300] "GET /_db_server-3-realbeto/congobetblog/REMOVE_DEFAULT_CATEG.sql HTTP/1.1" 200 1528
51.89.167.1 - - [03/Jul/2025:01:25:06 +0300] "HEAD /_db_server-3-realbeto/congobetblog/wpn2_actionscheduler_actions.sql HTTP/1.1" 200 -
51.89.167.1 - - [03/Jul/2025:01:25:06 +0300] "GET /_db_server-3-realbeto/congobetblog/wpn2_actionscheduler_actions.sql HTTP/1.1" 200 25561
57.129.16.41 - - [03/Jul/2025:01:25:06 +0300] "HEAD /_db_server-3-realbeto/congobetblog/wpn2_posts.sql HTTP/1.1" 200 -
51.89.167.1 - - [03/Jul/2025:01:25:06 +0300] "HEAD /_db_server-3-realbeto/congobetblog/wpn2_actionscheduler_claims.sql HTTP/1.1" 200 -
57.129.16.41 - - [03/Jul/2025:01:25:06 +0300] "GET /_db_server-3-realbeto/congobetblog/wpn2_posts.sql HTTP/1.1" 200 8052382
51.89.167.1 - - [03/Jul/2025:01:25:06 +0300] "GET /_db_server-3-realbeto/congobetblog/wpn2_actionscheduler_claims.sql HTTP/1.1" 200 1621
51.89.167.1 - - [03/Jul/2025:01:25:07 +0300] "HEAD /_db_server-3-realbeto/congobetblog/wpn2_actionscheduler_groups.sql HTTP/1.1" 200 -
51.89.167.1 - - [03/Jul/2025:01:25:07 +0300] "GET /_db_server-3-realbeto/congobetblog/wpn2_actionscheduler_groups.sql HTTP/1.1" 200 1716
51.89.167.1 - - [03/Jul/2025:01:25:07 +0300] "HEAD /_db_server-3-realbeto/congobetblog/wpn2_actionscheduler_logs.sql HTTP/1.1" 200 -
51.89.167.1 - - [03/Jul/2025:01:25:07 +0300] "GET /_db_server-3-realbeto/congobetblog/wpn2_actionscheduler_logs.sql HTTP/1.1" 200 15316
51.89.167.1 - - [03/Jul/2025:01:25:07 +0300] "HEAD /_db_server-3-realbeto/congobetblog/wpn2_blogmeta.sql HTTP/1.1" 200 -
51.89.167.1 - - [03/Jul/2025:01:25:07 +0300] "GET /_db_server-3-realbeto/congobetblog/wpn2_blogmeta.sql HTTP/1.1" 200 1833
51.89.167.1 - - [03/Jul/2025:01:25:07 +0300] "HEAD /_db_server-3-realbeto/congobetblog/wpn2_blogs.sql HTTP/1.1" 200 -
51.89.167.1 - - [03/Jul/2025:01:25:07 +0300] "GET /_db_server-3-realbeto/congobetblog/wpn2_blogs.sql HTTP/1.1" 200 2310
51.89.167.1 - - [03/Jul/2025:01:25:08 +0300] "HEAD /_db_server-3-realbeto/congobetblog/wpn2_commentmeta.sql HTTP/1.1" 200 -
51.89.167.1 - - [03/Jul/2025:01:25:08 +0300] "GET /_db_server-3-realbeto/congobetblog/wpn2_commentmeta.sql HTTP/1.1" 200 1674
51.89.167.1 - - [03/Jul/2025:01:25:08 +0300] "HEAD /_db_server-3-realbeto/congobetblog/wpn2_comments.sql HTTP/1.1" 200 -
51.89.167.1 - - [03/Jul/2025:01:25:08 +0300] "GET /_db_server-3-realbeto/congobetblog/wpn2_comments.sql HTTP/1.1" 200 2509
51.89.167.1 - - [03/Jul/2025:01:25:08 +0300] "HEAD /_db_server-3-realbeto/congobetblog/wpn2_links.sql HTTP/1.1" 200 -
51.89.167.1 - - [03/Jul/2025:01:25:08 +0300] "GET /_db_server-3-realbeto/congobetblog/wpn2_links.sql HTTP/1.1" 200 2087
51.89.167.1 - - [03/Jul/2025:01:25:09 +0300] "HEAD /_db_server-3-realbeto/congobetblog/wpn2_loginizer_logs.sql HTTP/1.1" 200 -
51.89.167.1 - - [03/Jul/2025:01:25:09 +0300] "GET /_db_server-3-realbeto/congobetblog/wpn2_loginizer_logs.sql HTTP/1.1" 200 3587
51.89.167.1 - - [03/Jul/2025:01:25:09 +0300] "HEAD /_db_server-3-realbeto/congobetblog/wpn2_options.sql HTTP/1.1" 200 -
51.89.167.1 - - [03/Jul/2025:01:25:09 +0300] "GET /_db_server-3-realbeto/congobetblog/wpn2_options.sql HTTP/1.1" 200 216168
51.89.167.1 - - [03/Jul/2025:01:25:09 +0300] "HEAD /_db_server-3-realbeto/congobetblog/wpn2_postmeta.sql HTTP/1.1" 200 -
51.89.167.1 - - [03/Jul/2025:01:25:09 +0300] "GET /_db_server-3-realbeto/congobetblog/wpn2_postmeta.sql HTTP/1.1" 200 2067769
57.129.16.41 - - [03/Jul/2025:01:25:10 +0300] "HEAD /_db_server-3-realbeto/congobetblog/wpn2_redirection_404.sql HTTP/1.1" 200 -
57.129.16.41 - - [03/Jul/2025:01:25:10 +0300] "GET /_db_server-3-realbeto/congobetblog/wpn2_redirection_404.sql HTTP/1.1" 200 41198
57.129.16.41 - - [03/Jul/2025:01:25:10 +0300] "HEAD /_db_server-3-realbeto/congobetblog/wpn2_redirection_groups.sql HTTP/1.1" 200 -
57.129.16.41 - - [03/Jul/2025:01:25:10 +0300] "GET /_db_server-3-realbeto/congobetblog/wpn2_redirection_groups.sql HTTP/1.1" 200 1999
57.129.16.41 - - [03/Jul/2025:01:25:10 +0300] "HEAD /_db_server-3-realbeto/congobetblog/wpn2_redirection_items.sql HTTP/1.1" 200 -
57.129.16.41 - - [03/Jul/2025:01:25:11 +0300] "GET /_db_server-3-realbeto/congobetblog/wpn2_redirection_items.sql HTTP/1.1" 200 2839
57.129.16.41 - - [03/Jul/2025:01:25:11 +0300] "HEAD /_db_server-3-realbeto/congobetblog/wpn2_redirection_logs.sql HTTP/1.1" 200 -
57.129.16.41 - - [03/Jul/2025:01:25:11 +0300] "GET /_db_server-3-realbeto/congobetblog/wpn2_redirection_logs.sql HTTP/1.1" 200 4094
51.89.167.1 - - [03/Jul/2025:01:25:11 +0300] "HEAD /_db_server-3-realbeto/congobetblog/wpn2_posts.sql HTTP/1.1" 200 -
51.89.167.1 - - [03/Jul/2025:01:25:11 +0300] "GET /_db_server-3-realbeto/congobetblog/wpn2_posts.sql HTTP/1.1" 200 8052382
57.129.16.41 - - [03/Jul/2025:01:25:11 +0300] "HEAD /_db_server-3-realbeto/congobetblog/wpn2_registration_log.sql HTTP/1.1" 200 -
57.129.16.41 - - [03/Jul/2025:01:25:11 +0300] "GET /_db_server-3-realbeto/congobetblog/wpn2_registration_log.sql HTTP/1.1" 200 1686
57.129.16.41 - - [03/Jul/2025:01:25:11 +0300] "HEAD /_db_server-3-realbeto/congobetblog/wpn2_signups.sql HTTP/1.1" 200 -
57.129.16.41 - - [03/Jul/2025:01:25:11 +0300] "GET /_db_server-3-realbeto/congobetblog/wpn2_signups.sql HTTP/1.1" 200 2471
