51.89.167.1 - - [03/Jul/2025:01:27:12 +0300] "HEAD /_db_server-3-realbeto/prank_wp/wp_wprss_logs.sql HTTP/1.1" 200 -
51.89.167.1 - - [03/Jul/2025:01:27:12 +0300] "GET /_db_server-3-realbeto/realbet/ HTTP/1.1" 200 3437
51.89.167.1 - - [03/Jul/2025:01:27:12 +0300] "GET /_db_server-3-realbeto/prank_wp/wp_wprss_logs.sql HTTP/1.1" 200 1765
51.89.167.1 - - [03/Jul/2025:01:27:12 +0300] "HEAD /_db_server-3-realbeto/realbet/admins.sql HTTP/1.1" 200 -
51.89.167.1 - - [03/Jul/2025:01:27:12 +0300] "GET /_db_server-3-realbeto/realbet/admins.sql HTTP/1.1" 200 2123
51.89.167.1 - - [03/Jul/2025:01:27:13 +0300] "HEAD /_db_server-3-realbeto/realbet/agencies.sql HTTP/1.1" 200 -
51.89.167.1 - - [03/Jul/2025:01:27:13 +0300] "GET /_db_server-3-realbeto/realbet/agencies.sql HTTP/1.1" 200 1499
51.89.167.1 - - [03/Jul/2025:01:27:13 +0300] "HEAD /_db_server-3-realbeto/realbet/banners.sql HTTP/1.1" 200 -
51.89.167.1 - - [03/Jul/2025:01:27:13 +0300] "GET /_db_server-3-realbeto/realbet/banners.sql HTTP/1.1" 200 2752
51.89.167.1 - - [03/Jul/2025:01:27:13 +0300] "HEAD /_db_server-3-realbeto/realbet/migrations.sql HTTP/1.1" 200 -
51.89.167.1 - - [03/Jul/2025:01:27:13 +0300] "GET /_db_server-3-realbeto/realbet/migrations.sql HTTP/1.1" 200 1936
57.129.16.41 - - [03/Jul/2025:01:27:14 +0300] "HEAD /_db_server-3-realbeto/superbetcd/wpn2_registration_log.sql HTTP/1.1" 200 -
57.129.16.41 - - [03/Jul/2025:01:27:14 +0300] "GET /_db_server-3-realbeto/superbetcd/wpn2_registration_log.sql HTTP/1.1" 200 1682
57.129.16.41 - - [03/Jul/2025:01:27:14 +0300] "HEAD /_db_server-3-realbeto/superbetcd/wpn2_signups.sql HTTP/1.1" 200 -
51.89.167.1 - - [03/Jul/2025:01:27:14 +0300] "HEAD /_db_server-3-realbeto/realbet/password_resets.sql HTTP/1.1" 200 -
57.129.16.41 - - [03/Jul/2025:01:27:14 +0300] "GET /_db_server-3-realbeto/superbetcd/wpn2_signups.sql HTTP/1.1" 200 2466
51.89.167.1 - - [03/Jul/2025:01:27:14 +0300] "GET /_db_server-3-realbeto/realbet/password_resets.sql HTTP/1.1" 200 4708
57.129.16.41 - - [03/Jul/2025:01:27:14 +0300] "HEAD /_db_server-3-realbeto/superbetcd/wpn2_site.sql HTTP/1.1" 200 -
57.129.16.41 - - [03/Jul/2025:01:27:14 +0300] "GET /_db_server-3-realbeto/superbetcd/wpn2_site.sql HTTP/1.1" 200 1649
51.89.167.1 - - [03/Jul/2025:01:27:14 +0300] "HEAD /_db_server-3-realbeto/realbet/spins.sql HTTP/1.1" 200 -
51.89.167.1 - - [03/Jul/2025:01:27:14 +0300] "GET /_db_server-3-realbeto/realbet/spins.sql HTTP/1.1" 200 20661
57.129.16.41 - - [03/Jul/2025:01:27:14 +0300] "HEAD /_db_server-3-realbeto/superbetcd/wpn2_sitemeta.sql HTTP/1.1" 200 -
57.129.16.41 - - [03/Jul/2025:01:27:14 +0300] "GET /_db_server-3-realbeto/superbetcd/wpn2_sitemeta.sql HTTP/1.1" 200 22870
51.89.167.1 - - [03/Jul/2025:01:27:14 +0300] "HEAD /_db_server-3-realbeto/realbet/spins_prize.sql HTTP/1.1" 200 -
57.129.16.41 - - [03/Jul/2025:01:27:14 +0300] "HEAD /_db_server-3-realbeto/superbetcd/wpn2_term_relationships.sql HTTP/1.1" 200 -
51.89.167.1 - - [03/Jul/2025:01:27:14 +0300] "GET /_db_server-3-realbeto/realbet/spins_prize.sql HTTP/1.1" 200 1790
57.129.16.41 - - [03/Jul/2025:01:27:14 +0300] "GET /_db_server-3-realbeto/superbetcd/wpn2_term_relationships.sql HTTP/1.1" 200 2674
51.89.167.1 - - [03/Jul/2025:01:27:15 +0300] "HEAD /_db_server-3-realbeto/realbet/ticket_events.sql HTTP/1.1" 200 -
51.89.167.1 - - [03/Jul/2025:01:27:15 +0300] "GET /_db_server-3-realbeto/realbet/ticket_events.sql HTTP/1.1" 200 1554
57.129.16.41 - - [03/Jul/2025:01:27:15 +0300] "HEAD /_db_server-3-realbeto/superbetcd/wpn2_term_taxonomy.sql HTTP/1.1" 200 -
57.129.16.41 - - [03/Jul/2025:01:27:15 +0300] "GET /_db_server-3-realbeto/superbetcd/wpn2_term_taxonomy.sql HTTP/1.1" 200 2851
51.89.167.1 - - [03/Jul/2025:01:27:15 +0300] "HEAD /_db_server-3-realbeto/realbet/tickets.sql HTTP/1.1" 200 -
51.89.167.1 - - [03/Jul/2025:01:27:15 +0300] "GET /_db_server-3-realbeto/realbet/tickets.sql HTTP/1.1" 200 1530
57.129.16.41 - - [03/Jul/2025:01:27:15 +0300] "HEAD /_db_server-3-realbeto/superbetcd/wpn2_termmeta.sql HTTP/1.1" 200 -
57.129.16.41 - - [03/Jul/2025:01:27:15 +0300] "GET /_db_server-3-realbeto/superbetcd/wpn2_termmeta.sql HTTP/1.1" 200 1649
51.89.167.1 - - [03/Jul/2025:01:27:15 +0300] "HEAD /_db_server-3-realbeto/realbet/users.sql HTTP/1.1" 200 -
51.89.167.1 - - [03/Jul/2025:01:27:15 +0300] "GET /_db_server-3-realbeto/realbet/users.sql HTTP/1.1" 200 17751
57.129.16.41 - - [03/Jul/2025:01:27:15 +0300] "HEAD /_db_server-3-realbeto/superbetcd/wpn2_terms.sql HTTP/1.1" 200 -
57.129.16.41 - - [03/Jul/2025:01:27:15 +0300] "GET /_db_server-3-realbeto/superbetcd/wpn2_terms.sql HTTP/1.1" 200 2593
51.89.167.1 - - [03/Jul/2025:01:27:15 +0300] "HEAD /_db_server-3-realbeto/realbet/users2.sql HTTP/1.1" 200 -
57.129.16.41 - - [03/Jul/2025:01:27:15 +0300] "HEAD /_db_server-3-realbeto/superbetcd/wpn2_usermeta.sql HTTP/1.1" 200 -
51.89.167.1 - - [03/Jul/2025:01:27:15 +0300] "GET /_db_server-3-realbeto/realbet/users2.sql HTTP/1.1" 200 353389
57.129.16.41 - - [03/Jul/2025:01:27:15 +0300] "GET /_db_server-3-realbeto/superbetcd/wpn2_usermeta.sql HTTP/1.1" 200 6787
57.129.16.41 - - [03/Jul/2025:01:27:16 +0300] "HEAD /_db_server-3-realbeto/superbetcd/wpn2_users.sql HTTP/1.1" 200 -
57.129.16.41 - - [03/Jul/2025:01:27:16 +0300] "GET /_db_server-3-realbeto/superbetcd/wpn2_users.sql HTTP/1.1" 200 2617
51.89.167.1 - - [03/Jul/2025:01:27:16 +0300] "HEAD /_db_server-3-realbeto/realbet/users2_login.sql HTTP/1.1" 200 -
51.89.167.1 - - [03/Jul/2025:01:27:16 +0300] "GET /_db_server-3-realbeto/realbet_blog/ HTTP/1.1" 200 9084
57.129.16.41 - - [03/Jul/2025:01:27:16 +0300] "HEAD /_db_server-3-realbeto/superbetcd/wpn2_wpforms_logs.sql HTTP/1.1" 200 -
57.129.16.41 - - [03/Jul/2025:01:27:16 +0300] "GET /_db_server-3-realbeto/superbetcd/wpn2_wpforms_logs.sql HTTP/1.1" 200 1695
51.89.167.1 - - [03/Jul/2025:01:27:16 +0300] "GET /_db_server-3-realbeto/realbet/users2_login.sql HTTP/1.1" 200 650701
57.129.16.41 - - [03/Jul/2025:01:27:16 +0300] "HEAD /_db_server-3-realbeto/superbetcd/wpn2_wpforms_payment_meta.sql HTTP/1.1" 200 -
57.129.16.41 - - [03/Jul/2025:01:27:16 +0300] "GET /_db_server-3-realbeto/superbetcd/wpn2_wpforms_payment_meta.sql HTTP/1.1" 200 1709
51.89.167.1 - - [03/Jul/2025:01:27:16 +0300] "HEAD /_db_server-3-realbeto/realbet_blog/wp_actionscheduler_actions.sql HTTP/1.1" 200 -
57.129.16.41 - - [03/Jul/2025:01:27:16 +0300] "HEAD /_db_server-3-realbeto/superbetcd/wpn2_wpforms_payments.sql HTTP/1.1" 200 -
51.89.167.1 - - [03/Jul/2025:01:27:16 +0300] "GET /_db_server-3-realbeto/realbet_blog/wp_actionscheduler_actions.sql HTTP/1.1" 200 77259
57.129.16.41 - - [03/Jul/2025:01:27:16 +0300] "GET /_db_server-3-realbeto/superbetcd/wpn2_wpforms_payments.sql HTTP/1.1" 200 2698
57.129.16.41 - - [03/Jul/2025:01:27:16 +0300] "HEAD /_db_server-3-realbeto/superbetcd/wpn2_wpforms_tasks_meta.sql HTTP/1.1" 200 -
51.89.167.1 - - [03/Jul/2025:01:27:17 +0300] "HEAD /_db_server-3-realbeto/realbet_blog/wp_actionscheduler_claims.sql HTTP/1.1" 200 -
57.129.16.41 - - [03/Jul/2025:01:27:17 +0300] "GET /_db_server-3-realbeto/superbetcd/wpn2_wpforms_tasks_meta.sql HTTP/1.1" 200 1735
57.129.16.41 - - [03/Jul/2025:01:27:17 +0300] "GET /_domains/ HTTP/1.1" 200 3205
51.89.167.1 - - [03/Jul/2025:01:27:17 +0300] "GET /_db_server-3-realbeto/realbet_blog/wp_actionscheduler_claims.sql HTTP/1.1" 200 1635
57.129.16.41 - - [03/Jul/2025:01:27:17 +0300] "GET /_domains/_aly/ HTTP/1.1" 301 344
57.129.16.41 - - [03/Jul/2025:01:27:17 +0300] "GET /_domains/_nodejs_config/ HTTP/1.1" 200 1031
51.89.167.1 - - [03/Jul/2025:01:27:17 +0300] "HEAD /_db_server-3-realbeto/realbet_blog/wp_actionscheduler_groups.sql HTTP/1.1" 200 -
57.129.16.41 - - [03/Jul/2025:01:27:17 +0300] "GET /_domains/blog.congobet.cd/ HTTP/1.1" 500 3447
51.89.167.1 - - [03/Jul/2025:01:27:17 +0300] "GET /_db_server-3-realbeto/realbet_blog/wp_actionscheduler_groups.sql HTTP/1.1" 200 1744
57.129.16.41 - - [03/Jul/2025:01:27:17 +0300] "GET /_domains/blog.realbet.ro/ HTTP/1.1" 500 2431
51.89.167.1 - - [03/Jul/2025:01:27:17 +0300] "HEAD /_db_server-3-realbeto/realbet_blog/wp_actionscheduler_logs.sql HTTP/1.1" 200 -
51.89.167.1 - - [03/Jul/2025:01:27:17 +0300] "GET /_db_server-3-realbeto/realbet_blog/wp_actionscheduler_logs.sql HTTP/1.1" 200 50258
57.129.16.41 - - [03/Jul/2025:01:27:17 +0300] "GET /_domains/carpsilviuionut.ro/ HTTP/1.1" 500 2431
51.89.167.1 - - [03/Jul/2025:01:27:17 +0300] "HEAD /_db_server-3-realbeto/realbet_blog/wp_aioseo_blc_cache.sql HTTP/1.1" 200 -
57.129.16.41 - - [03/Jul/2025:01:27:17 +0300] "GET /_domains/dev.congobet.cd/ HTTP/1.1" 200 1258
51.89.167.1 - - [03/Jul/2025:01:27:17 +0300] "GET /_db_server-3-realbeto/realbet_blog/wp_aioseo_blc_cache.sql HTTP/1.1" 200 76557
57.129.16.41 - - [03/Jul/2025:01:27:17 +0300] "HEAD /_domains/dev.congobet.cd/congobetcd_access.log HTTP/1.1" 200 -
57.129.16.41 - - [03/Jul/2025:01:27:17 +0300] "GET /_domains/dev.congobet.cd/congobetcd_access.log HTTP/1.1" 200 -
51.89.167.1 - - [03/Jul/2025:01:27:18 +0300] "HEAD /_db_server-3-realbeto/realbet_blog/wp_aioseo_blc_link_status.sql HTTP/1.1" 200 -
51.89.167.1 - - [03/Jul/2025:01:27:18 +0300] "GET /_db_server-3-realbeto/realbet_blog/wp_aioseo_blc_link_status.sql HTTP/1.1" 200 171999
57.129.16.41 - - [03/Jul/2025:01:27:18 +0300] "HEAD /_domains/dev.congobet.cd/congobetcd_error.log HTTP/1.1" 200 -
57.129.16.41 - - [03/Jul/2025:01:27:18 +0300] "GET /_domains/games.congobet.cd/ HTTP/1.1" 200 17
57.129.16.41 - - [03/Jul/2025:01:27:18 +0300] "GET /_domains/dev.congobet.cd/congobetcd_error.log HTTP/1.1" 200 -
57.129.16.41 - - [03/Jul/2025:01:27:18 +0300] "GET /_domains/games.congobet.com/ HTTP/1.1" 200 1673
57.129.16.41 - - [03/Jul/2025:01:27:18 +0300] "HEAD /_domains/games.congobet.com/access.log HTTP/1.1" 200 -
57.129.16.41 - - [03/Jul/2025:01:27:18 +0300] "GET /_domains/games.congobet.com/access.log HTTP/1.1" 200 -
57.129.16.41 - - [03/Jul/2025:01:27:18 +0300] "HEAD /_domains/games.congobet.com/access_ssl.log HTTP/1.1" 200 -
57.129.16.41 - - [03/Jul/2025:01:27:18 +0300] "GET /_domains/games.congobet.com/access_ssl.log HTTP/1.1" 200 -
51.89.167.1 - - [03/Jul/2025:01:27:18 +0300] "HEAD /_db_server-3-realbeto/realbet_blog/wp_aioseo_blc_links.sql HTTP/1.1" 200 -
57.129.16.41 - - [03/Jul/2025:01:27:18 +0300] "HEAD /_domains/games.congobet.com/error_ssl.log HTTP/1.1" 200 -
51.89.167.1 - - [03/Jul/2025:01:27:18 +0300] "GET /_db_server-3-realbeto/realbet_blog/wp_aioseo_blc_links.sql HTTP/1.1" 200 687826
57.129.16.41 - - [03/Jul/2025:01:27:18 +0300] "GET /_domains/games.congobet.com/error_ssl.log HTTP/1.1" 200 -
57.129.16.41 - - [03/Jul/2025:01:27:18 +0300] "HEAD /_domains/games.congobet.com/error_v.log HTTP/1.1" 200 -
57.129.16.41 - - [03/Jul/2025:01:27:18 +0300] "GET /_domains/realbetRadar.realbeto.ro/ HTTP/1.1" 302 25740
57.129.16.41 - - [03/Jul/2025:01:27:19 +0300] "GET /_domains/games.congobet.com/error_v.log HTTP/1.1" 200 -
57.129.16.41 - - [03/Jul/2025:01:27:19 +0300] "GET /_domains/red7delivery.kapter.com/ HTTP/1.1" 301 363
57.129.16.41 - - [03/Jul/2025:01:27:19 +0300] "GET /_domains/red77.realbeto.ro/ HTTP/1.1" 200 1338
57.129.16.41 - - [03/Jul/2025:01:27:19 +0300] "GET /_domains2/ HTTP/1.1" 200 -
57.129.16.41 - - [03/Jul/2025:01:27:19 +0300] "GET /_downloadedImages/ HTTP/1.1" 200 1650
57.129.16.41 - - [03/Jul/2025:01:27:19 +0300] "GET /_downloadedImages/Live%20Dealer/ HTTP/1.1" 200 6311
57.129.16.41 - - [03/Jul/2025:01:27:19 +0300] "HEAD /_downloadedImages/Live%20Dealer/Auto%20Roulette.webp HTTP/1.1" 200 -
57.129.16.41 - - [03/Jul/2025:01:27:19 +0300] "GET /_downloadedImages/Live%20Dealer/Auto%20Roulette.webp HTTP/1.1" 200 19708
51.89.167.1 - - [03/Jul/2025:01:27:19 +0300] "HEAD /_db_server-3-realbeto/realbet_blog/wp_aioseo_blc_notifications.sql HTTP/1.1" 200 -
51.89.167.1 - - [03/Jul/2025:01:27:19 +0300] "GET /_db_server-3-realbeto/realbet_blog/wp_aioseo_blc_notifications.sql HTTP/1.1" 200 2395
57.129.16.41 - - [03/Jul/2025:01:27:19 +0300] "HEAD /_downloadedImages/Live%20Dealer/Auto%20Speed%20Roulette.webp HTTP/1.1" 200 -
57.129.16.41 - - [03/Jul/2025:01:27:19 +0300] "GET /_downloadedImages/Live%20Dealer/Auto%20Speed%20Roulette.webp HTTP/1.1" 200 21312
51.89.167.1 - - [03/Jul/2025:01:27:19 +0300] "HEAD /_db_server-3-realbeto/realbet_blog/wp_aioseo_blc_posts.sql HTTP/1.1" 200 -
51.89.167.1 - - [03/Jul/2025:01:27:19 +0300] "GET /_db_server-3-realbeto/realbet_blog/wp_aioseo_blc_posts.sql HTTP/1.1" 200 56167
57.129.16.41 - - [03/Jul/2025:01:27:19 +0300] "HEAD /_downloadedImages/Live%20Dealer/Baccarat%20Speed%20E.webp HTTP/1.1" 200 -
57.129.16.41 - - [03/Jul/2025:01:27:19 +0300] "GET /_downloadedImages/Live%20Dealer/Baccarat%20Speed%20E.webp HTTP/1.1" 200 17358
51.89.167.1 - - [03/Jul/2025:01:27:20 +0300] "HEAD /_db_server-3-realbeto/realbet_blog/wp_aioseo_cache.sql HTTP/1.1" 200 -
57.129.16.41 - - [03/Jul/2025:01:27:20 +0300] "HEAD /_downloadedImages/Live%20Dealer/Bingo%20Turco.webp HTTP/1.1" 200 -
57.129.16.41 - - [03/Jul/2025:01:27:20 +0300] "GET /_downloadedImages/Live%20Dealer/Bingo%20Turco.webp HTTP/1.1" 200 30702
51.89.167.1 - - [03/Jul/2025:01:27:20 +0300] "HEAD /_db_server-3-realbeto/realbet_blog/wp_aioseo_crawl_cleanup_blocked_args.sql HTTP/1.1" 200 -
57.129.16.41 - - [03/Jul/2025:01:27:20 +0300] "HEAD /_downloadedImages/Live%20Dealer/BlackJack%20FIESTA.webp HTTP/1.1" 200 -
51.89.167.1 - - [03/Jul/2025:01:27:20 +0300] "GET /_db_server-3-realbeto/realbet_blog/wp_aioseo_crawl_cleanup_blocked_args.sql HTTP/1.1" 200 1939
57.129.16.41 - - [03/Jul/2025:01:27:20 +0300] "GET /_downloadedImages/Live%20Dealer/BlackJack%20FIESTA.webp HTTP/1.1" 200 17540
51.89.167.1 - - [03/Jul/2025:01:27:20 +0300] "HEAD /_db_server-3-realbeto/realbet_blog/wp_aioseo_crawl_cleanup_logs.sql HTTP/1.1" 200 -
57.129.16.41 - - [03/Jul/2025:01:27:20 +0300] "HEAD /_downloadedImages/Live%20Dealer/Blackjack.webp HTTP/1.1" 200 -
57.129.16.41 - - [03/Jul/2025:01:27:20 +0300] "GET /_downloadedImages/Live%20Dealer/Blackjack.webp HTTP/1.1" 200 14870
51.89.167.1 - - [03/Jul/2025:01:27:20 +0300] "GET /_db_server-3-realbeto/realbet_blog/wp_aioseo_crawl_cleanup_logs.sql HTTP/1.1" 200 1777
57.129.16.41 - - [03/Jul/2025:01:27:20 +0300] "HEAD /_downloadedImages/Live%20Dealer/Blackjack%20Brazilian%20A.webp HTTP/1.1" 200 -
57.129.16.41 - - [03/Jul/2025:01:27:20 +0300] "GET /_downloadedImages/Live%20Dealer/Blackjack%20Brazilian%20A.webp HTTP/1.1" 200 22010
57.129.16.41 - - [03/Jul/2025:01:27:21 +0300] "HEAD /_downloadedImages/Live%20Dealer/Brazilian%20Cash%20Out%20BlackJack.webp HTTP/1.1" 200 -
51.89.167.1 - - [03/Jul/2025:01:27:21 +0300] "HEAD /_db_server-3-realbeto/realbet_blog/wp_aioseo_notifications.sql HTTP/1.1" 200 -
57.129.16.41 - - [03/Jul/2025:01:27:21 +0300] "GET /_downloadedImages/Live%20Dealer/Brazilian%20Cash%20Out%20BlackJack.webp HTTP/1.1" 200 24444
51.89.167.1 - - [03/Jul/2025:01:27:21 +0300] "GET /_db_server-3-realbeto/realbet_blog/wp_aioseo_notifications.sql HTTP/1.1" 200 15765
57.129.16.41 - - [03/Jul/2025:01:27:21 +0300] "HEAD /_downloadedImages/Live%20Dealer/Casino%20Holdem.webp HTTP/1.1" 200 -
57.129.16.41 - - [03/Jul/2025:01:27:21 +0300] "GET /_downloadedImages/Live%20Dealer/Casino%20Holdem.webp HTTP/1.1" 200 18280
51.89.167.1 - - [03/Jul/2025:01:27:21 +0300] "HEAD /_db_server-3-realbeto/realbet_blog/wp_aioseo_posts.sql HTTP/1.1" 200 -
57.129.16.41 - - [03/Jul/2025:01:27:21 +0300] "HEAD /_downloadedImages/Live%20Dealer/Circus%20Roulette.webp HTTP/1.1" 200 -
57.129.16.41 - - [03/Jul/2025:01:27:21 +0300] "GET /_downloadedImages/Live%20Dealer/Circus%20Roulette.webp HTTP/1.1" 200 37968
51.89.167.1 - - [03/Jul/2025:01:27:21 +0300] "HEAD /_db_server-3-realbeto/realbet_blog/wp_aioseo_writing_assistant_keywords.sql HTTP/1.1" 200 -
51.89.167.1 - - [03/Jul/2025:01:27:21 +0300] "GET /_db_server-3-realbeto/realbet_blog/wp_aioseo_writing_assistant_keywords.sql HTTP/1.1" 200 2076
57.129.16.41 - - [03/Jul/2025:01:27:21 +0300] "HEAD /_downloadedImages/Live%20Dealer/Dragon%20Tiger.webp HTTP/1.1" 200 -
57.129.16.41 - - [03/Jul/2025:01:27:21 +0300] "GET /_downloadedImages/Live%20Dealer/Dragon%20Tiger.webp HTTP/1.1" 200 15592
57.129.16.41 - - [03/Jul/2025:01:27:21 +0300] "HEAD /_downloadedImages/Live%20Dealer/Free%20Bet%20BJ%20FIESTA.webp HTTP/1.1" 200 -
57.129.16.41 - - [03/Jul/2025:01:27:21 +0300] "GET /_downloadedImages/Live%20Dealer/Free%20Bet%20BJ%20FIESTA.webp HTTP/1.1" 200 16458
51.89.167.1 - - [03/Jul/2025:01:27:22 +0300] "HEAD /_db_server-3-realbeto/realbet_blog/wp_aioseo_writing_assistant_posts.sql HTTP/1.1" 200 -
51.89.167.1 - - [03/Jul/2025:01:27:22 +0300] "GET /_db_server-3-realbeto/realbet_blog/wp_aioseo_writing_assistant_posts.sql HTTP/1.1" 200 1979
57.129.16.41 - - [03/Jul/2025:01:27:22 +0300] "HEAD /_downloadedImages/Live%20Dealer/Korean%20Baccarat.webp HTTP/1.1" 200 -
57.129.16.41 - - [03/Jul/2025:01:27:22 +0300] "GET /_downloadedImages/Live%20Dealer/Korean%20Baccarat.webp HTTP/1.1" 200 14774
51.89.167.1 - - [03/Jul/2025:01:27:22 +0300] "HEAD /_db_server-3-realbeto/realbet_blog/wp_commentmeta.sql HTTP/1.1" 200 -
57.129.16.41 - - [03/Jul/2025:01:27:22 +0300] "HEAD /_downloadedImages/Live%20Dealer/No%20Commission%20Baccarat%20B.webp HTTP/1.1" 200 -
57.129.16.41 - - [03/Jul/2025:01:27:22 +0300] "GET /_downloadedImages/Live%20Dealer/No%20Commission%20Baccarat%20B.webp HTTP/1.1" 200 16460
51.89.167.1 - - [03/Jul/2025:01:27:22 +0300] "GET /_db_server-3-realbeto/realbet_blog/wp_commentmeta.sql HTTP/1.1" 200 1666
57.129.16.41 - - [03/Jul/2025:01:27:22 +0300] "HEAD /_downloadedImages/Live%20Dealer/No%20Commission%20Baccarat%20%20C.webp HTTP/1.1" 200 -
57.129.16.41 - - [03/Jul/2025:01:27:22 +0300] "GET /_downloadedImages/Live%20Dealer/No%20Commission%20Baccarat%20%20C.webp HTTP/1.1" 200 13584
57.129.16.41 - - [03/Jul/2025:01:27:22 +0300] "HEAD /_downloadedImages/Live%20Dealer/No%20Commission%20Baccarat%20Korean.webp HTTP/1.1" 200 -
51.89.167.1 - - [03/Jul/2025:01:27:22 +0300] "HEAD /_db_server-3-realbeto/realbet_blog/wp_comments.sql HTTP/1.1" 200 -
57.129.16.41 - - [03/Jul/2025:01:27:22 +0300] "GET /_downloadedImages/Live%20Dealer/No%20Commission%20Baccarat%20Korean.webp HTTP/1.1" 200 24206
51.89.167.1 - - [03/Jul/2025:01:27:22 +0300] "GET /_db_server-3-realbeto/realbet_blog/wp_comments.sql HTTP/1.1" 200 2518
57.129.16.41 - - [03/Jul/2025:01:27:23 +0300] "HEAD /_downloadedImages/Live%20Dealer/Roleta%20Brasileira.webp HTTP/1.1" 200 -
57.129.16.41 - - [03/Jul/2025:01:27:23 +0300] "GET /_downloadedImages/Live%20Dealer/Roleta%20Brasileira.webp HTTP/1.1" 200 21744
51.89.167.1 - - [03/Jul/2025:01:27:23 +0300] "HEAD /_db_server-3-realbeto/realbet_blog/wp_duplicator_packages.sql HTTP/1.1" 200 -
57.129.16.41 - - [03/Jul/2025:01:27:23 +0300] "HEAD /_downloadedImages/Live%20Dealer/Roulette.webp HTTP/1.1" 200 -
51.89.167.1 - - [03/Jul/2025:01:27:23 +0300] "GET /_db_server-3-realbeto/realbet_blog/wp_duplicator_packages.sql HTTP/1.1" 200 1725
57.129.16.41 - - [03/Jul/2025:01:27:23 +0300] "GET /_downloadedImages/Live%20Dealer/Roulette.webp HTTP/1.1" 200 15212
51.89.167.1 - - [03/Jul/2025:01:27:23 +0300] "HEAD /_db_server-3-realbeto/realbet_blog/wp_links.sql HTTP/1.1" 200 -
57.129.16.41 - - [03/Jul/2025:01:27:23 +0300] "HEAD /_downloadedImages/Live%20Dealer/Russian%20Poker.webp HTTP/1.1" 200 -
57.129.16.41 - - [03/Jul/2025:01:27:23 +0300] "GET /_downloadedImages/Live%20Dealer/Russian%20Poker.webp HTTP/1.1" 200 19774
51.89.167.1 - - [03/Jul/2025:01:27:23 +0300] "GET /_db_server-3-realbeto/realbet_blog/wp_links.sql HTTP/1.1" 200 2079
57.129.16.41 - - [03/Jul/2025:01:27:23 +0300] "HEAD /_downloadedImages/Live%20Dealer/Sic%20Bo.webp HTTP/1.1" 200 -
57.129.16.41 - - [03/Jul/2025:01:27:23 +0300] "GET /_downloadedImages/Live%20Dealer/Sic%20Bo.webp HTTP/1.1" 200 14388
51.89.167.1 - - [03/Jul/2025:01:27:23 +0300] "HEAD /_db_server-3-realbeto/realbet_blog/wp_options.sql HTTP/1.1" 200 -
51.89.167.1 - - [03/Jul/2025:01:27:23 +0300] "GET /_db_server-3-realbeto/realbet_blog/wp_options.sql HTTP/1.1" 200 3210693
57.129.16.41 - - [03/Jul/2025:01:27:24 +0300] "HEAD /_downloadedImages/Live%20Dealer/Tombala%20Auto.webp HTTP/1.1" 200 -
57.129.16.41 - - [03/Jul/2025:01:27:24 +0300] "GET /_downloadedImages/Live%20Dealer/Tombala%20Auto.webp HTTP/1.1" 200 19816
57.129.16.41 - - [03/Jul/2025:01:27:24 +0300] "HEAD /_downloadedImages/Live%20Dealer/Tombala%20Auto%20Speed.webp HTTP/1.1" 200 -
57.129.16.41 - - [03/Jul/2025:01:27:24 +0300] "GET /_downloadedImages/Live%20Dealer/Tombala%20Auto%20Speed.webp HTTP/1.1" 200 22008
57.129.16.41 - - [03/Jul/2025:01:27:24 +0300] "HEAD /_downloadedImages/Live%20Dealer/Tombala%20Lucky%20Box.webp HTTP/1.1" 200 -
57.129.16.41 - - [03/Jul/2025:01:27:24 +0300] "GET /_downloadedImages/Live%20Dealer/Tombala%20Lucky%20Box.webp HTTP/1.1" 200 24060
57.129.16.41 - - [03/Jul/2025:01:27:24 +0300] "HEAD /_downloadedImages/Live%20Dealer/Turkish%20Roulette.webp HTTP/1.1" 200 -
57.129.16.41 - - [03/Jul/2025:01:27:24 +0300] "GET /_downloadedImages/Live%20Dealer/Turkish%20Roulette.webp HTTP/1.1" 200 25550
57.129.16.41 - - [03/Jul/2025:01:27:24 +0300] "GET /_downloadedImages/New/ HTTP/1.1" 200 1271
57.129.16.41 - - [03/Jul/2025:01:27:24 +0300] "HEAD /_downloadedImages/New/Bohemian%20Bazaar.webp HTTP/1.1" 200 -
57.129.16.41 - - [03/Jul/2025:01:27:24 +0300] "GET /_downloadedImages/New/Bohemian%20Bazaar.webp HTTP/1.1" 200 37688
57.129.16.41 - - [03/Jul/2025:01:27:25 +0300] "HEAD /_downloadedImages/New/Mountain%20of%20Zeus.webp HTTP/1.1" 200 -
57.129.16.41 - - [03/Jul/2025:01:27:25 +0300] "GET /_downloadedImages/Skill%20Games/ HTTP/1.1" 200 8094
57.129.16.41 - - [03/Jul/2025:01:27:25 +0300] "GET /_downloadedImages/New/Mountain%20of%20Zeus.webp HTTP/1.1" 200 33854
57.129.16.41 - - [03/Jul/2025:01:27:25 +0300] "HEAD /_downloadedImages/Skill%20Games/777%20Poker.gif HTTP/1.1" 200 -
57.129.16.41 - - [03/Jul/2025:01:27:25 +0300] "GET /_downloadedImages/Skill%20Games/777%20Poker.gif HTTP/1.1" 200 950639
57.129.16.41 - - [03/Jul/2025:01:27:26 +0300] "HEAD /_downloadedImages/Skill%20Games/Blue%20Thunder.webp HTTP/1.1" 200 -
57.129.16.41 - - [03/Jul/2025:01:27:26 +0300] "GET /_downloadedImages/Skill%20Games/Blue%20Thunder.webp HTTP/1.1" 200 15992
51.89.167.1 - - [03/Jul/2025:01:27:26 +0300] "HEAD /_db_server-3-realbeto/realbet_blog/wp_postmeta.sql HTTP/1.1" 200 -
57.129.16.41 - - [03/Jul/2025:01:27:26 +0300] "HEAD /_downloadedImages/Skill%20Games/BoomBall.webp HTTP/1.1" 200 -
57.129.16.41 - - [03/Jul/2025:01:27:26 +0300] "GET /_downloadedImages/Skill%20Games/BoomBall.webp HTTP/1.1" 200 13814
51.89.167.1 - - [03/Jul/2025:01:27:26 +0300] "HEAD /_db_server-3-realbeto/realbet_blog/wp_posts.sql HTTP/1.1" 200 -
57.129.16.41 - - [03/Jul/2025:01:27:26 +0300] "HEAD /_downloadedImages/Skill%20Games/BoomBasket.webp HTTP/1.1" 200 -
57.129.16.41 - - [03/Jul/2025:01:27:26 +0300] "GET /_downloadedImages/Skill%20Games/BoomBasket.webp HTTP/1.1" 200 19132
51.89.167.1 - - [03/Jul/2025:01:27:26 +0300] "HEAD /_db_server-3-realbeto/realbet_blog/wp_term_relationships.sql HTTP/1.1" 200 -
51.89.167.1 - - [03/Jul/2025:01:27:27 +0300] "GET /_db_server-3-realbeto/realbet_blog/wp_term_relationships.sql HTTP/1.1" 200 1458100
57.129.16.41 - - [03/Jul/2025:01:27:27 +0300] "HEAD /_downloadedImages/Skill%20Games/Chance%20To%20Change%20Blackjack.gif HTTP/1.1" 200 -
57.129.16.41 - - [03/Jul/2025:01:27:27 +0300] "GET /_downloadedImages/Skill%20Games/Chance%20To%20Change%20Blackjack.gif HTTP/1.1" 200 3184431
51.89.167.1 - - [03/Jul/2025:01:27:28 +0300] "HEAD /_db_server-3-realbeto/realbet_blog/wp_term_taxonomy.sql HTTP/1.1" 200 -
51.89.167.1 - - [03/Jul/2025:01:27:28 +0300] "GET /_db_server-3-realbeto/realbet_blog/wp_term_taxonomy.sql HTTP/1.1" 200 2354
57.129.16.41 - - [03/Jul/2025:01:27:28 +0300] "HEAD /_downloadedImages/Skill%20Games/Crash%20Extreme.gif HTTP/1.1" 200 -
57.129.16.41 - - [03/Jul/2025:01:27:28 +0300] "GET /_downloadedImages/Skill%20Games/Crash%20Extreme.gif HTTP/1.1" 200 1012234
51.89.167.1 - - [03/Jul/2025:01:27:28 +0300] "HEAD /_db_server-3-realbeto/realbet_blog/wp_termmeta.sql HTTP/1.1" 200 -
51.89.167.1 - - [03/Jul/2025:01:27:28 +0300] "GET /_db_server-3-realbeto/realbet_blog/wp_termmeta.sql HTTP/1.1" 200 1645
51.89.167.1 - - [03/Jul/2025:01:27:28 +0300] "HEAD /_db_server-3-realbeto/realbet_blog/wp_terms.sql HTTP/1.1" 200 -
51.89.167.1 - - [03/Jul/2025:01:27:29 +0300] "GET /_db_server-3-realbeto/realbet_blog/wp_terms.sql HTTP/1.1" 200 2128
51.89.167.1 - - [03/Jul/2025:01:27:29 +0300] "HEAD /_db_server-3-realbeto/realbet_blog/wp_userfeedback_survey_responses.sql HTTP/1.1" 200 -
51.89.167.1 - - [03/Jul/2025:01:27:29 +0300] "GET /_db_server-3-realbeto/realbet_blog/wp_userfeedback_survey_responses.sql HTTP/1.1" 200 2127
57.129.16.41 - - [03/Jul/2025:01:27:29 +0300] "HEAD /_downloadedImages/Skill%20Games/Crash%20Infinity.gif HTTP/1.1" 200 -
57.129.16.41 - - [03/Jul/2025:01:27:29 +0300] "GET /_downloadedImages/Skill%20Games/Crash%20Infinity.gif HTTP/1.1" 200 86374
51.89.167.1 - - [03/Jul/2025:01:27:29 +0300] "HEAD /_db_server-3-realbeto/realbet_blog/wp_userfeedback_surveys.sql HTTP/1.1" 200 -
51.89.167.1 - - [03/Jul/2025:01:27:29 +0300] "GET /_db_server-3-realbeto/realbet_blog/wp_userfeedback_surveys.sql HTTP/1.1" 200 1878
57.129.16.41 - - [03/Jul/2025:01:27:29 +0300] "HEAD /_downloadedImages/Skill%20Games/CrashoSaurus.svg HTTP/1.1" 200 -
57.129.16.41 - - [03/Jul/2025:01:27:29 +0300] "GET /_downloadedImages/Skill%20Games/CrashoSaurus.svg HTTP/1.1" 200 401483
51.89.167.1 - - [03/Jul/2025:01:27:29 +0300] "HEAD /_db_server-3-realbeto/realbet_blog/wp_usermeta.sql HTTP/1.1" 200 -
51.89.167.1 - - [03/Jul/2025:01:27:30 +0300] "GET /_db_server-3-realbeto/realbet_blog/wp_usermeta.sql HTTP/1.1" 200 7738
57.129.16.41 - - [03/Jul/2025:01:27:30 +0300] "HEAD /_downloadedImages/Skill%20Games/Darts.webp HTTP/1.1" 200 -
51.89.167.1 - - [03/Jul/2025:01:27:30 +0300] "HEAD /_db_server-3-realbeto/realbet_blog/wp_users.sql HTTP/1.1" 200 -
51.89.167.1 - - [03/Jul/2025:01:27:30 +0300] "GET /_db_server-3-realbeto/realbet_blog/wp_users.sql HTTP/1.1" 200 2434
57.129.16.41 - - [03/Jul/2025:01:27:30 +0300] "GET /_downloadedImages/Skill%20Games/Darts.webp HTTP/1.1" 200 12802
57.129.16.41 - - [03/Jul/2025:01:27:30 +0300] "HEAD /_downloadedImages/Skill%20Games/Dice.gif HTTP/1.1" 200 -
51.89.167.1 - - [03/Jul/2025:01:27:30 +0300] "HEAD /_db_server-3-realbeto/realbet_blog/wp_wpforms_logs.sql HTTP/1.1" 200 -
57.129.16.41 - - [03/Jul/2025:01:27:30 +0300] "GET /_downloadedImages/Skill%20Games/Dice.gif HTTP/1.1" 200 1592596
51.89.167.1 - - [03/Jul/2025:01:27:30 +0300] "GET /_db_server-3-realbeto/realbet_blog/wp_wpforms_logs.sql HTTP/1.1" 200 1691
51.89.167.1 - - [03/Jul/2025:01:27:30 +0300] "HEAD /_db_server-3-realbeto/realbet_blog/wp_wpforms_payment_meta.sql HTTP/1.1" 200 -
51.89.167.1 - - [03/Jul/2025:01:27:30 +0300] "GET /_db_server-3-realbeto/realbet_blog/wp_wpforms_payment_meta.sql HTTP/1.1" 200 1705
51.89.167.1 - - [03/Jul/2025:01:27:31 +0300] "HEAD /_db_server-3-realbeto/realbet_blog/wp_wpforms_payments.sql HTTP/1.1" 200 -
51.89.167.1 - - [03/Jul/2025:01:27:31 +0300] "GET /_db_server-3-realbeto/realbet_blog/wp_wpforms_payments.sql HTTP/1.1" 200 2694
51.89.167.1 - - [03/Jul/2025:01:27:31 +0300] "HEAD /_db_server-3-realbeto/realbet_blog/wp_wpforms_tasks_meta.sql HTTP/1.1" 200 -
51.89.167.1 - - [03/Jul/2025:01:27:31 +0300] "GET /_db_server-3-realbeto/realbet_blog/wp_wpforms_tasks_meta.sql HTTP/1.1" 200 1798
57.129.16.41 - - [03/Jul/2025:01:27:31 +0300] "HEAD /_downloadedImages/Skill%20Games/First%20Balloon.gif HTTP/1.1" 200 -
57.129.16.41 - - [03/Jul/2025:01:27:31 +0300] "GET /_downloadedImages/Skill%20Games/First%20Balloon.gif HTTP/1.1" 200 2225870
51.89.167.1 - - [03/Jul/2025:01:27:31 +0300] "GET /_db_server-3-realbeto/realbetradar/ HTTP/1.1" 200 4510
51.89.167.1 - - [03/Jul/2025:01:27:31 +0300] "HEAD /_db_server-3-realbeto/realbet_blog/wp_wprss_logs.sql HTTP/1.1" 200 -
51.89.167.1 - - [03/Jul/2025:01:27:32 +0300] "GET /_db_server-3-realbeto/realbet_blog/wp_wprss_logs.sql HTTP/1.1" 200 15214
51.89.167.1 - - [03/Jul/2025:01:27:32 +0300] "HEAD /_db_server-3-realbeto/realbetradar/cron_pariuri.sql HTTP/1.1" 200 -
51.89.167.1 - - [03/Jul/2025:01:27:32 +0300] "GET /_db_server-3-realbeto/realbetradar/cron_pariuri.sql HTTP/1.1" 200 1776
51.89.167.1 - - [03/Jul/2025:01:27:32 +0300] "HEAD /_db_server-3-realbeto/realbetradar/online_websites_login.sql HTTP/1.1" 200 -
51.89.167.1 - - [03/Jul/2025:01:27:32 +0300] "GET /_db_server-3-realbeto/realbetradar/online_websites_login.sql HTTP/1.1" 200 1988
51.89.167.1 - - [03/Jul/2025:01:27:33 +0300] "HEAD /_db_server-3-realbeto/realbetradar/online_websites_meniu.sql HTTP/1.1" 200 -
51.89.167.1 - - [03/Jul/2025:01:27:33 +0300] "GET /_db_server-3-realbeto/realbetradar/online_websites_meniu.sql HTTP/1.1" 200 3639
51.89.167.1 - - [03/Jul/2025:01:27:33 +0300] "HEAD /_db_server-3-realbeto/realbetradar/online_websites_posts.sql HTTP/1.1" 200 -
51.89.167.1 - - [03/Jul/2025:01:27:33 +0300] "GET /_db_server-3-realbeto/realbetradar/online_websites_posts.sql HTTP/1.1" 200 2939
57.129.16.41 - - [03/Jul/2025:01:27:33 +0300] "HEAD /_downloadedImages/Skill%20Games/Formula%201.webp HTTP/1.1" 200 -
57.129.16.41 - - [03/Jul/2025:01:27:33 +0300] "GET /_downloadedImages/Skill%20Games/Formula%201.webp HTTP/1.1" 200 9960
51.89.167.1 - - [03/Jul/2025:01:27:33 +0300] "HEAD /_db_server-3-realbeto/realbetradar/online_websites_posts_tip.sql HTTP/1.1" 200 -
57.129.16.41 - - [03/Jul/2025:01:27:33 +0300] "HEAD /_downloadedImages/Skill%20Games/Gold%20Miner.webp HTTP/1.1" 200 -
57.129.16.41 - - [03/Jul/2025:01:27:33 +0300] "GET /_downloadedImages/Skill%20Games/Gold%20Miner.webp HTTP/1.1" 200 26160
51.89.167.1 - - [03/Jul/2025:01:27:33 +0300] "GET /_db_server-3-realbeto/realbetradar/online_websites_posts_tip.sql HTTP/1.1" 200 1672
57.129.16.41 - - [03/Jul/2025:01:27:34 +0300] "HEAD /_downloadedImages/Skill%20Games/Golden%20Gate.webp HTTP/1.1" 200 -
51.89.167.1 - - [03/Jul/2025:01:27:34 +0300] "HEAD /_db_server-3-realbeto/realbetradar/online_websites_poze.sql HTTP/1.1" 200 -
57.129.16.41 - - [03/Jul/2025:01:27:34 +0300] "GET /_downloadedImages/Skill%20Games/Golden%20Gate.webp HTTP/1.1" 200 20816
51.89.167.1 - - [03/Jul/2025:01:27:34 +0300] "GET /_db_server-3-realbeto/realbetradar/online_websites_poze.sql HTTP/1.1" 200 3715
57.129.16.41 - - [03/Jul/2025:01:27:34 +0300] "HEAD /_downloadedImages/Skill%20Games/Jacks%20or%20Better.webp HTTP/1.1" 200 -
57.129.16.41 - - [03/Jul/2025:01:27:34 +0300] "GET /_downloadedImages/Skill%20Games/Jacks%20or%20Better.webp HTTP/1.1" 200 15980
51.89.167.1 - - [03/Jul/2025:01:27:34 +0300] "HEAD /_db_server-3-realbeto/realbetradar/online_websites_setari.sql HTTP/1.1" 200 -
51.89.167.1 - - [03/Jul/2025:01:27:34 +0300] "GET /_db_server-3-realbeto/realbetradar/online_websites_setari.sql HTTP/1.1" 200 2857
57.129.16.41 - - [03/Jul/2025:01:27:34 +0300] "HEAD /_downloadedImages/Skill%20Games/Jogo%20do%20Bicho.gif HTTP/1.1" 200 -
57.129.16.41 - - [03/Jul/2025:01:27:34 +0300] "GET /_downloadedImages/Skill%20Games/Jogo%20do%20Bicho.gif HTTP/1.1" 200 2896698
51.89.167.1 - - [03/Jul/2025:01:27:34 +0300] "HEAD /_db_server-3-realbeto/realbetradar/online_websites_setofvalues.sql HTTP/1.1" 200 -
51.89.167.1 - - [03/Jul/2025:01:27:34 +0300] "GET /_db_server-3-realbeto/realbetradar/online_websites_setofvalues.sql HTTP/1.1" 200 2356
51.89.167.1 - - [03/Jul/2025:01:27:35 +0300] "HEAD /_db_server-3-realbeto/realbetradar/online_websites_setofvaluesdef.sql HTTP/1.1" 200 -
51.89.167.1 - - [03/Jul/2025:01:27:35 +0300] "GET /_db_server-3-realbeto/realbetradar/online_websites_setofvaluesdef.sql HTTP/1.1" 200 2405
51.89.167.1 - - [03/Jul/2025:01:27:35 +0300] "HEAD /_db_server-3-realbeto/realbetradar/online_websites_setofvaluesdef_relations.sql HTTP/1.1" 200 -
51.89.167.1 - - [03/Jul/2025:01:27:35 +0300] "GET /_db_server-3-realbeto/realbetradar/online_websites_setofvaluesdef_relations.sql HTTP/1.1" 200 2238
51.89.167.1 - - [03/Jul/2025:01:27:35 +0300] "HEAD /_db_server-3-realbeto/realbetradar/ping_nodejs_servers.sql HTTP/1.1" 200 -
51.89.167.1 - - [03/Jul/2025:01:27:35 +0300] "GET /_db_server-3-realbeto/realbetradar/ping_nodejs_servers.sql HTTP/1.1" 200 2145
57.129.16.41 - - [03/Jul/2025:01:27:35 +0300] "HEAD /_downloadedImages/Skill%20Games/Joker%20Wild.webp HTTP/1.1" 200 -
57.129.16.41 - - [03/Jul/2025:01:27:35 +0300] "GET /_downloadedImages/Skill%20Games/Joker%20Wild.webp HTTP/1.1" 200 15518
51.89.167.1 - - [03/Jul/2025:01:27:36 +0300] "HEAD /_db_server-3-realbeto/realbetradar/setari.sql HTTP/1.1" 200 -
57.129.16.41 - - [03/Jul/2025:01:27:36 +0300] "HEAD /_downloadedImages/Skill%20Games/Keno.webp HTTP/1.1" 200 -
57.129.16.41 - - [03/Jul/2025:01:27:36 +0300] "GET /_downloadedImages/Skill%20Games/Keno.webp HTTP/1.1" 200 11378
51.89.167.1 - - [03/Jul/2025:01:27:36 +0300] "GET /_db_server-3-realbeto/realbetradar/setari.sql HTTP/1.1" 200 1525
57.129.16.41 - - [03/Jul/2025:01:27:36 +0300] "HEAD /_downloadedImages/Skill%20Games/Keno%208%20Pro.gif HTTP/1.1" 200 -
51.89.167.1 - - [03/Jul/2025:01:27:36 +0300] "HEAD /_db_server-3-realbeto/realbetradar/super_ligi.sql HTTP/1.1" 200 -
57.129.16.41 - - [03/Jul/2025:01:27:36 +0300] "GET /_downloadedImages/Skill%20Games/Keno%208%20Pro.gif HTTP/1.1" 200 1156613
51.89.167.1 - - [03/Jul/2025:01:27:36 +0300] "GET /_db_server-3-realbeto/realbetradar/super_ligi.sql HTTP/1.1" 200 1693
51.89.167.1 - - [03/Jul/2025:01:27:36 +0300] "HEAD /_db_server-3-realbeto/realbetradar/super_meciuri.sql HTTP/1.1" 200 -
51.89.167.1 - - [03/Jul/2025:01:27:36 +0300] "GET /_db_server-3-realbeto/realbetradar/super_meciuri.sql HTTP/1.1" 200 2338
57.129.16.41 - - [03/Jul/2025:01:27:36 +0300] "HEAD /_downloadedImages/Skill%20Games/Keno%2010%20Pro.gif HTTP/1.1" 200 -
57.129.16.41 - - [03/Jul/2025:01:27:36 +0300] "GET /_downloadedImages/Skill%20Games/Keno%2010%20Pro.gif HTTP/1.1" 200 1169491
51.89.167.1 - - [03/Jul/2025:01:27:36 +0300] "HEAD /_db_server-3-realbeto/realbetradar/super_sports.sql HTTP/1.1" 200 -
51.89.167.1 - - [03/Jul/2025:01:27:37 +0300] "GET /_db_server-3-realbeto/realbetradar/super_sports.sql HTTP/1.1" 200 7674
51.89.167.1 - - [03/Jul/2025:01:27:37 +0300] "HEAD /_db_server-3-realbeto/realbetradar/websiteuri.sql HTTP/1.1" 200 -
51.89.167.1 - - [03/Jul/2025:01:27:37 +0300] "GET /_db_server-3-realbeto/realbetradar_amperaplay/ HTTP/1.1" 200 4879
51.89.167.1 - - [03/Jul/2025:01:27:37 +0300] "GET /_db_server-3-realbeto/realbetradar/websiteuri.sql HTTP/1.1" 200 87268
57.129.16.41 - - [03/Jul/2025:01:27:37 +0300] "HEAD /_downloadedImages/Skill%20Games/Lucky%20Lotto.gif HTTP/1.1" 200 -
57.129.16.41 - - [03/Jul/2025:01:27:37 +0300] "GET /_downloadedImages/Skill%20Games/Lucky%20Lotto.gif HTTP/1.1" 200 2074160
51.89.167.1 - - [03/Jul/2025:01:27:37 +0300] "HEAD /_db_server-3-realbeto/realbetradar_amperaplay/betika_ligi.sql HTTP/1.1" 200 -
51.89.167.1 - - [03/Jul/2025:01:27:37 +0300] "GET /_db_server-3-realbeto/realbetradar_amperaplay/betika_ligi.sql HTTP/1.1" 200 1722
51.89.167.1 - - [03/Jul/2025:01:27:37 +0300] "HEAD /_db_server-3-realbeto/realbetradar_amperaplay/betika_meciuri.sql HTTP/1.1" 200 -
51.89.167.1 - - [03/Jul/2025:01:27:38 +0300] "GET /_db_server-3-realbeto/realbetradar_amperaplay/betika_meciuri.sql HTTP/1.1" 200 2560
51.89.167.1 - - [03/Jul/2025:01:27:38 +0300] "HEAD /_db_server-3-realbeto/realbetradar_amperaplay/betika_sports.sql HTTP/1.1" 200 -
51.89.167.1 - - [03/Jul/2025:01:27:38 +0300] "GET /_db_server-3-realbeto/realbetradar_amperaplay/betika_sports.sql HTTP/1.1" 200 4613
57.129.16.41 - - [03/Jul/2025:01:27:38 +0300] "HEAD /_downloadedImages/Skill%20Games/Mines.svg HTTP/1.1" 200 -
51.89.167.1 - - [03/Jul/2025:01:27:38 +0300] "HEAD /_db_server-3-realbeto/realbetradar_amperaplay/betika_tip_pariuri.sql HTTP/1.1" 200 -
57.129.16.41 - - [03/Jul/2025:01:27:38 +0300] "GET /_downloadedImages/Skill%20Games/Mines.svg HTTP/1.1" 200 546191
51.89.167.1 - - [03/Jul/2025:01:27:38 +0300] "GET /_db_server-3-realbeto/realbetradar_amperaplay/betika_tip_pariuri.sql HTTP/1.1" 200 10642
51.89.167.1 - - [03/Jul/2025:01:27:38 +0300] "HEAD /_db_server-3-realbeto/realbetradar_amperaplay/guinee_ligi.sql HTTP/1.1" 200 -
51.89.167.1 - - [03/Jul/2025:01:27:38 +0300] "GET /_db_server-3-realbeto/realbetradar_amperaplay/guinee_ligi.sql HTTP/1.1" 200 1933
57.129.16.41 - - [03/Jul/2025:01:27:39 +0300] "HEAD /_downloadedImages/Skill%20Games/Non-Stop%20Baccarat.gif HTTP/1.1" 200 -
57.129.16.41 - - [03/Jul/2025:01:27:39 +0300] "GET /_downloadedImages/Skill%20Games/Non-Stop%20Baccarat.gif HTTP/1.1" 200 1453858
51.89.167.1 - - [03/Jul/2025:01:27:39 +0300] "HEAD /_db_server-3-realbeto/realbetradar_amperaplay/guinee_meciuri.sql HTTP/1.1" 200 -
51.89.167.1 - - [03/Jul/2025:01:27:39 +0300] "GET /_db_server-3-realbeto/realbetradar_amperaplay/guinee_meciuri.sql HTTP/1.1" 200 2647
51.89.167.1 - - [03/Jul/2025:01:27:39 +0300] "HEAD /_db_server-3-realbeto/realbetradar_amperaplay/guinee_sports.sql HTTP/1.1" 200 -
51.89.167.1 - - [03/Jul/2025:01:27:39 +0300] "GET /_db_server-3-realbeto/realbetradar_amperaplay/guinee_sports.sql HTTP/1.1" 200 2974
51.89.167.1 - - [03/Jul/2025:01:27:39 +0300] "HEAD /_db_server-3-realbeto/realbetradar_amperaplay/keno_connections.sql HTTP/1.1" 200 -
57.129.16.41 - - [03/Jul/2025:01:27:39 +0300] "HEAD /_downloadedImages/Skill%20Games/Penalty.webp HTTP/1.1" 200 -
51.89.167.1 - - [03/Jul/2025:01:27:39 +0300] "GET /_db_server-3-realbeto/realbetradar_amperaplay/keno_connections.sql HTTP/1.1" 200 1977
57.129.16.41 - - [03/Jul/2025:01:27:39 +0300] "GET /_downloadedImages/Skill%20Games/Penalty.webp HTTP/1.1" 200 14132
57.129.16.41 - - [03/Jul/2025:01:27:40 +0300] "HEAD /_downloadedImages/Skill%20Games/Pink%20Thunder.gif HTTP/1.1" 200 -
57.129.16.41 - - [03/Jul/2025:01:27:40 +0300] "GET /_downloadedImages/Skill%20Games/Pink%20Thunder.gif HTTP/1.1" 200 59720
51.89.167.1 - - [03/Jul/2025:01:27:40 +0300] "HEAD /_db_server-3-realbeto/realbetradar_amperaplay/keno_rounds.sql HTTP/1.1" 200 -
206.81.24.227 - - [03/Jul/2025:01:27:40 +0300] "\x16\x03\x01" 400 333
57.129.16.41 - - [03/Jul/2025:01:27:40 +0300] "HEAD /_downloadedImages/Skill%20Games/Plinko.webp HTTP/1.1" 200 -
57.129.16.41 - - [03/Jul/2025:01:27:40 +0300] "GET /_downloadedImages/Skill%20Games/Plinko.webp HTTP/1.1" 200 9210
51.89.167.1 - - [03/Jul/2025:01:27:40 +0300] "GET /_db_server-3-realbeto/realbetradar_amperaplay/keno_rounds.sql HTTP/1.1" 200 715180
57.129.16.41 - - [03/Jul/2025:01:27:40 +0300] "HEAD /_downloadedImages/Skill%20Games/Striker.webp HTTP/1.1" 200 -
57.129.16.41 - - [03/Jul/2025:01:27:40 +0300] "GET /_downloadedImages/Skill%20Games/Striker.webp HTTP/1.1" 200 17686
57.129.16.41 - - [03/Jul/2025:01:27:40 +0300] "HEAD /_downloadedImages/Skill%20Games/Tornado%20Andar%20Bahar.gif HTTP/1.1" 200 -
57.129.16.41 - - [03/Jul/2025:01:27:40 +0300] "GET /_downloadedImages/Skill%20Games/Tornado%20Andar%20Bahar.gif HTTP/1.1" 200 1559517
206.81.24.227 - - [03/Jul/2025:01:27:40 +0300] "GET / HTTP/1.1" 200 3902
51.89.167.1 - - [03/Jul/2025:01:27:40 +0300] "HEAD /_db_server-3-realbeto/realbetradar_amperaplay/setari.sql HTTP/1.1" 200 -
51.89.167.1 - - [03/Jul/2025:01:27:41 +0300] "GET /_db_server-3-realbeto/realbetradar_amperaplay/setari.sql HTTP/1.1" 200 1511
51.89.167.1 - - [03/Jul/2025:01:27:41 +0300] "HEAD /_db_server-3-realbeto/realbetradar_amperaplay/superbet_meciuri.sql HTTP/1.1" 200 -
51.89.167.1 - - [03/Jul/2025:01:27:41 +0300] "HEAD /_db_server-3-realbeto/realbetradar_amperaplay/superbet_meciuri_back.sql HTTP/1.1" 200 -
57.129.16.41 - - [03/Jul/2025:01:27:41 +0300] "HEAD /_downloadedImages/Skill%20Games/Turbo%20Baccarat.gif HTTP/1.1" 200 -
57.129.16.41 - - [03/Jul/2025:01:27:41 +0300] "GET /_downloadedImages/Skill%20Games/Turbo%20Baccarat.gif HTTP/1.1" 200 2851143
51.89.167.1 - - [03/Jul/2025:01:27:41 +0300] "HEAD /_db_server-3-realbeto/realbetradar_amperaplay/superbet_meciuri_nou.sql HTTP/1.1" 200 -
51.89.167.1 - - [03/Jul/2025:01:27:41 +0300] "GET /_db_server-3-realbeto/realbetradar_amperaplay/superbet_meciuri_nou.sql HTTP/1.1" 200 1768040
51.89.167.1 - - [03/Jul/2025:01:27:42 +0300] "HEAD /_db_server-3-realbeto/realbetradar_amperaplay/superbet_sports.sql HTTP/1.1" 200 -
51.89.167.1 - - [03/Jul/2025:01:27:42 +0300] "GET /_db_server-3-realbeto/realbetradar_amperaplay/superbet_sports.sql HTTP/1.1" 200 6222
51.89.167.1 - - [03/Jul/2025:01:27:42 +0300] "HEAD /_db_server-3-realbeto/realbetradar_amperaplay/superbet_struct.sql HTTP/1.1" 200 -
51.89.167.1 - - [03/Jul/2025:01:27:42 +0300] "GET /_db_server-3-realbeto/realbetradar_amperaplay/superbet_struct.sql HTTP/1.1" 200 629020
57.129.16.41 - - [03/Jul/2025:01:27:43 +0300] "HEAD /_downloadedImages/Skill%20Games/Wheel.gif HTTP/1.1" 200 -
57.129.16.41 - - [03/Jul/2025:01:27:43 +0300] "GET /_downloadedImages/Skill%20Games/Wheel.gif HTTP/1.1" 200 1611536
51.89.167.1 - - [03/Jul/2025:01:27:43 +0300] "HEAD /_db_server-3-realbeto/realbetradar_amperaplay/winnerbet_ligi.sql HTTP/1.1" 200 -
51.89.167.1 - - [03/Jul/2025:01:27:43 +0300] "GET /_db_server-3-realbeto/realbetradar_amperaplay/winnerbet_ligi.sql HTTP/1.1" 200 1909
51.89.167.1 - - [03/Jul/2025:01:27:43 +0300] "HEAD /_db_server-3-realbeto/realbetradar_amperaplay/winnerbet_meciuri.sql HTTP/1.1" 200 -
51.89.167.1 - - [03/Jul/2025:01:27:43 +0300] "GET /_db_server-3-realbeto/realbetradar_amperaplay/winnerbet_meciuri.sql HTTP/1.1" 200 2910
51.89.167.1 - - [03/Jul/2025:01:27:43 +0300] "HEAD /_db_server-3-realbeto/realbetradar_amperaplay/winnerbet_sports.sql HTTP/1.1" 200 -
51.89.167.1 - - [03/Jul/2025:01:27:43 +0300] "GET /_db_server-3-realbeto/realbetradar_live/ HTTP/1.1" 200 1729
51.89.167.1 - - [03/Jul/2025:01:27:43 +0300] "GET /_db_server-3-realbeto/realbetradar_amperaplay/winnerbet_sports.sql HTTP/1.1" 200 3734
51.89.167.1 - - [03/Jul/2025:01:27:43 +0300] "HEAD /_db_server-3-realbeto/realbetradar_live/setari.sql HTTP/1.1" 200 -
51.89.167.1 - - [03/Jul/2025:01:27:43 +0300] "GET /_db_server-3-realbeto/realbetradar_live/setari.sql HTTP/1.1" 200 1625223
57.129.16.41 - - [03/Jul/2025:01:27:44 +0300] "HEAD /_downloadedImages/Skill%20Games/Wheel%20of%20Fortune.webp HTTP/1.1" 200 -
57.129.16.41 - - [03/Jul/2025:01:27:44 +0300] "GET /_downloadedImages/Skill%20Games/Wheel%20of%20Fortune.webp HTTP/1.1" 200 17392
57.129.16.41 - - [03/Jul/2025:01:27:44 +0300] "HEAD /_downloadedImages/Skill%20Games/WinBall.webp HTTP/1.1" 200 -
57.129.16.41 - - [03/Jul/2025:01:27:44 +0300] "GET /_downloadedImages/Skill%20Games/WinBall.webp HTTP/1.1" 200 8452
57.129.16.41 - - [03/Jul/2025:01:27:44 +0300] "HEAD /_downloadedImages/Skill%20Games/Wow%20Bow.webp HTTP/1.1" 200 -
57.129.16.41 - - [03/Jul/2025:01:27:44 +0300] "GET /_downloadedImages/Video%20Slots/ HTTP/1.1" 200 5894
57.129.16.41 - - [03/Jul/2025:01:27:44 +0300] "GET /_downloadedImages/Skill%20Games/Wow%20Bow.webp HTTP/1.1" 200 13222
57.129.16.41 - - [03/Jul/2025:01:27:44 +0300] "HEAD /_downloadedImages/Video%20Slots/88%20Drums.webp HTTP/1.1" 200 -
57.129.16.41 - - [03/Jul/2025:01:27:44 +0300] "GET /_downloadedImages/Video%20Slots/88%20Drums.webp HTTP/1.1" 200 32012
51.89.167.1 - - [03/Jul/2025:01:27:44 +0300] "HEAD /_db_server-3-realbeto/realbetradar_live/super_ligi.sql HTTP/1.1" 200 -
51.89.167.1 - - [03/Jul/2025:01:27:44 +0300] "GET /_db_server-3-realbeto/realbetradar_live/super_ligi.sql HTTP/1.1" 200 1703
57.129.16.41 - - [03/Jul/2025:01:27:44 +0300] "HEAD /_downloadedImages/Video%20Slots/Alchemistress.webp HTTP/1.1" 200 -
57.129.16.41 - - [03/Jul/2025:01:27:45 +0300] "GET /_downloadedImages/Video%20Slots/Alchemistress.webp HTTP/1.1" 200 30946
51.89.167.1 - - [03/Jul/2025:01:27:45 +0300] "HEAD /_db_server-3-realbeto/realbetradar_live/super_meciuri.sql HTTP/1.1" 200 -
51.89.167.1 - - [03/Jul/2025:01:27:45 +0300] "GET /_db_server-3-realbeto/realbetradar_live/super_meciuri.sql HTTP/1.1" 200 665531
57.129.16.41 - - [03/Jul/2025:01:27:45 +0300] "HEAD /_downloadedImages/Video%20Slots/Alexander's%20Conquest.webp HTTP/1.1" 200 -
57.129.16.41 - - [03/Jul/2025:01:27:45 +0300] "GET /_downloadedImages/Video%20Slots/Alexander's%20Conquest.webp HTTP/1.1" 200 33904
57.129.16.41 - - [03/Jul/2025:01:27:45 +0300] "HEAD /_downloadedImages/Video%20Slots/Ape's%20Dynasty.webp HTTP/1.1" 200 -
57.129.16.41 - - [03/Jul/2025:01:27:45 +0300] "GET /_downloadedImages/Video%20Slots/Ape's%20Dynasty.webp HTTP/1.1" 200 35712
51.89.167.1 - - [03/Jul/2025:01:27:45 +0300] "GET /_db_server-3-realbeto/realbetradar_pariuri/ HTTP/1.1" 200 2174
51.89.167.1 - - [03/Jul/2025:01:27:45 +0300] "HEAD /_db_server-3-realbeto/realbetradar_live/super_sports.sql HTTP/1.1" 200 -
57.129.16.41 - - [03/Jul/2025:01:27:45 +0300] "HEAD /_downloadedImages/Video%20Slots/Arctic%20Sky.webp HTTP/1.1" 200 -
57.129.16.41 - - [03/Jul/2025:01:27:45 +0300] "GET /_downloadedImages/Video%20Slots/Arctic%20Sky.webp HTTP/1.1" 200 33456
51.89.167.1 - - [03/Jul/2025:01:27:45 +0300] "GET /_db_server-3-realbeto/realbetradar_live/super_sports.sql HTTP/1.1" 200 7973
51.89.167.1 - - [03/Jul/2025:01:27:45 +0300] "HEAD /_db_server-3-realbeto/realbetradar_pariuri/corespondentaechipe.sql HTTP/1.1" 200 -
57.129.16.41 - - [03/Jul/2025:01:27:45 +0300] "HEAD /_downloadedImages/Video%20Slots/Bankrush%20Bonanza.webp HTTP/1.1" 200 -
51.89.167.1 - - [03/Jul/2025:01:27:45 +0300] "GET /_db_server-3-realbeto/realbetradar_pariuri/corespondentaechipe.sql HTTP/1.1" 200 1646
57.129.16.41 - - [03/Jul/2025:01:27:46 +0300] "GET /_downloadedImages/Video%20Slots/Bankrush%20Bonanza.webp HTTP/1.1" 200 40098
51.89.167.1 - - [03/Jul/2025:01:27:46 +0300] "HEAD /_db_server-3-realbeto/realbetradar_pariuri/cron_pariuri.sql HTTP/1.1" 200 -
57.129.16.41 - - [03/Jul/2025:01:27:46 +0300] "HEAD /_downloadedImages/Video%20Slots/Crystal%20Garden.webp HTTP/1.1" 200 -
51.89.167.1 - - [03/Jul/2025:01:27:46 +0300] "GET /_db_server-3-realbeto/realbetradar_pariuri/cron_pariuri.sql HTTP/1.1" 200 1792
57.129.16.41 - - [03/Jul/2025:01:27:46 +0300] "GET /_downloadedImages/Video%20Slots/Crystal%20Garden.webp HTTP/1.1" 200 39528
57.129.16.41 - - [03/Jul/2025:01:27:46 +0300] "HEAD /_downloadedImages/Video%20Slots/Da%20Vinci%20Power%20Bet.webp HTTP/1.1" 200 -
57.129.16.41 - - [03/Jul/2025:01:27:46 +0300] "GET /_downloadedImages/Video%20Slots/Da%20Vinci%20Power%20Bet.webp HTTP/1.1" 200 29814
51.89.167.1 - - [03/Jul/2025:01:27:46 +0300] "HEAD /_db_server-3-realbeto/realbetradar_pariuri/login.sql HTTP/1.1" 200 -
51.89.167.1 - - [03/Jul/2025:01:27:46 +0300] "GET /_db_server-3-realbeto/realbetradar_pariuri/login.sql HTTP/1.1" 200 1704
57.129.16.41 - - [03/Jul/2025:01:27:46 +0300] "HEAD /_downloadedImages/Video%20Slots/Dangerous%20Beauty%20Blade%e2%80%99s%20Edge.webp HTTP/1.1" 200 -
57.129.16.41 - - [03/Jul/2025:01:27:46 +0300] "GET /_downloadedImages/Video%20Slots/Dangerous%20Beauty%20Blade%e2%80%99s%20Edge.webp HTTP/1.1" 200 33800
51.89.167.1 - - [03/Jul/2025:01:27:46 +0300] "HEAD /_db_server-3-realbeto/realbetradar_pariuri/prematch.sql HTTP/1.1" 200 -
57.129.16.41 - - [03/Jul/2025:01:27:47 +0300] "HEAD /_downloadedImages/Video%20Slots/Dragon's%20Keeper.webp HTTP/1.1" 200 -
51.89.167.1 - - [03/Jul/2025:01:27:47 +0300] "GET /_db_server-3-realbeto/realbetradar_pariuri/prematch.sql HTTP/1.1" 200 1526
57.129.16.41 - - [03/Jul/2025:01:27:47 +0300] "GET /_downloadedImages/Video%20Slots/Dragon's%20Keeper.webp HTTP/1.1" 200 37256
57.129.16.41 - - [03/Jul/2025:01:27:47 +0300] "HEAD /_downloadedImages/Video%20Slots/Gate%20of%20the%20Pharaohs.webp HTTP/1.1" 200 -
57.129.16.41 - - [03/Jul/2025:01:27:47 +0300] "GET /_downloadedImages/Video%20Slots/Gate%20of%20the%20Pharaohs.webp HTTP/1.1" 200 40064
51.89.167.1 - - [03/Jul/2025:01:27:47 +0300] "HEAD /_db_server-3-realbeto/realbetradar_pariuri/realbet_sports.sql HTTP/1.1" 200 -
51.89.167.1 - - [03/Jul/2025:01:27:47 +0300] "GET /_db_server-3-realbeto/realbetradar_pariuri/realbet_sports.sql HTTP/1.1" 200 4456
57.129.16.41 - - [03/Jul/2025:01:27:47 +0300] "HEAD /_downloadedImages/Video%20Slots/Golden%20Knight%20Infinity.webp HTTP/1.1" 200 -
57.129.16.41 - - [03/Jul/2025:01:27:47 +0300] "GET /_downloadedImages/Video%20Slots/Golden%20Knight%20Infinity.webp HTTP/1.1" 200 44124
57.129.16.41 - - [03/Jul/2025:01:27:47 +0300] "HEAD /_downloadedImages/Video%20Slots/Green%20Machine%20Racking%20Up%20Riches%202.webp HTTP/1.1" 200 -
51.89.167.1 - - [03/Jul/2025:01:27:47 +0300] "HEAD /_db_server-3-realbeto/realbetradar_pariuri/setari.sql HTTP/1.1" 200 -
51.89.167.1 - - [03/Jul/2025:01:27:47 +0300] "GET /_db_server-3-realbeto/red7delivery/ HTTP/1.1" 200 2567
57.129.16.41 - - [03/Jul/2025:01:27:47 +0300] "GET /_downloadedImages/Video%20Slots/Green%20Machine%20Racking%20Up%20Riches%202.webp HTTP/1.1" 200 39126
51.89.167.1 - - [03/Jul/2025:01:27:47 +0300] "GET /_db_server-3-realbeto/realbetradar_pariuri/setari.sql HTTP/1.1" 200 1951
57.129.16.41 - - [03/Jul/2025:01:27:47 +0300] "HEAD /_downloadedImages/Video%20Slots/Hollywood%20Queen.webp HTTP/1.1" 200 -
57.129.16.41 - - [03/Jul/2025:01:27:47 +0300] "GET /_downloadedImages/Video%20Slots/Hollywood%20Queen.webp HTTP/1.1" 200 38674
51.89.167.1 - - [03/Jul/2025:01:27:47 +0300] "HEAD /_db_server-3-realbeto/red7delivery/account_city.sql HTTP/1.1" 200 -
51.89.167.1 - - [03/Jul/2025:01:27:47 +0300] "GET /_db_server-3-realbeto/red7delivery/account_city.sql HTTP/1.1" 200 1315757
57.129.16.41 - - [03/Jul/2025:01:27:47 +0300] "HEAD /_downloadedImages/Video%20Slots/Lavish%20Lifestyles.webp HTTP/1.1" 200 -
57.129.16.41 - - [03/Jul/2025:01:27:48 +0300] "GET /_downloadedImages/Video%20Slots/Lavish%20Lifestyles.webp HTTP/1.1" 200 38164
57.129.16.41 - - [03/Jul/2025:01:27:48 +0300] "HEAD /_downloadedImages/Video%20Slots/Majestic%20Cats%20Deluxeways.webp HTTP/1.1" 200 -
57.129.16.41 - - [03/Jul/2025:01:27:48 +0300] "GET /_downloadedImages/Video%20Slots/Majestic%20Cats%20Deluxeways.webp HTTP/1.1" 200 50976
57.129.16.41 - - [03/Jul/2025:01:27:48 +0300] "HEAD /_downloadedImages/Video%20Slots/Money%20Mayham.webp HTTP/1.1" 200 -
57.129.16.41 - - [03/Jul/2025:01:27:48 +0300] "GET /_downloadedImages/Video%20Slots/Money%20Mayham.webp HTTP/1.1" 200 41162
57.129.16.41 - - [03/Jul/2025:01:27:48 +0300] "HEAD /_downloadedImages/Video%20Slots/Neptune's%20Champions.webp HTTP/1.1" 200 -
57.129.16.41 - - [03/Jul/2025:01:27:48 +0300] "GET /_downloadedImages/Video%20Slots/Neptune's%20Champions.webp HTTP/1.1" 200 41270
