57.129.16.41 - - [03/Jul/2025:01:25:46 +0300] "HEAD /_db_server-3-realbeto/maxbetcd/wpn2_commentmeta.sql HTTP/1.1" 200 -
57.129.16.41 - - [03/Jul/2025:01:25:46 +0300] "GET /_db_server-3-realbeto/maxbetcd/wpn2_commentmeta.sql HTTP/1.1" 200 1666
57.129.16.41 - - [03/Jul/2025:01:25:46 +0300] "HEAD /_db_server-3-realbeto/maxbetcd/wpn2_comments.sql HTTP/1.1" 200 -
57.129.16.41 - - [03/Jul/2025:01:25:46 +0300] "GET /_db_server-3-realbeto/maxbetcd/wpn2_comments.sql HTTP/1.1" 200 3214
57.129.16.41 - - [03/Jul/2025:01:25:47 +0300] "HEAD /_db_server-3-realbeto/maxbetcd/wpn2_links.sql HTTP/1.1" 200 -
57.129.16.41 - - [03/Jul/2025:01:25:47 +0300] "GET /_db_server-3-realbeto/maxbetcd/wpn2_links.sql HTTP/1.1" 200 2079
57.129.16.41 - - [03/Jul/2025:01:25:47 +0300] "HEAD /_db_server-3-realbeto/maxbetcd/wpn2_loginizer_logs.sql HTTP/1.1" 200 -
57.129.16.41 - - [03/Jul/2025:01:25:47 +0300] "GET /_db_server-3-realbeto/maxbetcd/wpn2_loginizer_logs.sql HTTP/1.1" 200 6960
57.129.16.41 - - [03/Jul/2025:01:25:47 +0300] "HEAD /_db_server-3-realbeto/maxbetcd/wpn2_options.sql HTTP/1.1" 200 -
57.129.16.41 - - [03/Jul/2025:01:25:47 +0300] "GET /_db_server-3-realbeto/maxbetcd/wpn2_options.sql HTTP/1.1" 200 140273
57.129.16.41 - - [03/Jul/2025:01:25:47 +0300] "HEAD /_db_server-3-realbeto/maxbetcd/wpn2_postmeta.sql HTTP/1.1" 200 -
57.129.16.41 - - [03/Jul/2025:01:25:47 +0300] "GET /_db_server-3-realbeto/maxbetcd/wpn2_postmeta.sql HTTP/1.1" 200 436599
51.89.167.1 - - [03/Jul/2025:01:25:47 +0300] "HEAD /_db_server-3-realbeto/congobetcom/wpn2_registration_log.sql HTTP/1.1" 200 -
51.89.167.1 - - [03/Jul/2025:01:25:47 +0300] "GET /_db_server-3-realbeto/congobetcom/wpn2_registration_log.sql HTTP/1.1" 200 1684
51.89.167.1 - - [03/Jul/2025:01:25:48 +0300] "HEAD /_db_server-3-realbeto/congobetcom/wpn2_signups.sql HTTP/1.1" 200 -
57.129.16.41 - - [03/Jul/2025:01:25:48 +0300] "HEAD /_db_server-3-realbeto/maxbetcd/wpn2_posts.sql HTTP/1.1" 200 -
51.89.167.1 - - [03/Jul/2025:01:25:48 +0300] "GET /_db_server-3-realbeto/congobetcom/wpn2_signups.sql HTTP/1.1" 200 2469
57.129.16.41 - - [03/Jul/2025:01:25:48 +0300] "GET /_db_server-3-realbeto/maxbetcd/wpn2_posts.sql HTTP/1.1" 200 2880046
51.89.167.1 - - [03/Jul/2025:01:25:48 +0300] "HEAD /_db_server-3-realbeto/congobetcom/wpn2_site.sql HTTP/1.1" 200 -
51.89.167.1 - - [03/Jul/2025:01:25:48 +0300] "GET /_db_server-3-realbeto/congobetcom/wpn2_site.sql HTTP/1.1" 200 1652
51.89.167.1 - - [03/Jul/2025:01:25:49 +0300] "HEAD /_db_server-3-realbeto/congobetcom/wpn2_sitemeta.sql HTTP/1.1" 200 -
51.89.167.1 - - [03/Jul/2025:01:25:49 +0300] "GET /_db_server-3-realbeto/congobetcom/wpn2_sitemeta.sql HTTP/1.1" 200 29568
51.89.167.1 - - [03/Jul/2025:01:25:49 +0300] "HEAD /_db_server-3-realbeto/congobetcom/wpn2_term_relationships.sql HTTP/1.1" 200 -
51.89.167.1 - - [03/Jul/2025:01:25:49 +0300] "GET /_db_server-3-realbeto/congobetcom/wpn2_term_relationships.sql HTTP/1.1" 200 2697
51.89.167.1 - - [03/Jul/2025:01:25:49 +0300] "HEAD /_db_server-3-realbeto/congobetcom/wpn2_term_taxonomy.sql HTTP/1.1" 200 -
51.89.167.1 - - [03/Jul/2025:01:25:49 +0300] "GET /_db_server-3-realbeto/congobetcom/wpn2_term_taxonomy.sql HTTP/1.1" 200 3428
51.89.167.1 - - [03/Jul/2025:01:25:49 +0300] "HEAD /_db_server-3-realbeto/congobetcom/wpn2_termmeta.sql HTTP/1.1" 200 -
51.89.167.1 - - [03/Jul/2025:01:25:49 +0300] "GET /_db_server-3-realbeto/congobetcom/wpn2_termmeta.sql HTTP/1.1" 200 1651
51.89.167.1 - - [03/Jul/2025:01:25:50 +0300] "HEAD /_db_server-3-realbeto/congobetcom/wpn2_terms.sql HTTP/1.1" 200 -
51.89.167.1 - - [03/Jul/2025:01:25:50 +0300] "GET /_db_server-3-realbeto/congobetcom/wpn2_terms.sql HTTP/1.1" 200 2657
51.89.167.1 - - [03/Jul/2025:01:25:50 +0300] "HEAD /_db_server-3-realbeto/congobetcom/wpn2_usermeta.sql HTTP/1.1" 200 -
51.89.167.1 - - [03/Jul/2025:01:25:50 +0300] "GET /_db_server-3-realbeto/congobetcom/wpn2_usermeta.sql HTTP/1.1" 200 8311
57.129.16.41 - - [03/Jul/2025:01:25:50 +0300] "HEAD /_db_server-3-realbeto/maxbetcd/wpn2_registration_log.sql HTTP/1.1" 200 -
51.89.167.1 - - [03/Jul/2025:01:25:50 +0300] "HEAD /_db_server-3-realbeto/congobetcom/wpn2_users.sql HTTP/1.1" 200 -
57.129.16.41 - - [03/Jul/2025:01:25:50 +0300] "GET /_db_server-3-realbeto/maxbetcd/wpn2_registration_log.sql HTTP/1.1" 200 1678
51.89.167.1 - - [03/Jul/2025:01:25:50 +0300] "GET /_db_server-3-realbeto/congobetcom/wpn2_users.sql HTTP/1.1" 200 2628
57.129.16.41 - - [03/Jul/2025:01:25:50 +0300] "HEAD /_db_server-3-realbeto/maxbetcd/wpn2_signups.sql HTTP/1.1" 200 -
51.89.167.1 - - [03/Jul/2025:01:25:50 +0300] "HEAD /_db_server-3-realbeto/congobetcom/wpn2_wpforms_logs.sql HTTP/1.1" 200 -
57.129.16.41 - - [03/Jul/2025:01:25:50 +0300] "GET /_db_server-3-realbeto/maxbetcd/wpn2_signups.sql HTTP/1.1" 200 2460
51.89.167.1 - - [03/Jul/2025:01:25:50 +0300] "GET /_db_server-3-realbeto/congobetcom/wpn2_wpforms_logs.sql HTTP/1.1" 200 1697
57.129.16.41 - - [03/Jul/2025:01:25:51 +0300] "HEAD /_db_server-3-realbeto/maxbetcd/wpn2_site.sql HTTP/1.1" 200 -
57.129.16.41 - - [03/Jul/2025:01:25:51 +0300] "GET /_db_server-3-realbeto/maxbetcd/wpn2_site.sql HTTP/1.1" 200 1643
51.89.167.1 - - [03/Jul/2025:01:25:51 +0300] "HEAD /_db_server-3-realbeto/congobetcom/wpn2_wpforms_payment_meta.sql HTTP/1.1" 200 -
51.89.167.1 - - [03/Jul/2025:01:25:51 +0300] "GET /_db_server-3-realbeto/congobetcom/wpn2_wpforms_payment_meta.sql HTTP/1.1" 200 1711
57.129.16.41 - - [03/Jul/2025:01:25:51 +0300] "HEAD /_db_server-3-realbeto/maxbetcd/wpn2_sitemeta.sql HTTP/1.1" 200 -
57.129.16.41 - - [03/Jul/2025:01:25:51 +0300] "GET /_db_server-3-realbeto/maxbetcd/wpn2_sitemeta.sql HTTP/1.1" 200 23193
51.89.167.1 - - [03/Jul/2025:01:25:51 +0300] "HEAD /_db_server-3-realbeto/congobetcom/wpn2_wpforms_payments.sql HTTP/1.1" 200 -
57.129.16.41 - - [03/Jul/2025:01:25:51 +0300] "HEAD /_db_server-3-realbeto/maxbetcd/wpn2_term_relationships.sql HTTP/1.1" 200 -
51.89.167.1 - - [03/Jul/2025:01:25:51 +0300] "GET /_db_server-3-realbeto/congobetcom/wpn2_wpforms_payments.sql HTTP/1.1" 200 2700
57.129.16.41 - - [03/Jul/2025:01:25:51 +0300] "GET /_db_server-3-realbeto/maxbetcd/wpn2_term_relationships.sql HTTP/1.1" 200 2670
57.129.16.41 - - [03/Jul/2025:01:25:51 +0300] "HEAD /_db_server-3-realbeto/maxbetcd/wpn2_term_taxonomy.sql HTTP/1.1" 200 -
51.89.167.1 - - [03/Jul/2025:01:25:51 +0300] "HEAD /_db_server-3-realbeto/congobetcom/wpn2_wpforms_tasks_meta.sql HTTP/1.1" 200 -
57.129.16.41 - - [03/Jul/2025:01:25:51 +0300] "GET /_db_server-3-realbeto/maxbetcd/wpn2_term_taxonomy.sql HTTP/1.1" 200 2847
51.89.167.1 - - [03/Jul/2025:01:25:51 +0300] "GET /_db_server-3-realbeto/congobetcom/wpn2_wpforms_tasks_meta.sql HTTP/1.1" 200 1815
57.129.16.41 - - [03/Jul/2025:01:25:51 +0300] "HEAD /_db_server-3-realbeto/maxbetcd/wpn2_termmeta.sql HTTP/1.1" 200 -
57.129.16.41 - - [03/Jul/2025:01:25:52 +0300] "GET /_db_server-3-realbeto/maxbetcd/wpn2_termmeta.sql HTTP/1.1" 200 1645
51.89.167.1 - - [03/Jul/2025:01:25:52 +0300] "HEAD /_db_server-3-realbeto/congobetcom/wpn2_yoast_indexable.sql HTTP/1.1" 200 -
51.89.167.1 - - [03/Jul/2025:01:25:52 +0300] "GET /_db_server-3-realbeto/congobetcom/wpn2_yoast_indexable.sql HTTP/1.1" 200 15939
57.129.16.41 - - [03/Jul/2025:01:25:52 +0300] "HEAD /_db_server-3-realbeto/maxbetcd/wpn2_terms.sql HTTP/1.1" 200 -
57.129.16.41 - - [03/Jul/2025:01:25:52 +0300] "GET /_db_server-3-realbeto/maxbetcd/wpn2_terms.sql HTTP/1.1" 200 2589
51.89.167.1 - - [03/Jul/2025:01:25:52 +0300] "HEAD /_db_server-3-realbeto/congobetcom/wpn2_yoast_indexable_hierarchy.sql HTTP/1.1" 200 -
51.89.167.1 - - [03/Jul/2025:01:25:52 +0300] "GET /_db_server-3-realbeto/congobetcom/wpn2_yoast_indexable_hierarchy.sql HTTP/1.1" 200 2198
57.129.16.41 - - [03/Jul/2025:01:25:52 +0300] "HEAD /_db_server-3-realbeto/maxbetcd/wpn2_usermeta.sql HTTP/1.1" 200 -
57.129.16.41 - - [03/Jul/2025:01:25:52 +0300] "GET /_db_server-3-realbeto/maxbetcd/wpn2_usermeta.sql HTTP/1.1" 200 4391
51.89.167.1 - - [03/Jul/2025:01:25:52 +0300] "HEAD /_db_server-3-realbeto/congobetcom/wpn2_yoast_migrations.sql HTTP/1.1" 200 -
57.129.16.41 - - [03/Jul/2025:01:25:52 +0300] "HEAD /_db_server-3-realbeto/maxbetcd/wpn2_users.sql HTTP/1.1" 200 -
51.89.167.1 - - [03/Jul/2025:01:25:52 +0300] "GET /_db_server-3-realbeto/congobetcom/wpn2_yoast_migrations.sql HTTP/1.1" 200 2265
57.129.16.41 - - [03/Jul/2025:01:25:52 +0300] "GET /_db_server-3-realbeto/maxbetcd/wpn2_users.sql HTTP/1.1" 200 2609
57.129.16.41 - - [03/Jul/2025:01:25:52 +0300] "HEAD /_db_server-3-realbeto/maxbetcd/wpn2_wpforms_logs.sql HTTP/1.1" 200 -
51.89.167.1 - - [03/Jul/2025:01:25:52 +0300] "HEAD /_db_server-3-realbeto/congobetcom/wpn2_yoast_primary_term.sql HTTP/1.1" 200 -
57.129.16.41 - - [03/Jul/2025:01:25:52 +0300] "GET /_db_server-3-realbeto/maxbetcd/wpn2_wpforms_logs.sql HTTP/1.1" 200 1691
51.89.167.1 - - [03/Jul/2025:01:25:52 +0300] "GET /_db_server-3-realbeto/congobetcom/wpn2_yoast_primary_term.sql HTTP/1.1" 200 1856
57.129.16.41 - - [03/Jul/2025:01:25:53 +0300] "HEAD /_db_server-3-realbeto/maxbetcd/wpn2_wpforms_payment_meta.sql HTTP/1.1" 200 -
57.129.16.41 - - [03/Jul/2025:01:25:53 +0300] "GET /_db_server-3-realbeto/maxbetcd/wpn2_wpforms_payment_meta.sql HTTP/1.1" 200 1705
51.89.167.1 - - [03/Jul/2025:01:25:53 +0300] "HEAD /_db_server-3-realbeto/congobetcom/wpn2_yoast_seo_links.sql HTTP/1.1" 200 -
51.89.167.1 - - [03/Jul/2025:01:25:53 +0300] "GET /_db_server-3-realbeto/congobeteu/ HTTP/1.1" 200 6936
51.89.167.1 - - [03/Jul/2025:01:25:53 +0300] "GET /_db_server-3-realbeto/congobetcom/wpn2_yoast_seo_links.sql HTTP/1.1" 200 3715
57.129.16.41 - - [03/Jul/2025:01:25:53 +0300] "HEAD /_db_server-3-realbeto/maxbetcd/wpn2_wpforms_payments.sql HTTP/1.1" 200 -
57.129.16.41 - - [03/Jul/2025:01:25:53 +0300] "GET /_db_server-3-realbeto/maxbetcd/wpn2_wpforms_payments.sql HTTP/1.1" 200 2694
51.89.167.1 - - [03/Jul/2025:01:25:53 +0300] "HEAD /_db_server-3-realbeto/congobeteu/wpn2_actionscheduler_actions.sql HTTP/1.1" 200 -
57.129.16.41 - - [03/Jul/2025:01:25:53 +0300] "HEAD /_db_server-3-realbeto/maxbetcd/wpn2_wpforms_tasks_meta.sql HTTP/1.1" 200 -
57.129.16.41 - - [03/Jul/2025:01:25:53 +0300] "GET /_db_server-3-realbeto/maxbetcd/wpn2_wpforms_tasks_meta.sql HTTP/1.1" 200 1731
57.129.16.41 - - [03/Jul/2025:01:25:53 +0300] "GET /_db_server-3-realbeto/mysql/ HTTP/1.1" 200 7655
51.89.167.1 - - [03/Jul/2025:01:25:53 +0300] "GET /_db_server-3-realbeto/congobeteu/wpn2_actionscheduler_actions.sql HTTP/1.1" 200 35217
57.129.16.41 - - [03/Jul/2025:01:25:53 +0300] "HEAD /_db_server-3-realbeto/mysql/column_stats.sql HTTP/1.1" 200 -
57.129.16.41 - - [03/Jul/2025:01:25:53 +0300] "GET /_db_server-3-realbeto/mysql/column_stats.sql HTTP/1.1" 200 2043
51.89.167.1 - - [03/Jul/2025:01:25:53 +0300] "HEAD /_db_server-3-realbeto/congobeteu/wpn2_actionscheduler_claims.sql HTTP/1.1" 200 -
57.129.16.41 - - [03/Jul/2025:01:25:53 +0300] "HEAD /_db_server-3-realbeto/mysql/columns_priv.sql HTTP/1.1" 200 -
51.89.167.1 - - [03/Jul/2025:01:25:53 +0300] "GET /_db_server-3-realbeto/congobeteu/wpn2_actionscheduler_claims.sql HTTP/1.1" 200 1636
57.129.16.41 - - [03/Jul/2025:01:25:53 +0300] "GET /_db_server-3-realbeto/mysql/columns_priv.sql HTTP/1.1" 200 1986
57.129.16.41 - - [03/Jul/2025:01:25:54 +0300] "HEAD /_db_server-3-realbeto/mysql/db.sql HTTP/1.1" 200 -
51.89.167.1 - - [03/Jul/2025:01:25:54 +0300] "HEAD /_db_server-3-realbeto/congobeteu/wpn2_actionscheduler_groups.sql HTTP/1.1" 200 -
57.129.16.41 - - [03/Jul/2025:01:25:54 +0300] "GET /_db_server-3-realbeto/mysql/db.sql HTTP/1.1" 200 7169
51.89.167.1 - - [03/Jul/2025:01:25:54 +0300] "GET /_db_server-3-realbeto/congobeteu/wpn2_actionscheduler_groups.sql HTTP/1.1" 200 1712
57.129.16.41 - - [03/Jul/2025:01:25:54 +0300] "HEAD /_db_server-3-realbeto/mysql/event.sql HTTP/1.1" 200 -
57.129.16.41 - - [03/Jul/2025:01:25:54 +0300] "GET /_db_server-3-realbeto/mysql/event.sql HTTP/1.1" 200 3698
51.89.167.1 - - [03/Jul/2025:01:25:54 +0300] "HEAD /_db_server-3-realbeto/congobeteu/wpn2_actionscheduler_logs.sql HTTP/1.1" 200 -
57.129.16.41 - - [03/Jul/2025:01:25:54 +0300] "HEAD /_db_server-3-realbeto/mysql/func.sql HTTP/1.1" 200 -
51.89.167.1 - - [03/Jul/2025:01:25:54 +0300] "GET /_db_server-3-realbeto/congobeteu/wpn2_actionscheduler_logs.sql HTTP/1.1" 200 18380
57.129.16.41 - - [03/Jul/2025:01:25:54 +0300] "GET /_db_server-3-realbeto/mysql/func.sql HTTP/1.1" 200 1685
57.129.16.41 - - [03/Jul/2025:01:25:54 +0300] "HEAD /_db_server-3-realbeto/mysql/general_log.sql HTTP/1.1" 200 -
51.89.167.1 - - [03/Jul/2025:01:25:54 +0300] "HEAD /_db_server-3-realbeto/congobeteu/wpn2_blogmeta.sql HTTP/1.1" 200 -
57.129.16.41 - - [03/Jul/2025:01:25:54 +0300] "GET /_db_server-3-realbeto/mysql/general_log.sql HTTP/1.1" 200 1745
51.89.167.1 - - [03/Jul/2025:01:25:54 +0300] "GET /_db_server-3-realbeto/congobeteu/wpn2_blogmeta.sql HTTP/1.1" 200 1829
57.129.16.41 - - [03/Jul/2025:01:25:54 +0300] "HEAD /_db_server-3-realbeto/mysql/global_priv.sql HTTP/1.1" 200 -
57.129.16.41 - - [03/Jul/2025:01:25:54 +0300] "GET /_db_server-3-realbeto/mysql/global_priv.sql HTTP/1.1" 200 3424
51.89.167.1 - - [03/Jul/2025:01:25:54 +0300] "HEAD /_db_server-3-realbeto/congobeteu/wpn2_blogs.sql HTTP/1.1" 200 -
51.89.167.1 - - [03/Jul/2025:01:25:54 +0300] "GET /_db_server-3-realbeto/congobeteu/wpn2_blogs.sql HTTP/1.1" 200 2300
57.129.16.41 - - [03/Jul/2025:01:25:55 +0300] "HEAD /_db_server-3-realbeto/mysql/gtid_slave_pos.sql HTTP/1.1" 200 -
57.129.16.41 - - [03/Jul/2025:01:25:55 +0300] "GET /_db_server-3-realbeto/mysql/gtid_slave_pos.sql HTTP/1.1" 200 1600
51.89.167.1 - - [03/Jul/2025:01:25:55 +0300] "HEAD /_db_server-3-realbeto/congobeteu/wpn2_commentmeta.sql HTTP/1.1" 200 -
205.169.39.19 - - [03/Jul/2025:01:25:23 +0300] "GET /server-3-realbeto-02072025.rar HTTP/1.1" 200 29819899364
57.129.16.41 - - [03/Jul/2025:01:25:55 +0300] "HEAD /_db_server-3-realbeto/mysql/help_category.sql HTTP/1.1" 200 -
51.89.167.1 - - [03/Jul/2025:01:25:55 +0300] "GET /_db_server-3-realbeto/congobeteu/wpn2_commentmeta.sql HTTP/1.1" 200 1670
57.129.16.41 - - [03/Jul/2025:01:25:55 +0300] "GET /_db_server-3-realbeto/mysql/help_category.sql HTTP/1.1" 200 3547
57.129.16.41 - - [03/Jul/2025:01:25:55 +0300] "HEAD /_db_server-3-realbeto/mysql/help_keyword.sql HTTP/1.1" 200 -
57.129.16.41 - - [03/Jul/2025:01:25:55 +0300] "GET /_db_server-3-realbeto/mysql/help_keyword.sql HTTP/1.1" 200 2438
51.89.167.1 - - [03/Jul/2025:01:25:55 +0300] "HEAD /_db_server-3-realbeto/congobeteu/wpn2_comments.sql HTTP/1.1" 200 -
51.89.167.1 - - [03/Jul/2025:01:25:55 +0300] "GET /_db_server-3-realbeto/congobeteu/wpn2_comments.sql HTTP/1.1" 200 3590
57.129.16.41 - - [03/Jul/2025:01:25:55 +0300] "HEAD /_db_server-3-realbeto/mysql/help_relation.sql HTTP/1.1" 200 -
57.129.16.41 - - [03/Jul/2025:01:25:55 +0300] "GET /_db_server-3-realbeto/mysql/help_relation.sql HTTP/1.1" 200 3161
51.89.167.1 - - [03/Jul/2025:01:25:55 +0300] "HEAD /_db_server-3-realbeto/congobeteu/wpn2_links.sql HTTP/1.1" 200 -
51.89.167.1 - - [03/Jul/2025:01:25:55 +0300] "GET /_db_server-3-realbeto/congobeteu/wpn2_links.sql HTTP/1.1" 200 2083
57.129.16.41 - - [03/Jul/2025:01:25:55 +0300] "HEAD /_db_server-3-realbeto/mysql/help_topic.sql HTTP/1.1" 200 -
57.129.16.41 - - [03/Jul/2025:01:25:55 +0300] "GET /_db_server-3-realbeto/mysql/help_topic.sql HTTP/1.1" 200 1415040
51.89.167.1 - - [03/Jul/2025:01:25:55 +0300] "HEAD /_db_server-3-realbeto/congobeteu/wpn2_loginizer_logs.sql HTTP/1.1" 200 -
51.89.167.1 - - [03/Jul/2025:01:25:55 +0300] "GET /_db_server-3-realbeto/congobeteu/wpn2_loginizer_logs.sql HTTP/1.1" 200 1664
51.89.167.1 - - [03/Jul/2025:01:25:56 +0300] "HEAD /_db_server-3-realbeto/congobeteu/wpn2_options.sql HTTP/1.1" 200 -
51.89.167.1 - - [03/Jul/2025:01:25:56 +0300] "GET /_db_server-3-realbeto/congobeteu/wpn2_options.sql HTTP/1.1" 200 72339
51.89.167.1 - - [03/Jul/2025:01:25:56 +0300] "HEAD /_db_server-3-realbeto/congobeteu/wpn2_postmeta.sql HTTP/1.1" 200 -
51.89.167.1 - - [03/Jul/2025:01:25:56 +0300] "GET /_db_server-3-realbeto/congobeteu/wpn2_postmeta.sql HTTP/1.1" 200 459924
57.129.16.41 - - [03/Jul/2025:01:25:56 +0300] "HEAD /_db_server-3-realbeto/mysql/index_stats.sql HTTP/1.1" 200 -
57.129.16.41 - - [03/Jul/2025:01:25:56 +0300] "GET /_db_server-3-realbeto/mysql/index_stats.sql HTTP/1.1" 200 1756
57.129.16.41 - - [03/Jul/2025:01:25:56 +0300] "HEAD /_db_server-3-realbeto/mysql/innodb_index_stats.sql HTTP/1.1" 200 -
57.129.16.41 - - [03/Jul/2025:01:25:56 +0300] "GET /_db_server-3-realbeto/mysql/innodb_index_stats.sql HTTP/1.1" 200 691247
51.89.167.1 - - [03/Jul/2025:01:25:56 +0300] "HEAD /_db_server-3-realbeto/congobeteu/wpn2_posts.sql HTTP/1.1" 200 -
51.89.167.1 - - [03/Jul/2025:01:25:57 +0300] "GET /_db_server-3-realbeto/congobeteu/wpn2_posts.sql HTTP/1.1" 200 3083300
57.129.16.41 - - [03/Jul/2025:01:25:57 +0300] "HEAD /_db_server-3-realbeto/mysql/innodb_table_stats.sql HTTP/1.1" 200 -
57.129.16.41 - - [03/Jul/2025:01:25:57 +0300] "GET /_db_server-3-realbeto/mysql/innodb_table_stats.sql HTTP/1.1" 200 38083
57.129.16.41 - - [03/Jul/2025:01:25:57 +0300] "HEAD /_db_server-3-realbeto/mysql/plugin.sql HTTP/1.1" 200 -
57.129.16.41 - - [03/Jul/2025:01:25:57 +0300] "GET /_db_server-3-realbeto/mysql/plugin.sql HTTP/1.1" 200 1563
57.129.16.41 - - [03/Jul/2025:01:25:57 +0300] "HEAD /_db_server-3-realbeto/mysql/proc.sql HTTP/1.1" 200 -
57.129.16.41 - - [03/Jul/2025:01:25:57 +0300] "GET /_db_server-3-realbeto/mysql/proc.sql HTTP/1.1" 200 3470
57.129.16.41 - - [03/Jul/2025:01:25:57 +0300] "HEAD /_db_server-3-realbeto/mysql/procs_priv.sql HTTP/1.1" 200 -
57.129.16.41 - - [03/Jul/2025:01:25:57 +0300] "GET /_db_server-3-realbeto/mysql/procs_priv.sql HTTP/1.1" 200 2132
57.129.16.41 - - [03/Jul/2025:01:25:58 +0300] "HEAD /_db_server-3-realbeto/mysql/proxies_priv.sql HTTP/1.1" 200 -
57.129.16.41 - - [03/Jul/2025:01:25:58 +0300] "GET /_db_server-3-realbeto/mysql/proxies_priv.sql HTTP/1.1" 200 1942
57.129.16.41 - - [03/Jul/2025:01:25:58 +0300] "HEAD /_db_server-3-realbeto/mysql/roles_mapping.sql HTTP/1.1" 200 -
57.129.16.41 - - [03/Jul/2025:01:25:58 +0300] "GET /_db_server-3-realbeto/mysql/roles_mapping.sql HTTP/1.1" 200 1756
57.129.16.41 - - [03/Jul/2025:01:25:58 +0300] "HEAD /_db_server-3-realbeto/mysql/servers.sql HTTP/1.1" 200 -
51.89.167.1 - - [03/Jul/2025:01:25:58 +0300] "HEAD /_db_server-3-realbeto/congobeteu/wpn2_registration_log.sql HTTP/1.1" 200 -
57.129.16.41 - - [03/Jul/2025:01:25:58 +0300] "GET /_db_server-3-realbeto/mysql/servers.sql HTTP/1.1" 200 1881
51.89.167.1 - - [03/Jul/2025:01:25:58 +0300] "GET /_db_server-3-realbeto/congobeteu/wpn2_registration_log.sql HTTP/1.1" 200 1682
57.129.16.41 - - [03/Jul/2025:01:25:58 +0300] "HEAD /_db_server-3-realbeto/mysql/slow_log.sql HTTP/1.1" 200 -
51.89.167.1 - - [03/Jul/2025:01:25:58 +0300] "HEAD /_db_server-3-realbeto/congobeteu/wpn2_signups.sql HTTP/1.1" 200 -
57.129.16.41 - - [03/Jul/2025:01:25:58 +0300] "GET /_db_server-3-realbeto/mysql/slow_log.sql HTTP/1.1" 200 1960
51.89.167.1 - - [03/Jul/2025:01:25:58 +0300] "GET /_db_server-3-realbeto/congobeteu/wpn2_signups.sql HTTP/1.1" 200 2467
57.129.16.41 - - [03/Jul/2025:01:25:59 +0300] "HEAD /_db_server-3-realbeto/mysql/table_stats.sql HTTP/1.1" 200 -
57.129.16.41 - - [03/Jul/2025:01:25:59 +0300] "GET /_db_server-3-realbeto/mysql/table_stats.sql HTTP/1.1" 200 1648
57.129.16.41 - - [03/Jul/2025:01:25:59 +0300] "HEAD /_db_server-3-realbeto/mysql/tables_priv.sql HTTP/1.1" 200 -
57.129.16.41 - - [03/Jul/2025:01:25:59 +0300] "GET /_db_server-3-realbeto/mysql/tables_priv.sql HTTP/1.1" 200 2233
51.89.167.1 - - [03/Jul/2025:01:25:59 +0300] "HEAD /_db_server-3-realbeto/congobeteu/wpn2_site.sql HTTP/1.1" 200 -
51.89.167.1 - - [03/Jul/2025:01:25:59 +0300] "GET /_db_server-3-realbeto/congobeteu/wpn2_site.sql HTTP/1.1" 200 1649
57.129.16.41 - - [03/Jul/2025:01:25:59 +0300] "HEAD /_db_server-3-realbeto/mysql/time_zone.sql HTTP/1.1" 200 -
57.129.16.41 - - [03/Jul/2025:01:25:59 +0300] "GET /_db_server-3-realbeto/mysql/time_zone.sql HTTP/1.1" 200 1619
51.89.167.1 - - [03/Jul/2025:01:25:59 +0300] "HEAD /_db_server-3-realbeto/congobeteu/wpn2_sitemeta.sql HTTP/1.1" 200 -
51.89.167.1 - - [03/Jul/2025:01:25:59 +0300] "GET /_db_server-3-realbeto/congobeteu/wpn2_sitemeta.sql HTTP/1.1" 200 20819
57.129.16.41 - - [03/Jul/2025:01:25:59 +0300] "HEAD /_db_server-3-realbeto/mysql/time_zone_leap_second.sql HTTP/1.1" 200 -
57.129.16.41 - - [03/Jul/2025:01:25:59 +0300] "GET /_db_server-3-realbeto/mysql/time_zone_leap_second.sql HTTP/1.1" 200 1681
51.89.167.1 - - [03/Jul/2025:01:25:59 +0300] "HEAD /_db_server-3-realbeto/congobeteu/wpn2_term_relationships.sql HTTP/1.1" 200 -
51.89.167.1 - - [03/Jul/2025:01:25:59 +0300] "GET /_db_server-3-realbeto/congobeteu/wpn2_term_relationships.sql HTTP/1.1" 200 2674
57.129.16.41 - - [03/Jul/2025:01:25:59 +0300] "HEAD /_db_server-3-realbeto/mysql/time_zone_name.sql HTTP/1.1" 200 -
57.129.16.41 - - [03/Jul/2025:01:25:59 +0300] "GET /_db_server-3-realbeto/mysql/time_zone_name.sql HTTP/1.1" 200 1602
51.89.167.1 - - [03/Jul/2025:01:26:00 +0300] "HEAD /_db_server-3-realbeto/congobeteu/wpn2_term_taxonomy.sql HTTP/1.1" 200 -
57.129.16.41 - - [03/Jul/2025:01:26:00 +0300] "HEAD /_db_server-3-realbeto/mysql/time_zone_transition.sql HTTP/1.1" 200 -
57.129.16.41 - - [03/Jul/2025:01:26:00 +0300] "GET /_db_server-3-realbeto/mysql/time_zone_transition.sql HTTP/1.1" 200 1734
51.89.167.1 - - [03/Jul/2025:01:26:00 +0300] "GET /_db_server-3-realbeto/congobeteu/wpn2_term_taxonomy.sql HTTP/1.1" 200 2851
57.129.16.41 - - [03/Jul/2025:01:26:00 +0300] "HEAD /_db_server-3-realbeto/mysql/time_zone_transition_type.sql HTTP/1.1" 200 -
57.129.16.41 - - [03/Jul/2025:01:26:00 +0300] "GET /_db_server-3-realbeto/mysql/time_zone_transition_type.sql HTTP/1.1" 200 1869
57.129.16.41 - - [03/Jul/2025:01:26:00 +0300] "HEAD /_db_server-3-realbeto/mysql/transaction_registry.sql HTTP/1.1" 200 -
51.89.167.1 - - [03/Jul/2025:01:26:00 +0300] "HEAD /_db_server-3-realbeto/congobeteu/wpn2_termmeta.sql HTTP/1.1" 200 -
57.129.16.41 - - [03/Jul/2025:01:26:00 +0300] "GET /_db_server-3-realbeto/mysql/transaction_registry.sql HTTP/1.1" 200 1940
51.89.167.1 - - [03/Jul/2025:01:26:00 +0300] "GET /_db_server-3-realbeto/congobeteu/wpn2_termmeta.sql HTTP/1.1" 200 1649
57.129.16.41 - - [03/Jul/2025:01:26:00 +0300] "HEAD /_db_server-3-realbeto/mysql/user.sql HTTP/1.1" 200 -
57.129.16.41 - - [03/Jul/2025:01:26:00 +0300] "GET /_db_server-3-realbeto/pariuri_old/ HTTP/1.1" 200 4724
57.129.16.41 - - [03/Jul/2025:01:26:00 +0300] "GET /_db_server-3-realbeto/mysql/user.sql HTTP/1.1" 200 4798
51.89.167.1 - - [03/Jul/2025:01:26:00 +0300] "HEAD /_db_server-3-realbeto/congobeteu/wpn2_terms.sql HTTP/1.1" 200 -
57.129.16.41 - - [03/Jul/2025:01:26:00 +0300] "HEAD /_db_server-3-realbeto/pariuri_old/corespondentaechipe.sql HTTP/1.1" 200 -
57.129.16.41 - - [03/Jul/2025:01:26:00 +0300] "GET /_db_server-3-realbeto/pariuri_old/corespondentaechipe.sql HTTP/1.1" 200 1022389
51.89.167.1 - - [03/Jul/2025:01:26:01 +0300] "GET /_db_server-3-realbeto/congobeteu/wpn2_terms.sql HTTP/1.1" 200 2593
51.89.167.1 - - [03/Jul/2025:01:26:01 +0300] "HEAD /_db_server-3-realbeto/congobeteu/wpn2_usermeta.sql HTTP/1.1" 200 -
51.89.167.1 - - [03/Jul/2025:01:26:01 +0300] "GET /_db_server-3-realbeto/congobeteu/wpn2_usermeta.sql HTTP/1.1" 200 4385
51.89.167.1 - - [03/Jul/2025:01:26:01 +0300] "HEAD /_db_server-3-realbeto/congobeteu/wpn2_users.sql HTTP/1.1" 200 -
57.129.16.41 - - [03/Jul/2025:01:26:01 +0300] "HEAD /_db_server-3-realbeto/pariuri_old/corespondentaechipe_detalii.sql HTTP/1.1" 200 -
51.89.167.1 - - [03/Jul/2025:01:26:01 +0300] "GET /_db_server-3-realbeto/congobeteu/wpn2_users.sql HTTP/1.1" 200 2619
57.129.16.41 - - [03/Jul/2025:01:26:01 +0300] "HEAD /_db_server-3-realbeto/pariuri_old/corespondentaechipe_detalii_14052025.sql HTTP/1.1" 200 -
51.89.167.1 - - [03/Jul/2025:01:26:01 +0300] "HEAD /_db_server-3-realbeto/congobeteu/wpn2_wpforms_logs.sql HTTP/1.1" 200 -
51.89.167.1 - - [03/Jul/2025:01:26:01 +0300] "GET /_db_server-3-realbeto/congobeteu/wpn2_wpforms_logs.sql HTTP/1.1" 200 2357
57.129.16.41 - - [03/Jul/2025:01:26:01 +0300] "HEAD /_db_server-3-realbeto/pariuri_old/corespondentaechipe_detalii_21052025.sql HTTP/1.1" 200 -
51.89.167.1 - - [03/Jul/2025:01:26:01 +0300] "HEAD /_db_server-3-realbeto/congobeteu/wpn2_wpforms_payment_meta.sql HTTP/1.1" 200 -
57.129.16.41 - - [03/Jul/2025:01:26:01 +0300] "HEAD /_db_server-3-realbeto/pariuri_old/corespondentaechipe_detalii_back27042025.sql HTTP/1.1" 200 -
51.89.167.1 - - [03/Jul/2025:01:26:02 +0300] "GET /_db_server-3-realbeto/congobeteu/wpn2_wpforms_payment_meta.sql HTTP/1.1" 200 1709
57.129.16.41 - - [03/Jul/2025:01:26:02 +0300] "HEAD /_db_server-3-realbeto/pariuri_old/corespondentaechipe_detalii_bonus.sql HTTP/1.1" 200 -
57.129.16.41 - - [03/Jul/2025:01:26:02 +0300] "GET /_db_server-3-realbeto/pariuri_old/corespondentaechipe_detalii_bonus.sql HTTP/1.1" 200 2108
57.129.16.41 - - [03/Jul/2025:01:26:02 +0300] "HEAD /_db_server-3-realbeto/pariuri_old/cron_pariuri.sql HTTP/1.1" 200 -
51.89.167.1 - - [03/Jul/2025:01:26:02 +0300] "HEAD /_db_server-3-realbeto/congobeteu/wpn2_wpforms_payments.sql HTTP/1.1" 200 -
51.89.167.1 - - [03/Jul/2025:01:26:02 +0300] "GET /_db_server-3-realbeto/congobeteu/wpn2_wpforms_payments.sql HTTP/1.1" 200 2698
57.129.16.41 - - [03/Jul/2025:01:26:02 +0300] "HEAD /_db_server-3-realbeto/pariuri_old/evolutiecote.sql HTTP/1.1" 200 -
57.129.16.41 - - [03/Jul/2025:01:26:02 +0300] "GET /_db_server-3-realbeto/pariuri_old/evolutiecote.sql HTTP/1.1" 200 1873
51.89.167.1 - - [03/Jul/2025:01:26:02 +0300] "HEAD /_db_server-3-realbeto/congobeteu/wpn2_wpforms_tasks_meta.sql HTTP/1.1" 200 -
57.129.16.41 - - [03/Jul/2025:01:26:02 +0300] "HEAD /_db_server-3-realbeto/pariuri_old/login.sql HTTP/1.1" 200 -
57.129.16.41 - - [03/Jul/2025:01:26:02 +0300] "GET /_db_server-3-realbeto/pariuri_old/login.sql HTTP/1.1" 200 1686
51.89.167.1 - - [03/Jul/2025:01:26:02 +0300] "GET /_db_server-3-realbeto/maxbetcd/ HTTP/1.1" 200 6932
57.129.16.41 - - [03/Jul/2025:01:26:02 +0300] "HEAD /_db_server-3-realbeto/pariuri_old/realbet.sql HTTP/1.1" 200 -
51.89.167.1 - - [03/Jul/2025:01:26:02 +0300] "GET /_db_server-3-realbeto/congobeteu/wpn2_wpforms_tasks_meta.sql HTTP/1.1" 200 1803
57.129.16.41 - - [03/Jul/2025:01:26:02 +0300] "GET /_db_server-3-realbeto/pariuri_old/realbet.sql HTTP/1.1" 200 2205
51.89.167.1 - - [03/Jul/2025:01:26:02 +0300] "HEAD /_db_server-3-realbeto/maxbetcd/wpn2_actionscheduler_actions.sql HTTP/1.1" 200 -
57.129.16.41 - - [03/Jul/2025:01:26:03 +0300] "HEAD /_db_server-3-realbeto/pariuri_old/realbet_asocieri.sql HTTP/1.1" 200 -
57.129.16.41 - - [03/Jul/2025:01:26:03 +0300] "GET /_db_server-3-realbeto/pariuri_old/realbet_asocieri.sql HTTP/1.1" 200 163201
51.89.167.1 - - [03/Jul/2025:01:26:03 +0300] "GET /_db_server-3-realbeto/maxbetcd/wpn2_actionscheduler_actions.sql HTTP/1.1" 200 20937
51.89.167.1 - - [03/Jul/2025:01:26:03 +0300] "HEAD /_db_server-3-realbeto/maxbetcd/wpn2_actionscheduler_claims.sql HTTP/1.1" 200 -
51.89.167.1 - - [03/Jul/2025:01:26:03 +0300] "GET /_db_server-3-realbeto/maxbetcd/wpn2_actionscheduler_claims.sql HTTP/1.1" 200 1634
57.129.16.41 - - [03/Jul/2025:01:26:03 +0300] "HEAD /_db_server-3-realbeto/pariuri_old/realbet_campionate_asocieri.sql HTTP/1.1" 200 -
57.129.16.41 - - [03/Jul/2025:01:26:03 +0300] "GET /_db_server-3-realbeto/pariuri_old/realbet_campionate_asocieri.sql HTTP/1.1" 200 31340
51.89.167.1 - - [03/Jul/2025:01:26:03 +0300] "HEAD /_db_server-3-realbeto/maxbetcd/wpn2_actionscheduler_groups.sql HTTP/1.1" 200 -
57.129.16.41 - - [03/Jul/2025:01:26:03 +0300] "HEAD /_db_server-3-realbeto/pariuri_old/realbet_ligi.sql HTTP/1.1" 200 -
57.129.16.41 - - [03/Jul/2025:01:26:03 +0300] "GET /_db_server-3-realbeto/pariuri_old/realbet_ligi.sql HTTP/1.1" 200 96016
51.89.167.1 - - [03/Jul/2025:01:26:03 +0300] "GET /_db_server-3-realbeto/maxbetcd/wpn2_actionscheduler_groups.sql HTTP/1.1" 200 1708
57.129.16.41 - - [03/Jul/2025:01:26:03 +0300] "HEAD /_db_server-3-realbeto/pariuri_old/realbet_sports.sql HTTP/1.1" 200 -
51.89.167.1 - - [03/Jul/2025:01:26:03 +0300] "HEAD /_db_server-3-realbeto/maxbetcd/wpn2_actionscheduler_logs.sql HTTP/1.1" 200 -
57.129.16.41 - - [03/Jul/2025:01:26:03 +0300] "GET /_db_server-3-realbeto/pariuri_old/realbet_sports.sql HTTP/1.1" 200 2880
57.129.16.41 - - [03/Jul/2025:01:26:03 +0300] "HEAD /_db_server-3-realbeto/pariuri_old/setari.sql HTTP/1.1" 200 -
57.129.16.41 - - [03/Jul/2025:01:26:04 +0300] "GET /_db_server-3-realbeto/pariuri_old/setari.sql HTTP/1.1" 200 1058296
51.89.167.1 - - [03/Jul/2025:01:26:04 +0300] "GET /_db_server-3-realbeto/maxbetcd/wpn2_actionscheduler_logs.sql HTTP/1.1" 200 10856
51.89.167.1 - - [03/Jul/2025:01:26:04 +0300] "HEAD /_db_server-3-realbeto/maxbetcd/wpn2_blogmeta.sql HTTP/1.1" 200 -
51.89.167.1 - - [03/Jul/2025:01:26:04 +0300] "GET /_db_server-3-realbeto/maxbetcd/wpn2_blogmeta.sql HTTP/1.1" 200 1636
51.89.167.1 - - [03/Jul/2025:01:26:04 +0300] "HEAD /_db_server-3-realbeto/maxbetcd/wpn2_blogs.sql HTTP/1.1" 200 -
51.89.167.1 - - [03/Jul/2025:01:26:04 +0300] "GET /_db_server-3-realbeto/maxbetcd/wpn2_blogs.sql HTTP/1.1" 200 2294
57.129.16.41 - - [03/Jul/2025:01:26:04 +0300] "HEAD /_db_server-3-realbeto/pariuri_old/super_ligi.sql HTTP/1.1" 200 -
57.129.16.41 - - [03/Jul/2025:01:26:04 +0300] "GET /_db_server-3-realbeto/pariuri_old/super_ligi.sql HTTP/1.1" 200 311326
51.89.167.1 - - [03/Jul/2025:01:26:04 +0300] "HEAD /_db_server-3-realbeto/maxbetcd/wpn2_commentmeta.sql HTTP/1.1" 200 -
57.129.16.41 - - [03/Jul/2025:01:26:05 +0300] "HEAD /_db_server-3-realbeto/pariuri_old/super_sports.sql HTTP/1.1" 200 -
57.129.16.41 - - [03/Jul/2025:01:26:05 +0300] "GET /_db_server-3-realbeto/performance_schema/ HTTP/1.1" 200 20208
57.129.16.41 - - [03/Jul/2025:01:26:05 +0300] "GET /_db_server-3-realbeto/pariuri_old/super_sports.sql HTTP/1.1" 200 5067
51.89.167.1 - - [03/Jul/2025:01:26:05 +0300] "GET /_db_server-3-realbeto/maxbetcd/wpn2_commentmeta.sql HTTP/1.1" 200 1666
57.129.16.41 - - [03/Jul/2025:01:26:05 +0300] "HEAD /_db_server-3-realbeto/performance_schema/accounts.sql HTTP/1.1" 200 -
57.129.16.41 - - [03/Jul/2025:01:26:05 +0300] "GET /_db_server-3-realbeto/performance_schema/accounts.sql HTTP/1.1" 200 1956
57.129.16.41 - - [03/Jul/2025:01:26:05 +0300] "HEAD /_db_server-3-realbeto/performance_schema/cond_instances.sql HTTP/1.1" 200 -
57.129.16.41 - - [03/Jul/2025:01:26:05 +0300] "GET /_db_server-3-realbeto/performance_schema/cond_instances.sql HTTP/1.1" 200 1712
51.89.167.1 - - [03/Jul/2025:01:26:05 +0300] "HEAD /_db_server-3-realbeto/maxbetcd/wpn2_comments.sql HTTP/1.1" 200 -
57.129.16.41 - - [03/Jul/2025:01:26:05 +0300] "HEAD /_db_server-3-realbeto/performance_schema/events_stages_current.sql HTTP/1.1" 200 -
51.89.167.1 - - [03/Jul/2025:01:26:05 +0300] "GET /_db_server-3-realbeto/maxbetcd/wpn2_comments.sql HTTP/1.1" 200 3214
57.129.16.41 - - [03/Jul/2025:01:26:05 +0300] "GET /_db_server-3-realbeto/performance_schema/events_stages_current.sql HTTP/1.1" 200 3351
51.89.167.1 - - [03/Jul/2025:01:26:05 +0300] "HEAD /_db_server-3-realbeto/maxbetcd/wpn2_links.sql HTTP/1.1" 200 -
57.129.16.41 - - [03/Jul/2025:01:26:05 +0300] "HEAD /_db_server-3-realbeto/performance_schema/events_stages_history.sql HTTP/1.1" 200 -
57.129.16.41 - - [03/Jul/2025:01:26:05 +0300] "GET /_db_server-3-realbeto/performance_schema/events_stages_history.sql HTTP/1.1" 200 3351
51.89.167.1 - - [03/Jul/2025:01:26:05 +0300] "GET /_db_server-3-realbeto/maxbetcd/wpn2_links.sql HTTP/1.1" 200 2079
57.129.16.41 - - [03/Jul/2025:01:26:06 +0300] "HEAD /_db_server-3-realbeto/performance_schema/events_stages_history_long.sql HTTP/1.1" 200 -
57.129.16.41 - - [03/Jul/2025:01:26:06 +0300] "GET /_db_server-3-realbeto/performance_schema/events_stages_history_long.sql HTTP/1.1" 200 3381
51.89.167.1 - - [03/Jul/2025:01:26:06 +0300] "HEAD /_db_server-3-realbeto/maxbetcd/wpn2_loginizer_logs.sql HTTP/1.1" 200 -
51.89.167.1 - - [03/Jul/2025:01:26:06 +0300] "GET /_db_server-3-realbeto/maxbetcd/wpn2_loginizer_logs.sql HTTP/1.1" 200 6960
57.129.16.41 - - [03/Jul/2025:01:26:06 +0300] "HEAD /_db_server-3-realbeto/performance_schema/events_stages_summary_by_account_by_event_name.sql HTTP/1.1" 200 -
57.129.16.41 - - [03/Jul/2025:01:26:06 +0300] "GET /_db_server-3-realbeto/performance_schema/events_stages_summary_by_account_by_event_name.sql HTTP/1.1" 200 2664
57.129.16.41 - - [03/Jul/2025:01:26:06 +0300] "HEAD /_db_server-3-realbeto/performance_schema/events_stages_summary_by_host_by_event_name.sql HTTP/1.1" 200 -
57.129.16.41 - - [03/Jul/2025:01:26:06 +0300] "GET /_db_server-3-realbeto/performance_schema/events_stages_summary_by_host_by_event_name.sql HTTP/1.1" 200 2476
51.89.167.1 - - [03/Jul/2025:01:26:06 +0300] "HEAD /_db_server-3-realbeto/maxbetcd/wpn2_options.sql HTTP/1.1" 200 -
51.89.167.1 - - [03/Jul/2025:01:26:06 +0300] "GET /_db_server-3-realbeto/maxbetcd/wpn2_options.sql HTTP/1.1" 200 140273
57.129.16.41 - - [03/Jul/2025:01:26:06 +0300] "HEAD /_db_server-3-realbeto/performance_schema/events_stages_summary_by_thread_by_event_name.sql HTTP/1.1" 200 -
57.129.16.41 - - [03/Jul/2025:01:26:06 +0300] "GET /_db_server-3-realbeto/performance_schema/events_stages_summary_by_thread_by_event_name.sql HTTP/1.1" 200 2493
57.129.16.41 - - [03/Jul/2025:01:26:06 +0300] "HEAD /_db_server-3-realbeto/performance_schema/events_stages_summary_by_user_by_event_name.sql HTTP/1.1" 200 -
57.129.16.41 - - [03/Jul/2025:01:26:06 +0300] "GET /_db_server-3-realbeto/performance_schema/events_stages_summary_by_user_by_event_name.sql HTTP/1.1" 200 2476
51.89.167.1 - - [03/Jul/2025:01:26:06 +0300] "HEAD /_db_server-3-realbeto/maxbetcd/wpn2_postmeta.sql HTTP/1.1" 200 -
51.89.167.1 - - [03/Jul/2025:01:26:07 +0300] "GET /_db_server-3-realbeto/maxbetcd/wpn2_postmeta.sql HTTP/1.1" 200 436599
57.129.16.41 - - [03/Jul/2025:01:26:07 +0300] "HEAD /_db_server-3-realbeto/performance_schema/events_stages_summary_global_by_event_name.sql HTTP/1.1" 200 -
57.129.16.41 - - [03/Jul/2025:01:26:07 +0300] "GET /_db_server-3-realbeto/performance_schema/events_stages_summary_global_by_event_name.sql HTTP/1.1" 200 2282
57.129.16.41 - - [03/Jul/2025:01:26:07 +0300] "HEAD /_db_server-3-realbeto/performance_schema/events_statements_current.sql HTTP/1.1" 200 -
57.129.16.41 - - [03/Jul/2025:01:26:07 +0300] "GET /_db_server-3-realbeto/performance_schema/events_statements_current.sql HTTP/1.1" 200 7172
57.129.16.41 - - [03/Jul/2025:01:26:07 +0300] "HEAD /_db_server-3-realbeto/performance_schema/events_statements_history.sql HTTP/1.1" 200 -
51.89.167.1 - - [03/Jul/2025:01:26:07 +0300] "HEAD /_db_server-3-realbeto/maxbetcd/wpn2_posts.sql HTTP/1.1" 200 -
57.129.16.41 - - [03/Jul/2025:01:26:07 +0300] "GET /_db_server-3-realbeto/performance_schema/events_statements_history.sql HTTP/1.1" 200 7172
51.89.167.1 - - [03/Jul/2025:01:26:07 +0300] "GET /_db_server-3-realbeto/maxbetcd/wpn2_posts.sql HTTP/1.1" 200 2880046
57.129.16.41 - - [03/Jul/2025:01:26:07 +0300] "HEAD /_db_server-3-realbeto/performance_schema/events_statements_history_long.sql HTTP/1.1" 200 -
57.129.16.41 - - [03/Jul/2025:01:26:07 +0300] "GET /_db_server-3-realbeto/performance_schema/events_statements_history_long.sql HTTP/1.1" 200 7202
57.129.16.41 - - [03/Jul/2025:01:26:07 +0300] "HEAD /_db_server-3-realbeto/performance_schema/events_statements_summary_by_account_by_event_name.sql HTTP/1.1" 200 -
57.129.16.41 - - [03/Jul/2025:01:26:07 +0300] "GET /_db_server-3-realbeto/performance_schema/events_statements_summary_by_account_by_event_name.sql HTTP/1.1" 200 5257
57.129.16.41 - - [03/Jul/2025:01:26:08 +0300] "HEAD /_db_server-3-realbeto/performance_schema/events_statements_summary_by_digest.sql HTTP/1.1" 200 -
57.129.16.41 - - [03/Jul/2025:01:26:08 +0300] "GET /_db_server-3-realbeto/performance_schema/events_statements_summary_by_digest.sql HTTP/1.1" 200 5310
57.129.16.41 - - [03/Jul/2025:01:26:08 +0300] "HEAD /_db_server-3-realbeto/performance_schema/events_statements_summary_by_host_by_event_name.sql HTTP/1.1" 200 -
57.129.16.41 - - [03/Jul/2025:01:26:08 +0300] "GET /_db_server-3-realbeto/performance_schema/events_statements_summary_by_host_by_event_name.sql HTTP/1.1" 200 5071
57.129.16.41 - - [03/Jul/2025:01:26:08 +0300] "HEAD /_db_server-3-realbeto/performance_schema/events_statements_summary_by_program.sql HTTP/1.1" 200 -
57.129.16.41 - - [03/Jul/2025:01:26:08 +0300] "GET /_db_server-3-realbeto/performance_schema/events_statements_summary_by_program.sql HTTP/1.1" 200 6323
57.129.16.41 - - [03/Jul/2025:01:26:08 +0300] "HEAD /_db_server-3-realbeto/performance_schema/events_statements_summary_by_thread_by_event_name.sql HTTP/1.1" 200 -
57.129.16.41 - - [03/Jul/2025:01:26:08 +0300] "GET /_db_server-3-realbeto/performance_schema/events_statements_summary_by_thread_by_event_name.sql HTTP/1.1" 200 5086
57.129.16.41 - - [03/Jul/2025:01:26:08 +0300] "HEAD /_db_server-3-realbeto/performance_schema/events_statements_summary_by_user_by_event_name.sql HTTP/1.1" 200 -
57.129.16.41 - - [03/Jul/2025:01:26:08 +0300] "GET /_db_server-3-realbeto/performance_schema/events_statements_summary_by_user_by_event_name.sql HTTP/1.1" 200 5069
57.129.16.41 - - [03/Jul/2025:01:26:09 +0300] "HEAD /_db_server-3-realbeto/performance_schema/events_statements_summary_global_by_event_name.sql HTTP/1.1" 200 -
57.129.16.41 - - [03/Jul/2025:01:26:09 +0300] "GET /_db_server-3-realbeto/performance_schema/events_statements_summary_global_by_event_name.sql HTTP/1.1" 200 4875
57.129.16.41 - - [03/Jul/2025:01:26:09 +0300] "HEAD /_db_server-3-realbeto/performance_schema/events_transactions_current.sql HTTP/1.1" 200 -
57.129.16.41 - - [03/Jul/2025:01:26:09 +0300] "GET /_db_server-3-realbeto/performance_schema/events_transactions_current.sql HTTP/1.1" 200 4799
57.129.16.41 - - [03/Jul/2025:01:26:09 +0300] "HEAD /_db_server-3-realbeto/performance_schema/events_transactions_history.sql HTTP/1.1" 200 -
57.129.16.41 - - [03/Jul/2025:01:26:09 +0300] "GET /_db_server-3-realbeto/performance_schema/events_transactions_history.sql HTTP/1.1" 200 4799
57.129.16.41 - - [03/Jul/2025:01:26:09 +0300] "HEAD /_db_server-3-realbeto/performance_schema/events_transactions_history_long.sql HTTP/1.1" 200 -
57.129.16.41 - - [03/Jul/2025:01:26:09 +0300] "GET /_db_server-3-realbeto/performance_schema/events_transactions_history_long.sql HTTP/1.1" 200 4829
57.129.16.41 - - [03/Jul/2025:01:26:09 +0300] "HEAD /_db_server-3-realbeto/performance_schema/events_transactions_summary_by_account_by_event_name.sql HTTP/1.1" 200 -
57.129.16.41 - - [03/Jul/2025:01:26:09 +0300] "GET /_db_server-3-realbeto/performance_schema/events_transactions_summary_by_account_by_event_name.sql HTTP/1.1" 200 4040
57.129.16.41 - - [03/Jul/2025:01:26:09 +0300] "HEAD /_db_server-3-realbeto/performance_schema/events_transactions_summary_by_host_by_event_name.sql HTTP/1.1" 200 -
57.129.16.41 - - [03/Jul/2025:01:26:10 +0300] "GET /_db_server-3-realbeto/performance_schema/events_transactions_summary_by_host_by_event_name.sql HTTP/1.1" 200 3900
51.89.167.1 - - [03/Jul/2025:01:26:10 +0300] "HEAD /_db_server-3-realbeto/maxbetcd/wpn2_registration_log.sql HTTP/1.1" 200 -
51.89.167.1 - - [03/Jul/2025:01:26:10 +0300] "GET /_db_server-3-realbeto/maxbetcd/wpn2_registration_log.sql HTTP/1.1" 200 1678
57.129.16.41 - - [03/Jul/2025:01:26:10 +0300] "HEAD /_db_server-3-realbeto/performance_schema/events_transactions_summary_by_thread_by_event_name.sql HTTP/1.1" 200 -
57.129.16.41 - - [03/Jul/2025:01:26:10 +0300] "GET /_db_server-3-realbeto/performance_schema/events_transactions_summary_by_thread_by_event_name.sql HTTP/1.1" 200 3884
51.89.167.1 - - [03/Jul/2025:01:26:10 +0300] "HEAD /_db_server-3-realbeto/maxbetcd/wpn2_signups.sql HTTP/1.1" 200 -
57.129.16.41 - - [03/Jul/2025:01:26:10 +0300] "HEAD /_db_server-3-realbeto/performance_schema/events_transactions_summary_by_user_by_event_name.sql HTTP/1.1" 200 -
51.89.167.1 - - [03/Jul/2025:01:26:10 +0300] "GET /_db_server-3-realbeto/maxbetcd/wpn2_signups.sql HTTP/1.1" 200 2460
57.129.16.41 - - [03/Jul/2025:01:26:10 +0300] "GET /_db_server-3-realbeto/performance_schema/events_transactions_summary_by_user_by_event_name.sql HTTP/1.1" 200 3900
51.89.167.1 - - [03/Jul/2025:01:26:10 +0300] "HEAD /_db_server-3-realbeto/maxbetcd/wpn2_site.sql HTTP/1.1" 200 -
57.129.16.41 - - [03/Jul/2025:01:26:10 +0300] "HEAD /_db_server-3-realbeto/performance_schema/events_transactions_summary_global_by_event_name.sql HTTP/1.1" 200 -
57.129.16.41 - - [03/Jul/2025:01:26:10 +0300] "GET /_db_server-3-realbeto/performance_schema/events_transactions_summary_global_by_event_name.sql HTTP/1.1" 200 3772
51.89.167.1 - - [03/Jul/2025:01:26:10 +0300] "GET /_db_server-3-realbeto/maxbetcd/wpn2_site.sql HTTP/1.1" 200 1643
57.129.16.41 - - [03/Jul/2025:01:26:10 +0300] "HEAD /_db_server-3-realbeto/performance_schema/events_waits_current.sql HTTP/1.1" 200 -
57.129.16.41 - - [03/Jul/2025:01:26:10 +0300] "GET /_db_server-3-realbeto/performance_schema/events_waits_current.sql HTTP/1.1" 200 4239
51.89.167.1 - - [03/Jul/2025:01:26:10 +0300] "HEAD /_db_server-3-realbeto/maxbetcd/wpn2_sitemeta.sql HTTP/1.1" 200 -
51.89.167.1 - - [03/Jul/2025:01:26:10 +0300] "GET /_db_server-3-realbeto/maxbetcd/wpn2_sitemeta.sql HTTP/1.1" 200 23193
57.129.16.41 - - [03/Jul/2025:01:26:10 +0300] "HEAD /_db_server-3-realbeto/performance_schema/events_waits_history.sql HTTP/1.1" 200 -
57.129.16.41 - - [03/Jul/2025:01:26:11 +0300] "GET /_db_server-3-realbeto/performance_schema/events_waits_history.sql HTTP/1.1" 200 4239
51.89.167.1 - - [03/Jul/2025:01:26:11 +0300] "HEAD /_db_server-3-realbeto/maxbetcd/wpn2_term_relationships.sql HTTP/1.1" 200 -
57.129.16.41 - - [03/Jul/2025:01:26:11 +0300] "HEAD /_db_server-3-realbeto/performance_schema/events_waits_history_long.sql HTTP/1.1" 200 -
51.89.167.1 - - [03/Jul/2025:01:26:11 +0300] "GET /_db_server-3-realbeto/maxbetcd/wpn2_term_relationships.sql HTTP/1.1" 200 2670
57.129.16.41 - - [03/Jul/2025:01:26:11 +0300] "GET /_db_server-3-realbeto/performance_schema/events_waits_history_long.sql HTTP/1.1" 200 4269
57.129.16.41 - - [03/Jul/2025:01:26:11 +0300] "HEAD /_db_server-3-realbeto/performance_schema/events_waits_summary_by_account_by_event_name.sql HTTP/1.1" 200 -
51.89.167.1 - - [03/Jul/2025:01:26:11 +0300] "HEAD /_db_server-3-realbeto/maxbetcd/wpn2_term_taxonomy.sql HTTP/1.1" 200 -
57.129.16.41 - - [03/Jul/2025:01:26:11 +0300] "GET /_db_server-3-realbeto/performance_schema/events_waits_summary_by_account_by_event_name.sql HTTP/1.1" 200 2648
51.89.167.1 - - [03/Jul/2025:01:26:11 +0300] "GET /_db_server-3-realbeto/maxbetcd/wpn2_term_taxonomy.sql HTTP/1.1" 200 2847
57.129.16.41 - - [03/Jul/2025:01:26:11 +0300] "HEAD /_db_server-3-realbeto/performance_schema/events_waits_summary_by_host_by_event_name.sql HTTP/1.1" 200 -
57.129.16.41 - - [03/Jul/2025:01:26:11 +0300] "GET /_db_server-3-realbeto/performance_schema/events_waits_summary_by_host_by_event_name.sql HTTP/1.1" 200 2469
51.89.167.1 - - [03/Jul/2025:01:26:11 +0300] "HEAD /_db_server-3-realbeto/maxbetcd/wpn2_termmeta.sql HTTP/1.1" 200 -
51.89.167.1 - - [03/Jul/2025:01:26:11 +0300] "GET /_db_server-3-realbeto/maxbetcd/wpn2_termmeta.sql HTTP/1.1" 200 1645
57.129.16.41 - - [03/Jul/2025:01:26:11 +0300] "HEAD /_db_server-3-realbeto/performance_schema/events_waits_summary_by_instance.sql HTTP/1.1" 200 -
57.129.16.41 - - [03/Jul/2025:01:26:11 +0300] "GET /_db_server-3-realbeto/performance_schema/events_waits_summary_by_instance.sql HTTP/1.1" 200 2476
51.89.167.1 - - [03/Jul/2025:01:26:11 +0300] "HEAD /_db_server-3-realbeto/maxbetcd/wpn2_terms.sql HTTP/1.1" 200 -
51.89.167.1 - - [03/Jul/2025:01:26:11 +0300] "GET /_db_server-3-realbeto/maxbetcd/wpn2_terms.sql HTTP/1.1" 200 2589
57.129.16.41 - - [03/Jul/2025:01:26:11 +0300] "HEAD /_db_server-3-realbeto/performance_schema/events_waits_summary_by_thread_by_event_name.sql HTTP/1.1" 200 -
57.129.16.41 - - [03/Jul/2025:01:26:11 +0300] "GET /_db_server-3-realbeto/performance_schema/events_waits_summary_by_thread_by_event_name.sql HTTP/1.1" 200 2477
51.89.167.1 - - [03/Jul/2025:01:26:12 +0300] "HEAD /_db_server-3-realbeto/maxbetcd/wpn2_usermeta.sql HTTP/1.1" 200 -
57.129.16.41 - - [03/Jul/2025:01:26:12 +0300] "HEAD /_db_server-3-realbeto/performance_schema/events_waits_summary_by_user_by_event_name.sql HTTP/1.1" 200 -
57.129.16.41 - - [03/Jul/2025:01:26:12 +0300] "GET /_db_server-3-realbeto/performance_schema/events_waits_summary_by_user_by_event_name.sql HTTP/1.1" 200 2460
51.89.167.1 - - [03/Jul/2025:01:26:12 +0300] "GET /_db_server-3-realbeto/maxbetcd/wpn2_usermeta.sql HTTP/1.1" 200 4391
57.129.16.41 - - [03/Jul/2025:01:26:12 +0300] "HEAD /_db_server-3-realbeto/performance_schema/events_waits_summary_global_by_event_name.sql HTTP/1.1" 200 -
51.89.167.1 - - [03/Jul/2025:01:26:12 +0300] "HEAD /_db_server-3-realbeto/maxbetcd/wpn2_users.sql HTTP/1.1" 200 -
57.129.16.41 - - [03/Jul/2025:01:26:12 +0300] "GET /_db_server-3-realbeto/performance_schema/events_waits_summary_global_by_event_name.sql HTTP/1.1" 200 2266
51.89.167.1 - - [03/Jul/2025:01:26:12 +0300] "GET /_db_server-3-realbeto/maxbetcd/wpn2_users.sql HTTP/1.1" 200 2609
57.129.16.41 - - [03/Jul/2025:01:26:12 +0300] "HEAD /_db_server-3-realbeto/performance_schema/file_instances.sql HTTP/1.1" 200 -
57.129.16.41 - - [03/Jul/2025:01:26:12 +0300] "GET /_db_server-3-realbeto/performance_schema/file_instances.sql HTTP/1.1" 200 1782
51.89.167.1 - - [03/Jul/2025:01:26:12 +0300] "HEAD /_db_server-3-realbeto/maxbetcd/wpn2_wpforms_logs.sql HTTP/1.1" 200 -
51.89.167.1 - - [03/Jul/2025:01:26:12 +0300] "GET /_db_server-3-realbeto/maxbetcd/wpn2_wpforms_logs.sql HTTP/1.1" 200 1691
57.129.16.41 - - [03/Jul/2025:01:26:12 +0300] "HEAD /_db_server-3-realbeto/performance_schema/file_summary_by_event_name.sql HTTP/1.1" 200 -
57.129.16.41 - - [03/Jul/2025:01:26:12 +0300] "GET /_db_server-3-realbeto/performance_schema/file_summary_by_event_name.sql HTTP/1.1" 200 4325
51.89.167.1 - - [03/Jul/2025:01:26:12 +0300] "HEAD /_db_server-3-realbeto/maxbetcd/wpn2_wpforms_payment_meta.sql HTTP/1.1" 200 -
57.129.16.41 - - [03/Jul/2025:01:26:12 +0300] "HEAD /_db_server-3-realbeto/performance_schema/file_summary_by_instance.sql HTTP/1.1" 200 -
57.129.16.41 - - [03/Jul/2025:01:26:12 +0300] "GET /_db_server-3-realbeto/performance_schema/file_summary_by_instance.sql HTTP/1.1" 200 4524
51.89.167.1 - - [03/Jul/2025:01:26:12 +0300] "GET /_db_server-3-realbeto/maxbetcd/wpn2_wpforms_payment_meta.sql HTTP/1.1" 200 1705
57.129.16.41 - - [03/Jul/2025:01:26:13 +0300] "HEAD /_db_server-3-realbeto/performance_schema/global_status.sql HTTP/1.1" 200 -
57.129.16.41 - - [03/Jul/2025:01:26:13 +0300] "GET /_db_server-3-realbeto/performance_schema/global_status.sql HTTP/1.1" 200 1655
51.89.167.1 - - [03/Jul/2025:01:26:13 +0300] "HEAD /_db_server-3-realbeto/maxbetcd/wpn2_wpforms_payments.sql HTTP/1.1" 200 -
57.129.16.41 - - [03/Jul/2025:01:26:13 +0300] "HEAD /_db_server-3-realbeto/performance_schema/host_cache.sql HTTP/1.1" 200 -
57.129.16.41 - - [03/Jul/2025:01:26:13 +0300] "GET /_db_server-3-realbeto/performance_schema/host_cache.sql HTTP/1.1" 200 5965
51.89.167.1 - - [03/Jul/2025:01:26:13 +0300] "GET /_db_server-3-realbeto/maxbetcd/wpn2_wpforms_payments.sql HTTP/1.1" 200 2694
57.129.16.41 - - [03/Jul/2025:01:26:13 +0300] "HEAD /_db_server-3-realbeto/performance_schema/hosts.sql HTTP/1.1" 200 -
57.129.16.41 - - [03/Jul/2025:01:26:13 +0300] "GET /_db_server-3-realbeto/performance_schema/hosts.sql HTTP/1.1" 200 1823
57.129.16.41 - - [03/Jul/2025:01:26:13 +0300] "HEAD /_db_server-3-realbeto/performance_schema/memory_summary_by_account_by_event_name.sql HTTP/1.1" 200 -
51.89.167.1 - - [03/Jul/2025:01:26:13 +0300] "HEAD /_db_server-3-realbeto/maxbetcd/wpn2_wpforms_tasks_meta.sql HTTP/1.1" 200 -
57.129.16.41 - - [03/Jul/2025:01:26:13 +0300] "GET /_db_server-3-realbeto/performance_schema/memory_summary_by_account_by_event_name.sql HTTP/1.1" 200 3034
51.89.167.1 - - [03/Jul/2025:01:26:13 +0300] "GET /_db_server-3-realbeto/mysql/ HTTP/1.1" 200 7653
51.89.167.1 - - [03/Jul/2025:01:26:13 +0300] "GET /_db_server-3-realbeto/maxbetcd/wpn2_wpforms_tasks_meta.sql HTTP/1.1" 200 1731
57.129.16.41 - - [03/Jul/2025:01:26:13 +0300] "HEAD /_db_server-3-realbeto/performance_schema/memory_summary_by_host_by_event_name.sql HTTP/1.1" 200 -
57.129.16.41 - - [03/Jul/2025:01:26:13 +0300] "GET /_db_server-3-realbeto/performance_schema/memory_summary_by_host_by_event_name.sql HTTP/1.1" 200 2902
57.129.16.41 - - [03/Jul/2025:01:26:14 +0300] "HEAD /_db_server-3-realbeto/performance_schema/memory_summary_by_thread_by_event_name.sql HTTP/1.1" 200 -
51.89.167.1 - - [03/Jul/2025:01:26:14 +0300] "HEAD /_db_server-3-realbeto/mysql/column_stats.sql HTTP/1.1" 200 -
57.129.16.41 - - [03/Jul/2025:01:26:14 +0300] "GET /_db_server-3-realbeto/performance_schema/memory_summary_by_thread_by_event_name.sql HTTP/1.1" 200 2866
51.89.167.1 - - [03/Jul/2025:01:26:14 +0300] "GET /_db_server-3-realbeto/mysql/column_stats.sql HTTP/1.1" 200 2043
57.129.16.41 - - [03/Jul/2025:01:26:14 +0300] "HEAD /_db_server-3-realbeto/performance_schema/memory_summary_by_user_by_event_name.sql HTTP/1.1" 200 -
57.129.16.41 - - [03/Jul/2025:01:26:14 +0300] "GET /_db_server-3-realbeto/performance_schema/memory_summary_by_user_by_event_name.sql HTTP/1.1" 200 2902
51.89.167.1 - - [03/Jul/2025:01:26:14 +0300] "HEAD /_db_server-3-realbeto/mysql/columns_priv.sql HTTP/1.1" 200 -
51.89.167.1 - - [03/Jul/2025:01:26:14 +0300] "GET /_db_server-3-realbeto/mysql/columns_priv.sql HTTP/1.1" 200 1986
57.129.16.41 - - [03/Jul/2025:01:26:14 +0300] "HEAD /_db_server-3-realbeto/performance_schema/memory_summary_global_by_event_name.sql HTTP/1.1" 200 -
57.129.16.41 - - [03/Jul/2025:01:26:14 +0300] "GET /_db_server-3-realbeto/performance_schema/memory_summary_global_by_event_name.sql HTTP/1.1" 200 2782
51.89.167.1 - - [03/Jul/2025:01:26:14 +0300] "HEAD /_db_server-3-realbeto/mysql/db.sql HTTP/1.1" 200 -
57.129.16.41 - - [03/Jul/2025:01:26:14 +0300] "HEAD /_db_server-3-realbeto/performance_schema/metadata_locks.sql HTTP/1.1" 200 -
51.89.167.1 - - [03/Jul/2025:01:26:14 +0300] "GET /_db_server-3-realbeto/mysql/db.sql HTTP/1.1" 200 7169
57.129.16.41 - - [03/Jul/2025:01:26:14 +0300] "GET /_db_server-3-realbeto/performance_schema/metadata_locks.sql HTTP/1.1" 200 3081
