51.89.167.1 - - [03/Jul/2025:01:26:14 +0300] "HEAD /_db_server-3-realbeto/mysql/event.sql HTTP/1.1" 200 -
57.129.16.41 - - [03/Jul/2025:01:26:14 +0300] "HEAD /_db_server-3-realbeto/performance_schema/mutex_instances.sql HTTP/1.1" 200 -
51.89.167.1 - - [03/Jul/2025:01:26:14 +0300] "GET /_db_server-3-realbeto/mysql/event.sql HTTP/1.1" 200 3698
57.129.16.41 - - [03/Jul/2025:01:26:14 +0300] "GET /_db_server-3-realbeto/performance_schema/mutex_instances.sql HTTP/1.1" 200 1839
57.129.16.41 - - [03/Jul/2025:01:26:15 +0300] "HEAD /_db_server-3-realbeto/performance_schema/objects_summary_global_by_type.sql HTTP/1.1" 200 -
51.89.167.1 - - [03/Jul/2025:01:26:15 +0300] "HEAD /_db_server-3-realbeto/mysql/func.sql HTTP/1.1" 200 -
57.129.16.41 - - [03/Jul/2025:01:26:15 +0300] "GET /_db_server-3-realbeto/performance_schema/objects_summary_global_by_type.sql HTTP/1.1" 200 2478
51.89.167.1 - - [03/Jul/2025:01:26:15 +0300] "GET /_db_server-3-realbeto/mysql/func.sql HTTP/1.1" 200 1685
57.129.16.41 - - [03/Jul/2025:01:26:15 +0300] "HEAD /_db_server-3-realbeto/performance_schema/performance_timers.sql HTTP/1.1" 200 -
51.89.167.1 - - [03/Jul/2025:01:26:15 +0300] "HEAD /_db_server-3-realbeto/mysql/general_log.sql HTTP/1.1" 200 -
57.129.16.41 - - [03/Jul/2025:01:26:15 +0300] "GET /_db_server-3-realbeto/performance_schema/performance_timers.sql HTTP/1.1" 200 2185
51.89.167.1 - - [03/Jul/2025:01:26:15 +0300] "GET /_db_server-3-realbeto/mysql/general_log.sql HTTP/1.1" 200 1745
57.129.16.41 - - [03/Jul/2025:01:26:15 +0300] "HEAD /_db_server-3-realbeto/performance_schema/prepared_statements_instances.sql HTTP/1.1" 200 -
57.129.16.41 - - [03/Jul/2025:01:26:15 +0300] "GET /_db_server-3-realbeto/performance_schema/prepared_statements_instances.sql HTTP/1.1" 200 6482
57.129.16.41 - - [03/Jul/2025:01:26:15 +0300] "HEAD /_db_server-3-realbeto/performance_schema/replication_applier_configuration.sql HTTP/1.1" 200 -
57.129.16.41 - - [03/Jul/2025:01:26:15 +0300] "GET /_db_server-3-realbeto/performance_schema/replication_applier_configuration.sql HTTP/1.1" 200 1793
51.89.167.1 - - [03/Jul/2025:01:26:15 +0300] "HEAD /_db_server-3-realbeto/mysql/global_priv.sql HTTP/1.1" 200 -
51.89.167.1 - - [03/Jul/2025:01:26:15 +0300] "GET /_db_server-3-realbeto/mysql/global_priv.sql HTTP/1.1" 200 3424
57.129.16.41 - - [03/Jul/2025:01:26:15 +0300] "HEAD /_db_server-3-realbeto/performance_schema/replication_applier_status.sql HTTP/1.1" 200 -
57.129.16.41 - - [03/Jul/2025:01:26:15 +0300] "GET /_db_server-3-realbeto/performance_schema/replication_applier_status.sql HTTP/1.1" 200 2133
57.129.16.41 - - [03/Jul/2025:01:26:16 +0300] "HEAD /_db_server-3-realbeto/performance_schema/replication_applier_status_by_coordinator.sql HTTP/1.1" 200 -
57.129.16.41 - - [03/Jul/2025:01:26:16 +0300] "GET /_db_server-3-realbeto/performance_schema/replication_applier_status_by_coordinator.sql HTTP/1.1" 200 2584
51.89.167.1 - - [03/Jul/2025:01:26:16 +0300] "HEAD /_db_server-3-realbeto/mysql/gtid_slave_pos.sql HTTP/1.1" 200 -
57.129.16.41 - - [03/Jul/2025:01:26:16 +0300] "HEAD /_db_server-3-realbeto/performance_schema/replication_applier_status_by_worker.sql HTTP/1.1" 200 -
57.129.16.41 - - [03/Jul/2025:01:26:16 +0300] "GET /_db_server-3-realbeto/performance_schema/replication_applier_status_by_worker.sql HTTP/1.1" 200 2764
51.89.167.1 - - [03/Jul/2025:01:26:16 +0300] "GET /_db_server-3-realbeto/mysql/gtid_slave_pos.sql HTTP/1.1" 200 1600
57.129.16.41 - - [03/Jul/2025:01:26:16 +0300] "HEAD /_db_server-3-realbeto/performance_schema/replication_connection_configuration.sql HTTP/1.1" 200 -
57.129.16.41 - - [03/Jul/2025:01:26:16 +0300] "GET /_db_server-3-realbeto/performance_schema/replication_connection_configuration.sql HTTP/1.1" 200 4053
51.89.167.1 - - [03/Jul/2025:01:26:16 +0300] "HEAD /_db_server-3-realbeto/mysql/help_category.sql HTTP/1.1" 200 -
51.89.167.1 - - [03/Jul/2025:01:26:16 +0300] "GET /_db_server-3-realbeto/mysql/help_category.sql HTTP/1.1" 200 3547
57.129.16.41 - - [03/Jul/2025:01:26:16 +0300] "HEAD /_db_server-3-realbeto/performance_schema/rwlock_instances.sql HTTP/1.1" 200 -
57.129.16.41 - - [03/Jul/2025:01:26:16 +0300] "GET /_db_server-3-realbeto/performance_schema/rwlock_instances.sql HTTP/1.1" 200 1958
51.89.167.1 - - [03/Jul/2025:01:26:16 +0300] "HEAD /_db_server-3-realbeto/mysql/help_keyword.sql HTTP/1.1" 200 -
57.129.16.41 - - [03/Jul/2025:01:26:16 +0300] "HEAD /_db_server-3-realbeto/performance_schema/session_account_connect_attrs.sql HTTP/1.1" 200 -
51.89.167.1 - - [03/Jul/2025:01:26:16 +0300] "GET /_db_server-3-realbeto/mysql/help_keyword.sql HTTP/1.1" 200 2438
57.129.16.41 - - [03/Jul/2025:01:26:16 +0300] "GET /_db_server-3-realbeto/performance_schema/session_account_connect_attrs.sql HTTP/1.1" 200 1900
57.129.16.41 - - [03/Jul/2025:01:26:16 +0300] "HEAD /_db_server-3-realbeto/performance_schema/session_connect_attrs.sql HTTP/1.1" 200 -
51.89.167.1 - - [03/Jul/2025:01:26:16 +0300] "HEAD /_db_server-3-realbeto/mysql/help_relation.sql HTTP/1.1" 200 -
57.129.16.41 - - [03/Jul/2025:01:26:16 +0300] "GET /_db_server-3-realbeto/performance_schema/session_connect_attrs.sql HTTP/1.1" 200 1852
51.89.167.1 - - [03/Jul/2025:01:26:17 +0300] "GET /_db_server-3-realbeto/mysql/help_relation.sql HTTP/1.1" 200 3161
57.129.16.41 - - [03/Jul/2025:01:26:17 +0300] "HEAD /_db_server-3-realbeto/performance_schema/session_status.sql HTTP/1.1" 200 -
57.129.16.41 - - [03/Jul/2025:01:26:17 +0300] "GET /_db_server-3-realbeto/performance_schema/session_status.sql HTTP/1.1" 200 1663
51.89.167.1 - - [03/Jul/2025:01:26:17 +0300] "HEAD /_db_server-3-realbeto/mysql/help_topic.sql HTTP/1.1" 200 -
51.89.167.1 - - [03/Jul/2025:01:26:17 +0300] "GET /_db_server-3-realbeto/mysql/help_topic.sql HTTP/1.1" 200 1415040
57.129.16.41 - - [03/Jul/2025:01:26:17 +0300] "HEAD /_db_server-3-realbeto/performance_schema/setup_actors.sql HTTP/1.1" 200 -
57.129.16.41 - - [03/Jul/2025:01:26:17 +0300] "GET /_db_server-3-realbeto/performance_schema/setup_actors.sql HTTP/1.1" 200 2182
57.129.16.41 - - [03/Jul/2025:01:26:17 +0300] "HEAD /_db_server-3-realbeto/performance_schema/setup_consumers.sql HTTP/1.1" 200 -
57.129.16.41 - - [03/Jul/2025:01:26:17 +0300] "GET /_db_server-3-realbeto/performance_schema/setup_consumers.sql HTTP/1.1" 200 1738
57.129.16.41 - - [03/Jul/2025:01:26:17 +0300] "HEAD /_db_server-3-realbeto/performance_schema/setup_instruments.sql HTTP/1.1" 200 -
57.129.16.41 - - [03/Jul/2025:01:26:17 +0300] "GET /_db_server-3-realbeto/performance_schema/setup_instruments.sql HTTP/1.1" 200 1962
57.129.16.41 - - [03/Jul/2025:01:26:17 +0300] "HEAD /_db_server-3-realbeto/performance_schema/setup_objects.sql HTTP/1.1" 200 -
57.129.16.41 - - [03/Jul/2025:01:26:17 +0300] "GET /_db_server-3-realbeto/performance_schema/setup_objects.sql HTTP/1.1" 200 2195
57.129.16.41 - - [03/Jul/2025:01:26:18 +0300] "HEAD /_db_server-3-realbeto/performance_schema/setup_timers.sql HTTP/1.1" 200 -
57.129.16.41 - - [03/Jul/2025:01:26:18 +0300] "GET /_db_server-3-realbeto/performance_schema/setup_timers.sql HTTP/1.1" 200 1711
57.129.16.41 - - [03/Jul/2025:01:26:18 +0300] "HEAD /_db_server-3-realbeto/performance_schema/socket_instances.sql HTTP/1.1" 200 -
57.129.16.41 - - [03/Jul/2025:01:26:18 +0300] "GET /_db_server-3-realbeto/performance_schema/socket_instances.sql HTTP/1.1" 200 2383
57.129.16.41 - - [03/Jul/2025:01:26:18 +0300] "HEAD /_db_server-3-realbeto/performance_schema/socket_summary_by_event_name.sql HTTP/1.1" 200 -
57.129.16.41 - - [03/Jul/2025:01:26:18 +0300] "GET /_db_server-3-realbeto/performance_schema/socket_summary_by_event_name.sql HTTP/1.1" 200 4266
51.89.167.1 - - [03/Jul/2025:01:26:18 +0300] "HEAD /_db_server-3-realbeto/mysql/index_stats.sql HTTP/1.1" 200 -
57.129.16.41 - - [03/Jul/2025:01:26:18 +0300] "HEAD /_db_server-3-realbeto/performance_schema/socket_summary_by_instance.sql HTTP/1.1" 200 -
51.89.167.1 - - [03/Jul/2025:01:26:18 +0300] "GET /_db_server-3-realbeto/mysql/index_stats.sql HTTP/1.1" 200 1756
57.129.16.41 - - [03/Jul/2025:01:26:18 +0300] "GET /_db_server-3-realbeto/performance_schema/socket_summary_by_instance.sql HTTP/1.1" 200 4340
57.129.16.41 - - [03/Jul/2025:01:26:18 +0300] "HEAD /_db_server-3-realbeto/performance_schema/status_by_account.sql HTTP/1.1" 200 -
51.89.167.1 - - [03/Jul/2025:01:26:18 +0300] "HEAD /_db_server-3-realbeto/mysql/innodb_index_stats.sql HTTP/1.1" 200 -
57.129.16.41 - - [03/Jul/2025:01:26:18 +0300] "GET /_db_server-3-realbeto/performance_schema/status_by_account.sql HTTP/1.1" 200 1934
51.89.167.1 - - [03/Jul/2025:01:26:18 +0300] "GET /_db_server-3-realbeto/mysql/innodb_index_stats.sql HTTP/1.1" 200 691247
57.129.16.41 - - [03/Jul/2025:01:26:18 +0300] "HEAD /_db_server-3-realbeto/performance_schema/status_by_host.sql HTTP/1.1" 200 -
57.129.16.41 - - [03/Jul/2025:01:26:19 +0300] "GET /_db_server-3-realbeto/performance_schema/status_by_host.sql HTTP/1.1" 200 1783
57.129.16.41 - - [03/Jul/2025:01:26:19 +0300] "HEAD /_db_server-3-realbeto/performance_schema/status_by_thread.sql HTTP/1.1" 200 -
57.129.16.41 - - [03/Jul/2025:01:26:19 +0300] "GET /_db_server-3-realbeto/performance_schema/status_by_thread.sql HTTP/1.1" 200 1795
57.129.16.41 - - [03/Jul/2025:01:26:19 +0300] "HEAD /_db_server-3-realbeto/performance_schema/status_by_user.sql HTTP/1.1" 200 -
57.129.16.41 - - [03/Jul/2025:01:26:19 +0300] "GET /_db_server-3-realbeto/performance_schema/status_by_user.sql HTTP/1.1" 200 1783
51.89.167.1 - - [03/Jul/2025:01:26:19 +0300] "HEAD /_db_server-3-realbeto/mysql/innodb_table_stats.sql HTTP/1.1" 200 -
51.89.167.1 - - [03/Jul/2025:01:26:19 +0300] "GET /_db_server-3-realbeto/mysql/innodb_table_stats.sql HTTP/1.1" 200 38083
57.129.16.41 - - [03/Jul/2025:01:26:19 +0300] "HEAD /_db_server-3-realbeto/performance_schema/table_handles.sql HTTP/1.1" 200 -
57.129.16.41 - - [03/Jul/2025:01:26:19 +0300] "GET /_db_server-3-realbeto/performance_schema/table_handles.sql HTTP/1.1" 200 2257
51.89.167.1 - - [03/Jul/2025:01:26:19 +0300] "HEAD /_db_server-3-realbeto/mysql/plugin.sql HTTP/1.1" 200 -
51.89.167.1 - - [03/Jul/2025:01:26:19 +0300] "GET /_db_server-3-realbeto/mysql/plugin.sql HTTP/1.1" 200 1563
51.89.167.1 - - [03/Jul/2025:01:26:19 +0300] "HEAD /_db_server-3-realbeto/mysql/proc.sql HTTP/1.1" 200 -
51.89.167.1 - - [03/Jul/2025:01:26:19 +0300] "GET /_db_server-3-realbeto/mysql/proc.sql HTTP/1.1" 200 3470
57.129.16.41 - - [03/Jul/2025:01:26:20 +0300] "HEAD /_db_server-3-realbeto/performance_schema/table_io_waits_summary_by_index_usage.sql HTTP/1.1" 200 -
57.129.16.41 - - [03/Jul/2025:01:26:20 +0300] "GET /_db_server-3-realbeto/performance_schema/table_io_waits_summary_by_index_usage.sql HTTP/1.1" 200 6116
51.89.167.1 - - [03/Jul/2025:01:26:20 +0300] "HEAD /_db_server-3-realbeto/mysql/procs_priv.sql HTTP/1.1" 200 -
57.129.16.41 - - [03/Jul/2025:01:26:20 +0300] "HEAD /_db_server-3-realbeto/performance_schema/table_io_waits_summary_by_table.sql HTTP/1.1" 200 -
51.89.167.1 - - [03/Jul/2025:01:26:20 +0300] "GET /_db_server-3-realbeto/mysql/procs_priv.sql HTTP/1.1" 200 2132
57.129.16.41 - - [03/Jul/2025:01:26:20 +0300] "GET /_db_server-3-realbeto/performance_schema/table_io_waits_summary_by_table.sql HTTP/1.1" 200 5956
51.89.167.1 - - [03/Jul/2025:01:26:20 +0300] "HEAD /_db_server-3-realbeto/mysql/proxies_priv.sql HTTP/1.1" 200 -
57.129.16.41 - - [03/Jul/2025:01:26:20 +0300] "HEAD /_db_server-3-realbeto/performance_schema/table_lock_waits_summary_by_table.sql HTTP/1.1" 200 -
51.89.167.1 - - [03/Jul/2025:01:26:20 +0300] "GET /_db_server-3-realbeto/mysql/proxies_priv.sql HTTP/1.1" 200 1942
57.129.16.41 - - [03/Jul/2025:01:26:20 +0300] "GET /_db_server-3-realbeto/performance_schema/table_lock_waits_summary_by_table.sql HTTP/1.1" 200 11321
57.129.16.41 - - [03/Jul/2025:01:26:20 +0300] "HEAD /_db_server-3-realbeto/performance_schema/threads.sql HTTP/1.1" 200 -
51.89.167.1 - - [03/Jul/2025:01:26:20 +0300] "HEAD /_db_server-3-realbeto/mysql/roles_mapping.sql HTTP/1.1" 200 -
57.129.16.41 - - [03/Jul/2025:01:26:20 +0300] "GET /_db_server-3-realbeto/performance_schema/threads.sql HTTP/1.1" 200 4394
51.89.167.1 - - [03/Jul/2025:01:26:20 +0300] "GET /_db_server-3-realbeto/mysql/roles_mapping.sql HTTP/1.1" 200 1756
57.129.16.41 - - [03/Jul/2025:01:26:20 +0300] "HEAD /_db_server-3-realbeto/performance_schema/user_variables_by_thread.sql HTTP/1.1" 200 -
57.129.16.41 - - [03/Jul/2025:01:26:20 +0300] "GET /_db_server-3-realbeto/performance_schema/user_variables_by_thread.sql HTTP/1.1" 200 1846
51.89.167.1 - - [03/Jul/2025:01:26:20 +0300] "HEAD /_db_server-3-realbeto/mysql/servers.sql HTTP/1.1" 200 -
51.89.167.1 - - [03/Jul/2025:01:26:20 +0300] "GET /_db_server-3-realbeto/mysql/servers.sql HTTP/1.1" 200 1881
57.129.16.41 - - [03/Jul/2025:01:26:20 +0300] "HEAD /_db_server-3-realbeto/performance_schema/users.sql HTTP/1.1" 200 -
57.129.16.41 - - [03/Jul/2025:01:26:21 +0300] "GET /_db_server-3-realbeto/prank/ HTTP/1.1" 200 3847
57.129.16.41 - - [03/Jul/2025:01:26:21 +0300] "GET /_db_server-3-realbeto/performance_schema/users.sql HTTP/1.1" 200 1779
51.89.167.1 - - [03/Jul/2025:01:26:21 +0300] "HEAD /_db_server-3-realbeto/mysql/slow_log.sql HTTP/1.1" 200 -
57.129.16.41 - - [03/Jul/2025:01:26:21 +0300] "HEAD /_db_server-3-realbeto/prank/accesari_pagini.sql HTTP/1.1" 200 -
51.89.167.1 - - [03/Jul/2025:01:26:21 +0300] "GET /_db_server-3-realbeto/mysql/slow_log.sql HTTP/1.1" 200 1960
57.129.16.41 - - [03/Jul/2025:01:26:21 +0300] "HEAD /_db_server-3-realbeto/prank/contact_form.sql HTTP/1.1" 200 -
57.129.16.41 - - [03/Jul/2025:01:26:21 +0300] "GET /_db_server-3-realbeto/prank/contact_form.sql HTTP/1.1" 200 4459
51.89.167.1 - - [03/Jul/2025:01:26:21 +0300] "HEAD /_db_server-3-realbeto/mysql/table_stats.sql HTTP/1.1" 200 -
51.89.167.1 - - [03/Jul/2025:01:26:21 +0300] "GET /_db_server-3-realbeto/mysql/table_stats.sql HTTP/1.1" 200 1648
57.129.16.41 - - [03/Jul/2025:01:26:21 +0300] "HEAD /_db_server-3-realbeto/prank/login.sql HTTP/1.1" 200 -
57.129.16.41 - - [03/Jul/2025:01:26:21 +0300] "GET /_db_server-3-realbeto/prank/login.sql HTTP/1.1" 200 1647
57.129.16.41 - - [03/Jul/2025:01:26:21 +0300] "HEAD /_db_server-3-realbeto/prank/meniu.sql HTTP/1.1" 200 -
57.129.16.41 - - [03/Jul/2025:01:26:21 +0300] "GET /_db_server-3-realbeto/prank/meniu.sql HTTP/1.1" 200 44983
51.89.167.1 - - [03/Jul/2025:01:26:21 +0300] "HEAD /_db_server-3-realbeto/mysql/tables_priv.sql HTTP/1.1" 200 -
51.89.167.1 - - [03/Jul/2025:01:26:22 +0300] "GET /_db_server-3-realbeto/mysql/tables_priv.sql HTTP/1.1" 200 2233
57.129.16.41 - - [03/Jul/2025:01:26:22 +0300] "HEAD /_db_server-3-realbeto/prank/meta.sql HTTP/1.1" 200 -
57.129.16.41 - - [03/Jul/2025:01:26:22 +0300] "GET /_db_server-3-realbeto/prank/meta.sql HTTP/1.1" 200 3501
51.89.167.1 - - [03/Jul/2025:01:26:22 +0300] "HEAD /_db_server-3-realbeto/mysql/time_zone.sql HTTP/1.1" 200 -
57.129.16.41 - - [03/Jul/2025:01:26:22 +0300] "HEAD /_db_server-3-realbeto/prank/noutati.sql HTTP/1.1" 200 -
51.89.167.1 - - [03/Jul/2025:01:26:22 +0300] "GET /_db_server-3-realbeto/mysql/time_zone.sql HTTP/1.1" 200 1619
57.129.16.41 - - [03/Jul/2025:01:26:22 +0300] "GET /_db_server-3-realbeto/prank/noutati.sql HTTP/1.1" 200 1639
51.89.167.1 - - [03/Jul/2025:01:26:22 +0300] "HEAD /_db_server-3-realbeto/mysql/time_zone_leap_second.sql HTTP/1.1" 200 -
57.129.16.41 - - [03/Jul/2025:01:26:22 +0300] "HEAD /_db_server-3-realbeto/prank/post_categ.sql HTTP/1.1" 200 -
51.89.167.1 - - [03/Jul/2025:01:26:22 +0300] "GET /_db_server-3-realbeto/mysql/time_zone_leap_second.sql HTTP/1.1" 200 1681
57.129.16.41 - - [03/Jul/2025:01:26:22 +0300] "GET /_db_server-3-realbeto/prank/post_categ.sql HTTP/1.1" 200 1813
57.129.16.41 - - [03/Jul/2025:01:26:22 +0300] "HEAD /_db_server-3-realbeto/prank/posts.sql HTTP/1.1" 200 -
51.89.167.1 - - [03/Jul/2025:01:26:22 +0300] "HEAD /_db_server-3-realbeto/mysql/time_zone_name.sql HTTP/1.1" 200 -
57.129.16.41 - - [03/Jul/2025:01:26:22 +0300] "GET /_db_server-3-realbeto/prank/posts.sql HTTP/1.1" 200 205286
51.89.167.1 - - [03/Jul/2025:01:26:22 +0300] "GET /_db_server-3-realbeto/mysql/time_zone_name.sql HTTP/1.1" 200 1602
57.129.16.41 - - [03/Jul/2025:01:26:22 +0300] "HEAD /_db_server-3-realbeto/prank/poze.sql HTTP/1.1" 200 -
57.129.16.41 - - [03/Jul/2025:01:26:22 +0300] "GET /_db_server-3-realbeto/prank/poze.sql HTTP/1.1" 200 15607
51.89.167.1 - - [03/Jul/2025:01:26:22 +0300] "HEAD /_db_server-3-realbeto/mysql/time_zone_transition.sql HTTP/1.1" 200 -
51.89.167.1 - - [03/Jul/2025:01:26:23 +0300] "GET /_db_server-3-realbeto/mysql/time_zone_transition.sql HTTP/1.1" 200 1734
57.129.16.41 - - [03/Jul/2025:01:26:23 +0300] "HEAD /_db_server-3-realbeto/prank/setari.sql HTTP/1.1" 200 -
57.129.16.41 - - [03/Jul/2025:01:26:23 +0300] "GET /_db_server-3-realbeto/prank/setari.sql HTTP/1.1" 200 1947
57.129.16.41 - - [03/Jul/2025:01:26:23 +0300] "HEAD /_db_server-3-realbeto/prank/statistici.sql HTTP/1.1" 200 -
51.89.167.1 - - [03/Jul/2025:01:26:23 +0300] "HEAD /_db_server-3-realbeto/mysql/time_zone_transition_type.sql HTTP/1.1" 200 -
57.129.16.41 - - [03/Jul/2025:01:26:23 +0300] "GET /_db_server-3-realbeto/prank/statistici.sql HTTP/1.1" 200 64548
51.89.167.1 - - [03/Jul/2025:01:26:23 +0300] "GET /_db_server-3-realbeto/mysql/time_zone_transition_type.sql HTTP/1.1" 200 1869
57.129.16.41 - - [03/Jul/2025:01:26:23 +0300] "HEAD /_db_server-3-realbeto/prank/tari.sql HTTP/1.1" 200 -
57.129.16.41 - - [03/Jul/2025:01:26:23 +0300] "GET /_db_server-3-realbeto/prank/tari.sql HTTP/1.1" 200 206324
51.89.167.1 - - [03/Jul/2025:01:26:23 +0300] "HEAD /_db_server-3-realbeto/mysql/transaction_registry.sql HTTP/1.1" 200 -
51.89.167.1 - - [03/Jul/2025:01:26:23 +0300] "GET /_db_server-3-realbeto/mysql/transaction_registry.sql HTTP/1.1" 200 1940
51.89.167.1 - - [03/Jul/2025:01:26:23 +0300] "HEAD /_db_server-3-realbeto/mysql/user.sql HTTP/1.1" 200 -
51.89.167.1 - - [03/Jul/2025:01:26:23 +0300] "GET /_db_server-3-realbeto/pariuri_old/ HTTP/1.1" 200 4722
51.89.167.1 - - [03/Jul/2025:01:26:24 +0300] "GET /_db_server-3-realbeto/mysql/user.sql HTTP/1.1" 200 4798
57.129.16.41 - - [03/Jul/2025:01:26:24 +0300] "HEAD /_db_server-3-realbeto/prank/traduceri.sql HTTP/1.1" 200 -
51.89.167.1 - - [03/Jul/2025:01:26:24 +0300] "HEAD /_db_server-3-realbeto/pariuri_old/corespondentaechipe.sql HTTP/1.1" 200 -
57.129.16.41 - - [03/Jul/2025:01:26:24 +0300] "GET /_db_server-3-realbeto/prank/traduceri.sql HTTP/1.1" 200 1482
57.129.16.41 - - [03/Jul/2025:01:26:24 +0300] "HEAD /_db_server-3-realbeto/prank/useri.sql HTTP/1.1" 200 -
57.129.16.41 - - [03/Jul/2025:01:26:24 +0300] "GET /_db_server-3-realbeto/prank_wp/ HTTP/1.1" 200 7913
51.89.167.1 - - [03/Jul/2025:01:26:24 +0300] "GET /_db_server-3-realbeto/pariuri_old/corespondentaechipe.sql HTTP/1.1" 200 1022389
57.129.16.41 - - [03/Jul/2025:01:26:24 +0300] "GET /_db_server-3-realbeto/prank/useri.sql HTTP/1.1" 200 253017
57.129.16.41 - - [03/Jul/2025:01:26:25 +0300] "HEAD /_db_server-3-realbeto/prank_wp/wp_actionscheduler_actions.sql HTTP/1.1" 200 -
51.89.167.1 - - [03/Jul/2025:01:26:25 +0300] "HEAD /_db_server-3-realbeto/pariuri_old/corespondentaechipe_detalii.sql HTTP/1.1" 200 -
57.129.16.41 - - [03/Jul/2025:01:26:25 +0300] "GET /_db_server-3-realbeto/prank_wp/wp_actionscheduler_actions.sql HTTP/1.1" 200 12971
51.89.167.1 - - [03/Jul/2025:01:26:25 +0300] "HEAD /_db_server-3-realbeto/pariuri_old/corespondentaechipe_detalii_14052025.sql HTTP/1.1" 200 -
57.129.16.41 - - [03/Jul/2025:01:26:25 +0300] "HEAD /_db_server-3-realbeto/prank_wp/wp_actionscheduler_claims.sql HTTP/1.1" 200 -
57.129.16.41 - - [03/Jul/2025:01:26:25 +0300] "GET /_db_server-3-realbeto/prank_wp/wp_actionscheduler_claims.sql HTTP/1.1" 200 1625
51.89.167.1 - - [03/Jul/2025:01:26:25 +0300] "HEAD /_db_server-3-realbeto/pariuri_old/corespondentaechipe_detalii_21052025.sql HTTP/1.1" 200 -
57.129.16.41 - - [03/Jul/2025:01:26:25 +0300] "HEAD /_db_server-3-realbeto/prank_wp/wp_actionscheduler_groups.sql HTTP/1.1" 200 -
57.129.16.41 - - [03/Jul/2025:01:26:25 +0300] "GET /_db_server-3-realbeto/prank_wp/wp_actionscheduler_groups.sql HTTP/1.1" 200 1718
57.129.16.41 - - [03/Jul/2025:01:26:25 +0300] "HEAD /_db_server-3-realbeto/prank_wp/wp_actionscheduler_logs.sql HTTP/1.1" 200 -
57.129.16.41 - - [03/Jul/2025:01:26:25 +0300] "GET /_db_server-3-realbeto/prank_wp/wp_actionscheduler_logs.sql HTTP/1.1" 200 8161
51.89.167.1 - - [03/Jul/2025:01:26:25 +0300] "HEAD /_db_server-3-realbeto/pariuri_old/corespondentaechipe_detalii_back27042025.sql HTTP/1.1" 200 -
57.129.16.41 - - [03/Jul/2025:01:26:25 +0300] "HEAD /_db_server-3-realbeto/prank_wp/wp_aioseo_blc_cache.sql HTTP/1.1" 200 -
57.129.16.41 - - [03/Jul/2025:01:26:25 +0300] "GET /_db_server-3-realbeto/prank_wp/wp_aioseo_blc_cache.sql HTTP/1.1" 200 5132
51.89.167.1 - - [03/Jul/2025:01:26:25 +0300] "HEAD /_db_server-3-realbeto/pariuri_old/corespondentaechipe_detalii_bonus.sql HTTP/1.1" 200 -
51.89.167.1 - - [03/Jul/2025:01:26:25 +0300] "GET /_db_server-3-realbeto/pariuri_old/corespondentaechipe_detalii_bonus.sql HTTP/1.1" 200 2108
57.129.16.41 - - [03/Jul/2025:01:26:26 +0300] "HEAD /_db_server-3-realbeto/prank_wp/wp_aioseo_blc_link_status.sql HTTP/1.1" 200 -
57.129.16.41 - - [03/Jul/2025:01:26:26 +0300] "GET /_db_server-3-realbeto/prank_wp/wp_aioseo_blc_link_status.sql HTTP/1.1" 200 3710
51.89.167.1 - - [03/Jul/2025:01:26:26 +0300] "HEAD /_db_server-3-realbeto/pariuri_old/cron_pariuri.sql HTTP/1.1" 200 -
57.129.16.41 - - [03/Jul/2025:01:26:26 +0300] "HEAD /_db_server-3-realbeto/prank_wp/wp_aioseo_blc_links.sql HTTP/1.1" 200 -
57.129.16.41 - - [03/Jul/2025:01:26:26 +0300] "GET /_db_server-3-realbeto/prank_wp/wp_aioseo_blc_links.sql HTTP/1.1" 200 6628
57.129.16.41 - - [03/Jul/2025:01:26:26 +0300] "HEAD /_db_server-3-realbeto/prank_wp/wp_aioseo_blc_notifications.sql HTTP/1.1" 200 -
51.89.167.1 - - [03/Jul/2025:01:26:26 +0300] "HEAD /_db_server-3-realbeto/pariuri_old/evolutiecote.sql HTTP/1.1" 200 -
57.129.16.41 - - [03/Jul/2025:01:26:26 +0300] "GET /_db_server-3-realbeto/prank_wp/wp_aioseo_blc_notifications.sql HTTP/1.1" 200 2387
51.89.167.1 - - [03/Jul/2025:01:26:26 +0300] "GET /_db_server-3-realbeto/pariuri_old/evolutiecote.sql HTTP/1.1" 200 1873
57.129.16.41 - - [03/Jul/2025:01:26:26 +0300] "HEAD /_db_server-3-realbeto/prank_wp/wp_aioseo_blc_posts.sql HTTP/1.1" 200 -
57.129.16.41 - - [03/Jul/2025:01:26:26 +0300] "GET /_db_server-3-realbeto/prank_wp/wp_aioseo_blc_posts.sql HTTP/1.1" 200 4057
51.89.167.1 - - [03/Jul/2025:01:26:26 +0300] "HEAD /_db_server-3-realbeto/pariuri_old/login.sql HTTP/1.1" 200 -
57.129.16.41 - - [03/Jul/2025:01:26:26 +0300] "HEAD /_db_server-3-realbeto/prank_wp/wp_aioseo_cache.sql HTTP/1.1" 200 -
57.129.16.41 - - [03/Jul/2025:01:26:26 +0300] "GET /_db_server-3-realbeto/prank_wp/wp_aioseo_cache.sql HTTP/1.1" 200 15447
51.89.167.1 - - [03/Jul/2025:01:26:26 +0300] "GET /_db_server-3-realbeto/pariuri_old/login.sql HTTP/1.1" 200 1686
57.129.16.41 - - [03/Jul/2025:01:26:27 +0300] "HEAD /_db_server-3-realbeto/prank_wp/wp_aioseo_crawl_cleanup_blocked_args.sql HTTP/1.1" 200 -
51.89.167.1 - - [03/Jul/2025:01:26:27 +0300] "HEAD /_db_server-3-realbeto/pariuri_old/realbet.sql HTTP/1.1" 200 -
57.129.16.41 - - [03/Jul/2025:01:26:27 +0300] "GET /_db_server-3-realbeto/prank_wp/wp_aioseo_crawl_cleanup_blocked_args.sql HTTP/1.1" 200 1931
51.89.167.1 - - [03/Jul/2025:01:26:27 +0300] "GET /_db_server-3-realbeto/pariuri_old/realbet.sql HTTP/1.1" 200 2205
57.129.16.41 - - [03/Jul/2025:01:26:27 +0300] "HEAD /_db_server-3-realbeto/prank_wp/wp_aioseo_crawl_cleanup_logs.sql HTTP/1.1" 200 -
57.129.16.41 - - [03/Jul/2025:01:26:27 +0300] "GET /_db_server-3-realbeto/prank_wp/wp_aioseo_crawl_cleanup_logs.sql HTTP/1.1" 200 1769
51.89.167.1 - - [03/Jul/2025:01:26:27 +0300] "HEAD /_db_server-3-realbeto/pariuri_old/realbet_asocieri.sql HTTP/1.1" 200 -
57.129.16.41 - - [03/Jul/2025:01:26:27 +0300] "HEAD /_db_server-3-realbeto/prank_wp/wp_aioseo_notifications.sql HTTP/1.1" 200 -
51.89.167.1 - - [03/Jul/2025:01:26:27 +0300] "GET /_db_server-3-realbeto/pariuri_old/realbet_asocieri.sql HTTP/1.1" 200 163201
57.129.16.41 - - [03/Jul/2025:01:26:27 +0300] "GET /_db_server-3-realbeto/prank_wp/wp_aioseo_notifications.sql HTTP/1.1" 200 15339
57.129.16.41 - - [03/Jul/2025:01:26:27 +0300] "HEAD /_db_server-3-realbeto/prank_wp/wp_aioseo_posts.sql HTTP/1.1" 200 -
57.129.16.41 - - [03/Jul/2025:01:26:27 +0300] "GET /_db_server-3-realbeto/prank_wp/wp_aioseo_posts.sql HTTP/1.1" 200 52148
57.129.16.41 - - [03/Jul/2025:01:26:27 +0300] "HEAD /_db_server-3-realbeto/prank_wp/wp_aioseo_writing_assistant_keywords.sql HTTP/1.1" 200 -
57.129.16.41 - - [03/Jul/2025:01:26:28 +0300] "GET /_db_server-3-realbeto/prank_wp/wp_aioseo_writing_assistant_keywords.sql HTTP/1.1" 200 2068
51.89.167.1 - - [03/Jul/2025:01:26:28 +0300] "HEAD /_db_server-3-realbeto/pariuri_old/realbet_campionate_asocieri.sql HTTP/1.1" 200 -
51.89.167.1 - - [03/Jul/2025:01:26:28 +0300] "GET /_db_server-3-realbeto/pariuri_old/realbet_campionate_asocieri.sql HTTP/1.1" 200 31340
57.129.16.41 - - [03/Jul/2025:01:26:28 +0300] "HEAD /_db_server-3-realbeto/prank_wp/wp_aioseo_writing_assistant_posts.sql HTTP/1.1" 200 -
57.129.16.41 - - [03/Jul/2025:01:26:28 +0300] "GET /_db_server-3-realbeto/prank_wp/wp_aioseo_writing_assistant_posts.sql HTTP/1.1" 200 1971
57.129.16.41 - - [03/Jul/2025:01:26:28 +0300] "HEAD /_db_server-3-realbeto/prank_wp/wp_commentmeta.sql HTTP/1.1" 200 -
51.89.167.1 - - [03/Jul/2025:01:26:28 +0300] "HEAD /_db_server-3-realbeto/pariuri_old/realbet_ligi.sql HTTP/1.1" 200 -
57.129.16.41 - - [03/Jul/2025:01:26:28 +0300] "GET /_db_server-3-realbeto/prank_wp/wp_commentmeta.sql HTTP/1.1" 200 1658
51.89.167.1 - - [03/Jul/2025:01:26:28 +0300] "GET /_db_server-3-realbeto/pariuri_old/realbet_ligi.sql HTTP/1.1" 200 96016
57.129.16.41 - - [03/Jul/2025:01:26:28 +0300] "HEAD /_db_server-3-realbeto/prank_wp/wp_comments.sql HTTP/1.1" 200 -
51.89.167.1 - - [03/Jul/2025:01:26:28 +0300] "HEAD /_db_server-3-realbeto/pariuri_old/realbet_sports.sql HTTP/1.1" 200 -
57.129.16.41 - - [03/Jul/2025:01:26:28 +0300] "GET /_db_server-3-realbeto/prank_wp/wp_comments.sql HTTP/1.1" 200 2510
51.89.167.1 - - [03/Jul/2025:01:26:28 +0300] "GET /_db_server-3-realbeto/pariuri_old/realbet_sports.sql HTTP/1.1" 200 2880
57.129.16.41 - - [03/Jul/2025:01:26:28 +0300] "HEAD /_db_server-3-realbeto/prank_wp/wp_links.sql HTTP/1.1" 200 -
57.129.16.41 - - [03/Jul/2025:01:26:28 +0300] "GET /_db_server-3-realbeto/prank_wp/wp_links.sql HTTP/1.1" 200 2071
51.89.167.1 - - [03/Jul/2025:01:26:28 +0300] "HEAD /_db_server-3-realbeto/pariuri_old/setari.sql HTTP/1.1" 200 -
51.89.167.1 - - [03/Jul/2025:01:26:28 +0300] "GET /_db_server-3-realbeto/pariuri_old/setari.sql HTTP/1.1" 200 1058296
57.129.16.41 - - [03/Jul/2025:01:26:28 +0300] "HEAD /_db_server-3-realbeto/prank_wp/wp_options.sql HTTP/1.1" 200 -
57.129.16.41 - - [03/Jul/2025:01:26:29 +0300] "GET /_db_server-3-realbeto/prank_wp/wp_options.sql HTTP/1.1" 200 322490
57.129.16.41 - - [03/Jul/2025:01:26:29 +0300] "HEAD /_db_server-3-realbeto/prank_wp/wp_postmeta.sql HTTP/1.1" 200 -
57.129.16.41 - - [03/Jul/2025:01:26:29 +0300] "GET /_db_server-3-realbeto/prank_wp/wp_postmeta.sql HTTP/1.1" 200 40675
57.129.16.41 - - [03/Jul/2025:01:26:29 +0300] "HEAD /_db_server-3-realbeto/prank_wp/wp_posts.sql HTTP/1.1" 200 -
51.89.167.1 - - [03/Jul/2025:01:26:29 +0300] "HEAD /_db_server-3-realbeto/pariuri_old/super_ligi.sql HTTP/1.1" 200 -
57.129.16.41 - - [03/Jul/2025:01:26:29 +0300] "GET /_db_server-3-realbeto/prank_wp/wp_posts.sql HTTP/1.1" 200 523665
51.89.167.1 - - [03/Jul/2025:01:26:29 +0300] "GET /_db_server-3-realbeto/pariuri_old/super_ligi.sql HTTP/1.1" 200 311326
51.89.167.1 - - [03/Jul/2025:01:26:30 +0300] "HEAD /_db_server-3-realbeto/pariuri_old/super_sports.sql HTTP/1.1" 200 -
51.89.167.1 - - [03/Jul/2025:01:26:30 +0300] "GET /_db_server-3-realbeto/performance_schema/ HTTP/1.1" 200 20206
51.89.167.1 - - [03/Jul/2025:01:26:30 +0300] "GET /_db_server-3-realbeto/pariuri_old/super_sports.sql HTTP/1.1" 200 5067
51.89.167.1 - - [03/Jul/2025:01:26:30 +0300] "HEAD /_db_server-3-realbeto/performance_schema/accounts.sql HTTP/1.1" 200 -
57.129.16.41 - - [03/Jul/2025:01:26:30 +0300] "HEAD /_db_server-3-realbeto/prank_wp/wp_tagembed_active_options.sql HTTP/1.1" 200 -
57.129.16.41 - - [03/Jul/2025:01:26:30 +0300] "GET /_db_server-3-realbeto/prank_wp/wp_tagembed_active_options.sql HTTP/1.1" 200 1547
51.89.167.1 - - [03/Jul/2025:01:26:30 +0300] "GET /_db_server-3-realbeto/performance_schema/accounts.sql HTTP/1.1" 200 1956
57.129.16.41 - - [03/Jul/2025:01:26:30 +0300] "HEAD /_db_server-3-realbeto/prank_wp/wp_tagembed_user.sql HTTP/1.1" 200 -
57.129.16.41 - - [03/Jul/2025:01:26:30 +0300] "GET /_db_server-3-realbeto/prank_wp/wp_tagembed_user.sql HTTP/1.1" 200 1611
51.89.167.1 - - [03/Jul/2025:01:26:30 +0300] "HEAD /_db_server-3-realbeto/performance_schema/cond_instances.sql HTTP/1.1" 200 -
51.89.167.1 - - [03/Jul/2025:01:26:30 +0300] "GET /_db_server-3-realbeto/performance_schema/cond_instances.sql HTTP/1.1" 200 1712
57.129.16.41 - - [03/Jul/2025:01:26:30 +0300] "HEAD /_db_server-3-realbeto/prank_wp/wp_term_relationships.sql HTTP/1.1" 200 -
57.129.16.41 - - [03/Jul/2025:01:26:30 +0300] "GET /_db_server-3-realbeto/prank_wp/wp_term_relationships.sql HTTP/1.1" 200 2549
51.89.167.1 - - [03/Jul/2025:01:26:30 +0300] "HEAD /_db_server-3-realbeto/performance_schema/events_stages_current.sql HTTP/1.1" 200 -
51.89.167.1 - - [03/Jul/2025:01:26:31 +0300] "GET /_db_server-3-realbeto/performance_schema/events_stages_current.sql HTTP/1.1" 200 3351
57.129.16.41 - - [03/Jul/2025:01:26:31 +0300] "HEAD /_db_server-3-realbeto/prank_wp/wp_term_taxonomy.sql HTTP/1.1" 200 -
57.129.16.41 - - [03/Jul/2025:01:26:31 +0300] "GET /_db_server-3-realbeto/prank_wp/wp_term_taxonomy.sql HTTP/1.1" 200 2493
57.129.16.41 - - [03/Jul/2025:01:26:31 +0300] "HEAD /_db_server-3-realbeto/prank_wp/wp_termmeta.sql HTTP/1.1" 200 -
51.89.167.1 - - [03/Jul/2025:01:26:31 +0300] "HEAD /_db_server-3-realbeto/performance_schema/events_stages_history.sql HTTP/1.1" 200 -
57.129.16.41 - - [03/Jul/2025:01:26:31 +0300] "GET /_db_server-3-realbeto/prank_wp/wp_termmeta.sql HTTP/1.1" 200 1637
51.89.167.1 - - [03/Jul/2025:01:26:31 +0300] "GET /_db_server-3-realbeto/performance_schema/events_stages_history.sql HTTP/1.1" 200 3351
57.129.16.41 - - [03/Jul/2025:01:26:31 +0300] "HEAD /_db_server-3-realbeto/prank_wp/wp_terms.sql HTTP/1.1" 200 -
57.129.16.41 - - [03/Jul/2025:01:26:31 +0300] "GET /_db_server-3-realbeto/prank_wp/wp_terms.sql HTTP/1.1" 200 2255
57.129.16.41 - - [03/Jul/2025:01:26:31 +0300] "HEAD /_db_server-3-realbeto/prank_wp/wp_usermeta.sql HTTP/1.1" 200 -
51.89.167.1 - - [03/Jul/2025:01:26:31 +0300] "HEAD /_db_server-3-realbeto/performance_schema/events_stages_history_long.sql HTTP/1.1" 200 -
57.129.16.41 - - [03/Jul/2025:01:26:31 +0300] "GET /_db_server-3-realbeto/prank_wp/wp_usermeta.sql HTTP/1.1" 200 14721
51.89.167.1 - - [03/Jul/2025:01:26:31 +0300] "GET /_db_server-3-realbeto/performance_schema/events_stages_history_long.sql HTTP/1.1" 200 3381
57.129.16.41 - - [03/Jul/2025:01:26:31 +0300] "HEAD /_db_server-3-realbeto/prank_wp/wp_users.sql HTTP/1.1" 200 -
57.129.16.41 - - [03/Jul/2025:01:26:31 +0300] "GET /_db_server-3-realbeto/prank_wp/wp_users.sql HTTP/1.1" 200 2370
51.89.167.1 - - [03/Jul/2025:01:26:31 +0300] "HEAD /_db_server-3-realbeto/performance_schema/events_stages_summary_by_account_by_event_name.sql HTTP/1.1" 200 -
57.129.16.41 - - [03/Jul/2025:01:26:32 +0300] "HEAD /_db_server-3-realbeto/prank_wp/wp_wprss_logs.sql HTTP/1.1" 200 -
51.89.167.1 - - [03/Jul/2025:01:26:32 +0300] "GET /_db_server-3-realbeto/performance_schema/events_stages_summary_by_account_by_event_name.sql HTTP/1.1" 200 2664
57.129.16.41 - - [03/Jul/2025:01:26:32 +0300] "GET /_db_server-3-realbeto/realbet/ HTTP/1.1" 200 3439
57.129.16.41 - - [03/Jul/2025:01:26:32 +0300] "GET /_db_server-3-realbeto/prank_wp/wp_wprss_logs.sql HTTP/1.1" 200 1765
51.89.167.1 - - [03/Jul/2025:01:26:32 +0300] "HEAD /_db_server-3-realbeto/performance_schema/events_stages_summary_by_host_by_event_name.sql HTTP/1.1" 200 -
57.129.16.41 - - [03/Jul/2025:01:26:32 +0300] "HEAD /_db_server-3-realbeto/realbet/admins.sql HTTP/1.1" 200 -
57.129.16.41 - - [03/Jul/2025:01:26:32 +0300] "GET /_db_server-3-realbeto/realbet/admins.sql HTTP/1.1" 200 2123
51.89.167.1 - - [03/Jul/2025:01:26:32 +0300] "GET /_db_server-3-realbeto/performance_schema/events_stages_summary_by_host_by_event_name.sql HTTP/1.1" 200 2476
57.129.16.41 - - [03/Jul/2025:01:26:32 +0300] "HEAD /_db_server-3-realbeto/realbet/agencies.sql HTTP/1.1" 200 -
57.129.16.41 - - [03/Jul/2025:01:26:32 +0300] "GET /_db_server-3-realbeto/realbet/agencies.sql HTTP/1.1" 200 1499
51.89.167.1 - - [03/Jul/2025:01:26:32 +0300] "HEAD /_db_server-3-realbeto/performance_schema/events_stages_summary_by_thread_by_event_name.sql HTTP/1.1" 200 -
51.89.167.1 - - [03/Jul/2025:01:26:32 +0300] "GET /_db_server-3-realbeto/performance_schema/events_stages_summary_by_thread_by_event_name.sql HTTP/1.1" 200 2493
57.129.16.41 - - [03/Jul/2025:01:26:32 +0300] "HEAD /_db_server-3-realbeto/realbet/banners.sql HTTP/1.1" 200 -
57.129.16.41 - - [03/Jul/2025:01:26:32 +0300] "GET /_db_server-3-realbeto/realbet/banners.sql HTTP/1.1" 200 2752
51.89.167.1 - - [03/Jul/2025:01:26:32 +0300] "HEAD /_db_server-3-realbeto/performance_schema/events_stages_summary_by_user_by_event_name.sql HTTP/1.1" 200 -
51.89.167.1 - - [03/Jul/2025:01:26:32 +0300] "GET /_db_server-3-realbeto/performance_schema/events_stages_summary_by_user_by_event_name.sql HTTP/1.1" 200 2476
57.129.16.41 - - [03/Jul/2025:01:26:32 +0300] "HEAD /_db_server-3-realbeto/realbet/migrations.sql HTTP/1.1" 200 -
57.129.16.41 - - [03/Jul/2025:01:26:32 +0300] "GET /_db_server-3-realbeto/realbet/migrations.sql HTTP/1.1" 200 1936
57.129.16.41 - - [03/Jul/2025:01:26:33 +0300] "HEAD /_db_server-3-realbeto/realbet/password_resets.sql HTTP/1.1" 200 -
57.129.16.41 - - [03/Jul/2025:01:26:33 +0300] "GET /_db_server-3-realbeto/realbet/password_resets.sql HTTP/1.1" 200 4708
51.89.167.1 - - [03/Jul/2025:01:26:33 +0300] "HEAD /_db_server-3-realbeto/performance_schema/events_stages_summary_global_by_event_name.sql HTTP/1.1" 200 -
51.89.167.1 - - [03/Jul/2025:01:26:33 +0300] "GET /_db_server-3-realbeto/performance_schema/events_stages_summary_global_by_event_name.sql HTTP/1.1" 200 2282
57.129.16.41 - - [03/Jul/2025:01:26:33 +0300] "HEAD /_db_server-3-realbeto/realbet/spins.sql HTTP/1.1" 200 -
57.129.16.41 - - [03/Jul/2025:01:26:33 +0300] "GET /_db_server-3-realbeto/realbet/spins.sql HTTP/1.1" 200 20661
57.129.16.41 - - [03/Jul/2025:01:26:33 +0300] "HEAD /_db_server-3-realbeto/realbet/spins_prize.sql HTTP/1.1" 200 -
51.89.167.1 - - [03/Jul/2025:01:26:33 +0300] "HEAD /_db_server-3-realbeto/performance_schema/events_statements_current.sql HTTP/1.1" 200 -
57.129.16.41 - - [03/Jul/2025:01:26:33 +0300] "GET /_db_server-3-realbeto/realbet/spins_prize.sql HTTP/1.1" 200 1790
51.89.167.1 - - [03/Jul/2025:01:26:33 +0300] "GET /_db_server-3-realbeto/performance_schema/events_statements_current.sql HTTP/1.1" 200 7172
57.129.16.41 - - [03/Jul/2025:01:26:33 +0300] "HEAD /_db_server-3-realbeto/realbet/ticket_events.sql HTTP/1.1" 200 -
51.89.167.1 - - [03/Jul/2025:01:26:33 +0300] "HEAD /_db_server-3-realbeto/performance_schema/events_statements_history.sql HTTP/1.1" 200 -
57.129.16.41 - - [03/Jul/2025:01:26:33 +0300] "GET /_db_server-3-realbeto/realbet/ticket_events.sql HTTP/1.1" 200 1554
51.89.167.1 - - [03/Jul/2025:01:26:33 +0300] "GET /_db_server-3-realbeto/performance_schema/events_statements_history.sql HTTP/1.1" 200 7172
57.129.16.41 - - [03/Jul/2025:01:26:33 +0300] "HEAD /_db_server-3-realbeto/realbet/tickets.sql HTTP/1.1" 200 -
57.129.16.41 - - [03/Jul/2025:01:26:33 +0300] "GET /_db_server-3-realbeto/realbet/tickets.sql HTTP/1.1" 200 1530
57.129.16.41 - - [03/Jul/2025:01:26:34 +0300] "HEAD /_db_server-3-realbeto/realbet/users.sql HTTP/1.1" 200 -
57.129.16.41 - - [03/Jul/2025:01:26:34 +0300] "GET /_db_server-3-realbeto/realbet/users.sql HTTP/1.1" 200 17751
51.89.167.1 - - [03/Jul/2025:01:26:34 +0300] "HEAD /_db_server-3-realbeto/performance_schema/events_statements_history_long.sql HTTP/1.1" 200 -
57.129.16.41 - - [03/Jul/2025:01:26:34 +0300] "HEAD /_db_server-3-realbeto/realbet/users2.sql HTTP/1.1" 200 -
51.89.167.1 - - [03/Jul/2025:01:26:34 +0300] "GET /_db_server-3-realbeto/performance_schema/events_statements_history_long.sql HTTP/1.1" 200 7202
57.129.16.41 - - [03/Jul/2025:01:26:34 +0300] "GET /_db_server-3-realbeto/realbet/users2.sql HTTP/1.1" 200 353389
51.89.167.1 - - [03/Jul/2025:01:26:34 +0300] "HEAD /_db_server-3-realbeto/performance_schema/events_statements_summary_by_account_by_event_name.sql HTTP/1.1" 200 -
51.89.167.1 - - [03/Jul/2025:01:26:34 +0300] "GET /_db_server-3-realbeto/performance_schema/events_statements_summary_by_account_by_event_name.sql HTTP/1.1" 200 5257
57.129.16.41 - - [03/Jul/2025:01:26:34 +0300] "HEAD /_db_server-3-realbeto/realbet/users2_login.sql HTTP/1.1" 200 -
57.129.16.41 - - [03/Jul/2025:01:26:34 +0300] "GET /_db_server-3-realbeto/realbet_blog/ HTTP/1.1" 200 9086
57.129.16.41 - - [03/Jul/2025:01:26:34 +0300] "GET /_db_server-3-realbeto/realbet/users2_login.sql HTTP/1.1" 200 650701
51.89.167.1 - - [03/Jul/2025:01:26:34 +0300] "HEAD /_db_server-3-realbeto/performance_schema/events_statements_summary_by_digest.sql HTTP/1.1" 200 -
51.89.167.1 - - [03/Jul/2025:01:26:34 +0300] "GET /_db_server-3-realbeto/performance_schema/events_statements_summary_by_digest.sql HTTP/1.1" 200 5310
57.129.16.41 - - [03/Jul/2025:01:26:35 +0300] "HEAD /_db_server-3-realbeto/realbet_blog/wp_actionscheduler_actions.sql HTTP/1.1" 200 -
57.129.16.41 - - [03/Jul/2025:01:26:35 +0300] "GET /_db_server-3-realbeto/realbet_blog/wp_actionscheduler_actions.sql HTTP/1.1" 200 77259
57.129.16.41 - - [03/Jul/2025:01:26:35 +0300] "HEAD /_db_server-3-realbeto/realbet_blog/wp_actionscheduler_claims.sql HTTP/1.1" 200 -
57.129.16.41 - - [03/Jul/2025:01:26:35 +0300] "GET /_db_server-3-realbeto/realbet_blog/wp_actionscheduler_claims.sql HTTP/1.1" 200 1635
57.129.16.41 - - [03/Jul/2025:01:26:35 +0300] "HEAD /_db_server-3-realbeto/realbet_blog/wp_actionscheduler_groups.sql HTTP/1.1" 200 -
57.129.16.41 - - [03/Jul/2025:01:26:35 +0300] "GET /_db_server-3-realbeto/realbet_blog/wp_actionscheduler_groups.sql HTTP/1.1" 200 1744
51.89.167.1 - - [03/Jul/2025:01:26:35 +0300] "HEAD /_db_server-3-realbeto/performance_schema/events_statements_summary_by_host_by_event_name.sql HTTP/1.1" 200 -
51.89.167.1 - - [03/Jul/2025:01:26:35 +0300] "GET /_db_server-3-realbeto/performance_schema/events_statements_summary_by_host_by_event_name.sql HTTP/1.1" 200 5071
57.129.16.41 - - [03/Jul/2025:01:26:35 +0300] "HEAD /_db_server-3-realbeto/realbet_blog/wp_actionscheduler_logs.sql HTTP/1.1" 200 -
57.129.16.41 - - [03/Jul/2025:01:26:35 +0300] "GET /_db_server-3-realbeto/realbet_blog/wp_actionscheduler_logs.sql HTTP/1.1" 200 50258
57.129.16.41 - - [03/Jul/2025:01:26:35 +0300] "HEAD /_db_server-3-realbeto/realbet_blog/wp_aioseo_blc_cache.sql HTTP/1.1" 200 -
57.129.16.41 - - [03/Jul/2025:01:26:36 +0300] "GET /_db_server-3-realbeto/realbet_blog/wp_aioseo_blc_cache.sql HTTP/1.1" 200 76557
51.89.167.1 - - [03/Jul/2025:01:26:36 +0300] "HEAD /_db_server-3-realbeto/performance_schema/events_statements_summary_by_program.sql HTTP/1.1" 200 -
57.129.16.41 - - [03/Jul/2025:01:26:36 +0300] "HEAD /_db_server-3-realbeto/realbet_blog/wp_aioseo_blc_link_status.sql HTTP/1.1" 200 -
51.89.167.1 - - [03/Jul/2025:01:26:36 +0300] "GET /_db_server-3-realbeto/performance_schema/events_statements_summary_by_program.sql HTTP/1.1" 200 6323
57.129.16.41 - - [03/Jul/2025:01:26:36 +0300] "GET /_db_server-3-realbeto/realbet_blog/wp_aioseo_blc_link_status.sql HTTP/1.1" 200 171999
57.129.16.41 - - [03/Jul/2025:01:26:36 +0300] "HEAD /_db_server-3-realbeto/realbet_blog/wp_aioseo_blc_links.sql HTTP/1.1" 200 -
57.129.16.41 - - [03/Jul/2025:01:26:36 +0300] "GET /_db_server-3-realbeto/realbet_blog/wp_aioseo_blc_links.sql HTTP/1.1" 200 687826
51.89.167.1 - - [03/Jul/2025:01:26:36 +0300] "HEAD /_db_server-3-realbeto/performance_schema/events_statements_summary_by_thread_by_event_name.sql HTTP/1.1" 200 -
51.89.167.1 - - [03/Jul/2025:01:26:36 +0300] "GET /_db_server-3-realbeto/performance_schema/events_statements_summary_by_thread_by_event_name.sql HTTP/1.1" 200 5086
57.129.16.41 - - [03/Jul/2025:01:26:36 +0300] "HEAD /_db_server-3-realbeto/realbet_blog/wp_aioseo_blc_notifications.sql HTTP/1.1" 200 -
57.129.16.41 - - [03/Jul/2025:01:26:36 +0300] "GET /_db_server-3-realbeto/realbet_blog/wp_aioseo_blc_notifications.sql HTTP/1.1" 200 2395
51.89.167.1 - - [03/Jul/2025:01:26:36 +0300] "HEAD /_db_server-3-realbeto/performance_schema/events_statements_summary_by_user_by_event_name.sql HTTP/1.1" 200 -
57.129.16.41 - - [03/Jul/2025:01:26:37 +0300] "HEAD /_db_server-3-realbeto/realbet_blog/wp_aioseo_blc_posts.sql HTTP/1.1" 200 -
57.129.16.41 - - [03/Jul/2025:01:26:37 +0300] "GET /_db_server-3-realbeto/realbet_blog/wp_aioseo_blc_posts.sql HTTP/1.1" 200 56167
51.89.167.1 - - [03/Jul/2025:01:26:37 +0300] "GET /_db_server-3-realbeto/performance_schema/events_statements_summary_by_user_by_event_name.sql HTTP/1.1" 200 5069
57.129.16.41 - - [03/Jul/2025:01:26:37 +0300] "HEAD /_db_server-3-realbeto/realbet_blog/wp_aioseo_cache.sql HTTP/1.1" 200 -
51.89.167.1 - - [03/Jul/2025:01:26:37 +0300] "HEAD /_db_server-3-realbeto/performance_schema/events_statements_summary_global_by_event_name.sql HTTP/1.1" 200 -
51.89.167.1 - - [03/Jul/2025:01:26:37 +0300] "GET /_db_server-3-realbeto/performance_schema/events_statements_summary_global_by_event_name.sql HTTP/1.1" 200 4875
57.129.16.41 - - [03/Jul/2025:01:26:37 +0300] "HEAD /_db_server-3-realbeto/realbet_blog/wp_aioseo_crawl_cleanup_blocked_args.sql HTTP/1.1" 200 -
57.129.16.41 - - [03/Jul/2025:01:26:37 +0300] "GET /_db_server-3-realbeto/realbet_blog/wp_aioseo_crawl_cleanup_blocked_args.sql HTTP/1.1" 200 1939
57.129.16.41 - - [03/Jul/2025:01:26:37 +0300] "HEAD /_db_server-3-realbeto/realbet_blog/wp_aioseo_crawl_cleanup_logs.sql HTTP/1.1" 200 -
51.89.167.1 - - [03/Jul/2025:01:26:37 +0300] "HEAD /_db_server-3-realbeto/performance_schema/events_transactions_current.sql HTTP/1.1" 200 -
51.89.167.1 - - [03/Jul/2025:01:26:37 +0300] "GET /_db_server-3-realbeto/performance_schema/events_transactions_current.sql HTTP/1.1" 200 4799
57.129.16.41 - - [03/Jul/2025:01:26:37 +0300] "GET /_db_server-3-realbeto/realbet_blog/wp_aioseo_crawl_cleanup_logs.sql HTTP/1.1" 200 1777
51.89.167.1 - - [03/Jul/2025:01:26:37 +0300] "HEAD /_db_server-3-realbeto/performance_schema/events_transactions_history.sql HTTP/1.1" 200 -
51.89.167.1 - - [03/Jul/2025:01:26:38 +0300] "GET /_db_server-3-realbeto/performance_schema/events_transactions_history.sql HTTP/1.1" 200 4799
57.129.16.41 - - [03/Jul/2025:01:26:38 +0300] "HEAD /_db_server-3-realbeto/realbet_blog/wp_aioseo_notifications.sql HTTP/1.1" 200 -
57.129.16.41 - - [03/Jul/2025:01:26:38 +0300] "GET /_db_server-3-realbeto/realbet_blog/wp_aioseo_notifications.sql HTTP/1.1" 200 15765
57.129.16.41 - - [03/Jul/2025:01:26:38 +0300] "HEAD /_db_server-3-realbeto/realbet_blog/wp_aioseo_posts.sql HTTP/1.1" 200 -
57.129.16.41 - - [03/Jul/2025:01:26:38 +0300] "HEAD /_db_server-3-realbeto/realbet_blog/wp_aioseo_writing_assistant_keywords.sql HTTP/1.1" 200 -
57.129.16.41 - - [03/Jul/2025:01:26:38 +0300] "GET /_db_server-3-realbeto/realbet_blog/wp_aioseo_writing_assistant_keywords.sql HTTP/1.1" 200 2076
51.89.167.1 - - [03/Jul/2025:01:26:38 +0300] "HEAD /_db_server-3-realbeto/performance_schema/events_transactions_history_long.sql HTTP/1.1" 200 -
51.89.167.1 - - [03/Jul/2025:01:26:38 +0300] "GET /_db_server-3-realbeto/performance_schema/events_transactions_history_long.sql HTTP/1.1" 200 4829
57.129.16.41 - - [03/Jul/2025:01:26:38 +0300] "HEAD /_db_server-3-realbeto/realbet_blog/wp_aioseo_writing_assistant_posts.sql HTTP/1.1" 200 -
57.129.16.41 - - [03/Jul/2025:01:26:38 +0300] "GET /_db_server-3-realbeto/realbet_blog/wp_aioseo_writing_assistant_posts.sql HTTP/1.1" 200 1979
51.89.167.1 - - [03/Jul/2025:01:26:38 +0300] "HEAD /_db_server-3-realbeto/performance_schema/events_transactions_summary_by_account_by_event_name.sql HTTP/1.1" 200 -
57.129.16.41 - - [03/Jul/2025:01:26:38 +0300] "HEAD /_db_server-3-realbeto/realbet_blog/wp_commentmeta.sql HTTP/1.1" 200 -
51.89.167.1 - - [03/Jul/2025:01:26:38 +0300] "GET /_db_server-3-realbeto/performance_schema/events_transactions_summary_by_account_by_event_name.sql HTTP/1.1" 200 4040
57.129.16.41 - - [03/Jul/2025:01:26:38 +0300] "GET /_db_server-3-realbeto/realbet_blog/wp_commentmeta.sql HTTP/1.1" 200 1666
51.89.167.1 - - [03/Jul/2025:01:26:39 +0300] "HEAD /_db_server-3-realbeto/performance_schema/events_transactions_summary_by_host_by_event_name.sql HTTP/1.1" 200 -
57.129.16.41 - - [03/Jul/2025:01:26:39 +0300] "HEAD /_db_server-3-realbeto/realbet_blog/wp_comments.sql HTTP/1.1" 200 -
57.129.16.41 - - [03/Jul/2025:01:26:39 +0300] "GET /_db_server-3-realbeto/realbet_blog/wp_comments.sql HTTP/1.1" 200 2518
51.89.167.1 - - [03/Jul/2025:01:26:39 +0300] "GET /_db_server-3-realbeto/performance_schema/events_transactions_summary_by_host_by_event_name.sql HTTP/1.1" 200 3900
57.129.16.41 - - [03/Jul/2025:01:26:39 +0300] "HEAD /_db_server-3-realbeto/realbet_blog/wp_duplicator_packages.sql HTTP/1.1" 200 -
57.129.16.41 - - [03/Jul/2025:01:26:39 +0300] "GET /_db_server-3-realbeto/realbet_blog/wp_duplicator_packages.sql HTTP/1.1" 200 1725
51.89.167.1 - - [03/Jul/2025:01:26:39 +0300] "HEAD /_db_server-3-realbeto/performance_schema/events_transactions_summary_by_thread_by_event_name.sql HTTP/1.1" 200 -
57.129.16.41 - - [03/Jul/2025:01:26:39 +0300] "HEAD /_db_server-3-realbeto/realbet_blog/wp_links.sql HTTP/1.1" 200 -
51.89.167.1 - - [03/Jul/2025:01:26:39 +0300] "GET /_db_server-3-realbeto/performance_schema/events_transactions_summary_by_thread_by_event_name.sql HTTP/1.1" 200 3884
57.129.16.41 - - [03/Jul/2025:01:26:39 +0300] "GET /_db_server-3-realbeto/realbet_blog/wp_links.sql HTTP/1.1" 200 2079
51.89.167.1 - - [03/Jul/2025:01:26:39 +0300] "HEAD /_db_server-3-realbeto/performance_schema/events_transactions_summary_by_user_by_event_name.sql HTTP/1.1" 200 -
57.129.16.41 - - [03/Jul/2025:01:26:39 +0300] "HEAD /_db_server-3-realbeto/realbet_blog/wp_options.sql HTTP/1.1" 200 -
57.129.16.41 - - [03/Jul/2025:01:26:39 +0300] "GET /_db_server-3-realbeto/realbet_blog/wp_options.sql HTTP/1.1" 200 3210693
51.89.167.1 - - [03/Jul/2025:01:26:39 +0300] "GET /_db_server-3-realbeto/performance_schema/events_transactions_summary_by_user_by_event_name.sql HTTP/1.1" 200 3900
51.89.167.1 - - [03/Jul/2025:01:26:40 +0300] "HEAD /_db_server-3-realbeto/performance_schema/events_transactions_summary_global_by_event_name.sql HTTP/1.1" 200 -
51.89.167.1 - - [03/Jul/2025:01:26:40 +0300] "GET /_db_server-3-realbeto/performance_schema/events_transactions_summary_global_by_event_name.sql HTTP/1.1" 200 3772
51.89.167.1 - - [03/Jul/2025:01:26:40 +0300] "HEAD /_db_server-3-realbeto/performance_schema/events_waits_current.sql HTTP/1.1" 200 -
51.89.167.1 - - [03/Jul/2025:01:26:40 +0300] "GET /_db_server-3-realbeto/performance_schema/events_waits_current.sql HTTP/1.1" 200 4239
51.89.167.1 - - [03/Jul/2025:01:26:40 +0300] "HEAD /_db_server-3-realbeto/performance_schema/events_waits_history.sql HTTP/1.1" 200 -
51.89.167.1 - - [03/Jul/2025:01:26:40 +0300] "GET /_db_server-3-realbeto/performance_schema/events_waits_history.sql HTTP/1.1" 200 4239
51.89.167.1 - - [03/Jul/2025:01:26:41 +0300] "HEAD /_db_server-3-realbeto/performance_schema/events_waits_history_long.sql HTTP/1.1" 200 -
51.89.167.1 - - [03/Jul/2025:01:26:41 +0300] "GET /_db_server-3-realbeto/performance_schema/events_waits_history_long.sql HTTP/1.1" 200 4269
51.89.167.1 - - [03/Jul/2025:01:26:41 +0300] "HEAD /_db_server-3-realbeto/performance_schema/events_waits_summary_by_account_by_event_name.sql HTTP/1.1" 200 -
51.89.167.1 - - [03/Jul/2025:01:26:41 +0300] "GET /_db_server-3-realbeto/performance_schema/events_waits_summary_by_account_by_event_name.sql HTTP/1.1" 200 2648
51.89.167.1 - - [03/Jul/2025:01:26:41 +0300] "HEAD /_db_server-3-realbeto/performance_schema/events_waits_summary_by_host_by_event_name.sql HTTP/1.1" 200 -
51.89.167.1 - - [03/Jul/2025:01:26:41 +0300] "GET /_db_server-3-realbeto/performance_schema/events_waits_summary_by_host_by_event_name.sql HTTP/1.1" 200 2469
57.129.16.41 - - [03/Jul/2025:01:26:41 +0300] "HEAD /_db_server-3-realbeto/realbet_blog/wp_postmeta.sql HTTP/1.1" 200 -
57.129.16.41 - - [03/Jul/2025:01:26:41 +0300] "HEAD /_db_server-3-realbeto/realbet_blog/wp_posts.sql HTTP/1.1" 200 -
51.89.167.1 - - [03/Jul/2025:01:26:42 +0300] "HEAD /_db_server-3-realbeto/performance_schema/events_waits_summary_by_instance.sql HTTP/1.1" 200 -
57.129.16.41 - - [03/Jul/2025:01:26:42 +0300] "HEAD /_db_server-3-realbeto/realbet_blog/wp_term_relationships.sql HTTP/1.1" 200 -
51.89.167.1 - - [03/Jul/2025:01:26:42 +0300] "GET /_db_server-3-realbeto/performance_schema/events_waits_summary_by_instance.sql HTTP/1.1" 200 2476
57.129.16.41 - - [03/Jul/2025:01:26:42 +0300] "GET /_db_server-3-realbeto/realbet_blog/wp_term_relationships.sql HTTP/1.1" 200 1458100
51.89.167.1 - - [03/Jul/2025:01:26:42 +0300] "HEAD /_db_server-3-realbeto/performance_schema/events_waits_summary_by_thread_by_event_name.sql HTTP/1.1" 200 -
51.89.167.1 - - [03/Jul/2025:01:26:42 +0300] "GET /_db_server-3-realbeto/performance_schema/events_waits_summary_by_thread_by_event_name.sql HTTP/1.1" 200 2477
51.89.167.1 - - [03/Jul/2025:01:26:42 +0300] "HEAD /_db_server-3-realbeto/performance_schema/events_waits_summary_by_user_by_event_name.sql HTTP/1.1" 200 -
51.89.167.1 - - [03/Jul/2025:01:26:42 +0300] "GET /_db_server-3-realbeto/performance_schema/events_waits_summary_by_user_by_event_name.sql HTTP/1.1" 200 2460
51.89.167.1 - - [03/Jul/2025:01:26:43 +0300] "HEAD /_db_server-3-realbeto/performance_schema/events_waits_summary_global_by_event_name.sql HTTP/1.1" 200 -
51.89.167.1 - - [03/Jul/2025:01:26:43 +0300] "GET /_db_server-3-realbeto/performance_schema/events_waits_summary_global_by_event_name.sql HTTP/1.1" 200 2266
